{"id":19,"date":"2015-04-07T20:34:25","date_gmt":"2015-04-07T18:34:09","guid":{"rendered":"http:\/\/kmim.wm.pwr.edu.pl\/biomat\/?page_id=19"},"modified":"2020-10-08T20:13:57","modified_gmt":"2020-10-08T18:13:57","slug":"o-nas","status":"publish","type":"page","link":"https:\/\/kmim.wm.pwr.edu.pl\/biomat\/o-nas\/","title":{"rendered":"O nas"},"content":{"rendered":"<p style=\"text-align: center\"><strong><i>SK\u0141AD ZESPO\u0141U<\/i><\/strong><\/p>\n<p><strong>Kierownik Zespo\u0142u<\/strong><br \/>\n<a href=\"http:\/\/kmim.wm.pwr.edu.pl\/detyna\/o-mnie\/\" target=\"_blank\" rel=\"noopener noreferrer\">dr hab. in\u017c. Jerzy Detyna, prof. PWr<\/a>&nbsp;<\/p>\n<ul>\n<li><a href=\"https:\/\/kmim.wm.pwr.edu.pl\/bacela\/\">mgr in\u017c. Justyna B\u0105cela<\/a><\/li>\n<li><a href=\"http:\/\/kmim.wm.pwr.edu.pl\/bajgrowicz\/\" target=\"_blank\" rel=\"noopener noreferrer\">dr in\u017c. Magdalena Cie\u015blak (Bajgrowicz<\/a>)<\/li>\n<li><a href=\"https:\/\/kmim.wm.pwr.edu.pl\/dziergowska\/\">mgr in\u017c. Katarzyna Dziergowska<\/a><\/li>\n<li><a href=\"https:\/\/kmim.wm.pwr.edu.pl\/jankowska\/\">mgr in\u017c. Agnieszka Jankowska<\/a><\/li>\n<li><a href=\"https:\/\/kmim.wm.pwr.edu.pl\/labowska\/\">mgr in\u017c. Magdalena \u0141abowska<\/a><\/li>\n<li style=\"text-align: left\"><a href=\"http:\/\/kmim.wm.pwr.edu.pl\/grabowska\/\" target=\"_blank\" rel=\"noopener noreferrer\">dr in\u017c. Katarzyna Niemczyk (Grabowska<\/a>)<\/li>\n<li><a href=\"http:\/\/kmim.wm.pwr.edu.pl\/berezowska\/\" target=\"_blank\" rel=\"noopener noreferrer\">dr in\u017c. Maja Rogala (Berezowska<\/a>)<\/li>\n<li style=\"text-align: left\"><a href=\"http:\/\/kmim.wm.pwr.edu.pl\/ziety\/\" target=\"_blank\" rel=\"noopener noreferrer\">dr in\u017c. Anna Zi\u0119ty<\/a><\/li>\n<\/ul>\n<p style=\"text-align: center\"><strong><em>TEMATYKA, KT\u00d3R\u0104 SI\u0118 ZAJMUJEMY<\/em><\/strong><\/p>\n<ul>\n<li style=\"text-align: left\">Metody matematyczne w bioin\u017cynierii oraz statystyczne w kontroli jako\u015bci<\/li>\n<li style=\"text-align: left\">W\u0142a\u015bciwo\u015bci mechaniczne, badania struktury&nbsp;tkanek mi\u0119kkich<\/li>\n<li>Biostymulacja i jej wp\u0142yw na wzrost, rozw\u00f3j oraz w\u0142a\u015bciwo\u015bci biomechaniczne wybranych ro\u015blin<\/li>\n<li style=\"text-align: left\">W\u0142a\u015bciwo\u015bci mechaniczne i fizykochemiczne soczewek kontaktowych<\/li>\n<li style=\"text-align: left\">W\u0142a\u015bciwo\u015bci mechaniczne oraz fizykochemiczne (tj. odporno\u015b\u0107 korozyjna) biomateria\u0142\u00f3w metalicznych<\/li>\n<li style=\"text-align: left\">W\u0142a\u015bciwo\u015bci biomechaniczne element\u00f3w ga\u0142ki ocznej oraz analiza sygna\u0142\u00f3w pulsu oka<\/li>\n<\/ul>\n","protected":false},"excerpt":{"rendered":"<p>SK\u0141AD ZESPO\u0141U Kierownik Zespo\u0142u dr hab. in\u017c. Jerzy Detyna, prof. PWr&nbsp; mgr in\u017c. Justyna B\u0105cela dr in\u017c. Magdalena Cie\u015blak (Bajgrowicz) mgr in\u017c. Katarzyna Dziergowska mgr in\u017c. Agnieszka Jankowska mgr in\u017c. Magdalena \u0141abowska dr in\u017c. Katarzyna Niemczyk (Grabowska) dr in\u017c. Maja Rogala (Berezowska) dr in\u017c. Anna Zi\u0119ty TEMATYKA, KT\u00d3R\u0104 SI\u0118 ZAJMUJEMY Metody matematyczne w bioin\u017cynierii oraz &hellip; <a href=\"https:\/\/kmim.wm.pwr.edu.pl\/biomat\/o-nas\/\" class=\"more-link\">Czytaj dalej <span class=\"screen-reader-text\">O nas<\/span> <span class=\"meta-nav\">&rarr;<\/span><\/a><\/p>\n","protected":false},"author":1,"featured_media":0,"parent":0,"menu_order":0,"comment_status":"closed","ping_status":"open","template":"","meta":{"ngg_post_thumbnail":0,"footnotes":""},"class_list":["post-19","page","type-page","status-publish","hentry"],"publishpress_future_action":{"enabled":false,"date":"2026-05-06 12:10:32","action":"change-status","newStatus":"draft","terms":[],"taxonomy":"language","extraData":[]},"publishpress_future_workflow_manual_trigger":{"enabledWorkflows":[]},"_links":{"self":[{"href":"https:\/\/kmim.wm.pwr.edu.pl\/biomat\/wp-json\/wp\/v2\/pages\/19","targetHints":{"allow":["GET"]}}],"collection":[{"href":"https:\/\/kmim.wm.pwr.edu.pl\/biomat\/wp-json\/wp\/v2\/pages"}],"about":[{"href":"https:\/\/kmim.wm.pwr.edu.pl\/biomat\/wp-json\/wp\/v2\/types\/page"}],"author":[{"embeddable":true,"href":"https:\/\/kmim.wm.pwr.edu.pl\/biomat\/wp-json\/wp\/v2\/users\/1"}],"replies":[{"embeddable":true,"href":"https:\/\/kmim.wm.pwr.edu.pl\/biomat\/wp-json\/wp\/v2\/comments?post=19"}],"version-history":[{"count":8,"href":"https:\/\/kmim.wm.pwr.edu.pl\/biomat\/wp-json\/wp\/v2\/pages\/19\/revisions"}],"predecessor-version":[{"id":74,"href":"https:\/\/kmim.wm.pwr.edu.pl\/biomat\/wp-json\/wp\/v2\/pages\/19\/revisions\/74"}],"wp:attachment":[{"href":"https:\/\/kmim.wm.pwr.edu.pl\/biomat\/wp-json\/wp\/v2\/media?parent=19"}],"curies":[{"name":"wp","href":"https:\/\/api.w.org\/{rel}","templated":true}]}}