{"id":5713,"date":"2023-02-24T15:12:48","date_gmt":"2023-02-24T14:12:48","guid":{"rendered":"https:\/\/kmim.wm.pwr.edu.pl\/dziuba\/?page_id=5713"},"modified":"2023-02-24T16:25:04","modified_gmt":"2023-02-24T15:25:04","slug":"zespol-badawczy-wytrzymalosci-zmeczenia-materialow-i-konstrukcji","status":"publish","type":"page","link":"https:\/\/kmim.wm.pwr.edu.pl\/dziuba\/o-mnie\/zespol-badawczy-wytrzymalosci-zmeczenia-materialow-i-konstrukcji\/","title":{"rendered":"Zesp\u00f3\u0142 Badawczy Wytrzyma\u0142o\u015bci, Zm\u0119czenia Materia\u0142\u00f3w i Konstrukcji"},"content":{"rendered":"<p><a href=\"https:\/\/kmim.wm.pwr.edu.pl\/fatigue\/\" rel=\"noopener\">Zesp\u00f3\u0142 Badawczy Wytrzyma\u0142o\u015bci, Zm\u0119czenia Materia\u0142\u00f3w i Konstrukcji<\/a><\/p>\n","protected":false},"excerpt":{"rendered":"<p>Zesp\u00f3\u0142 Badawczy Wytrzyma\u0142o\u015bci, Zm\u0119czenia Materia\u0142\u00f3w i Konstrukcji<\/p>\n","protected":false},"author":108,"featured_media":0,"parent":46,"menu_order":0,"comment_status":"closed","ping_status":"closed","template":"","meta":{"ngg_post_thumbnail":0,"footnotes":""},"class_list":["post-5713","page","type-page","status-publish","hentry"],"publishpress_future_action":{"enabled":false,"date":"2026-05-21 18:55:07","action":"change-status","newStatus":"draft","terms":[],"taxonomy":"language","extraData":[]},"publishpress_future_workflow_manual_trigger":{"enabledWorkflows":[]},"_links":{"self":[{"href":"https:\/\/kmim.wm.pwr.edu.pl\/dziuba\/wp-json\/wp\/v2\/pages\/5713","targetHints":{"allow":["GET"]}}],"collection":[{"href":"https:\/\/kmim.wm.pwr.edu.pl\/dziuba\/wp-json\/wp\/v2\/pages"}],"about":[{"href":"https:\/\/kmim.wm.pwr.edu.pl\/dziuba\/wp-json\/wp\/v2\/types\/page"}],"author":[{"embeddable":true,"href":"https:\/\/kmim.wm.pwr.edu.pl\/dziuba\/wp-json\/wp\/v2\/users\/108"}],"replies":[{"embeddable":true,"href":"https:\/\/kmim.wm.pwr.edu.pl\/dziuba\/wp-json\/wp\/v2\/comments?post=5713"}],"version-history":[{"count":3,"href":"https:\/\/kmim.wm.pwr.edu.pl\/dziuba\/wp-json\/wp\/v2\/pages\/5713\/revisions"}],"predecessor-version":[{"id":5746,"href":"https:\/\/kmim.wm.pwr.edu.pl\/dziuba\/wp-json\/wp\/v2\/pages\/5713\/revisions\/5746"}],"up":[{"embeddable":true,"href":"https:\/\/kmim.wm.pwr.edu.pl\/dziuba\/wp-json\/wp\/v2\/pages\/46"}],"wp:attachment":[{"href":"https:\/\/kmim.wm.pwr.edu.pl\/dziuba\/wp-json\/wp\/v2\/media?parent=5713"}],"curies":[{"name":"wp","href":"https:\/\/api.w.org\/{rel}","templated":true}]}}