{"id":126,"date":"2022-01-19T00:28:22","date_gmt":"2022-01-18T23:28:22","guid":{"rendered":"https:\/\/kmim.wm.pwr.edu.pl\/fatigue\/?page_id=126"},"modified":"2022-02-24T22:03:04","modified_gmt":"2022-02-24T21:03:04","slug":"dydaktyka","status":"publish","type":"page","link":"https:\/\/kmim.wm.pwr.edu.pl\/fatigue\/dydaktyka\/","title":{"rendered":"Dydaktyka"},"content":{"rendered":"<p>Pracownicy i doktoranci naszego zespo\u0142u realizuj\u0105 wiele kurs\u00f3w dla Wydzia\u0142u Mechanicznego jak i innych wydzia\u0142\u00f3w. W tej sekcji znajdziecie Pa\u0144stwo materia\u0142y dla kurs\u00f3w z ujednoliconymi zasobami. Pozosta\u0142e materia\u0142y znajduj\u0105&nbsp; si\u0119 na stronach domowych prowadz\u0105cych oraz w innych wskazanych przez nich miejscach.<\/p>\n<ol>\n<li style=\"list-style-type: none\">\n<ol>\n<li><a href=\"https:\/\/kmim.wm.pwr.edu.pl\/fatigue\/wytrzymalosc-materialow-laboratorium\/\">&nbsp;Wytrzyma\u0142o\u015b\u0107 Materia\u0142\u00f3w &#8211; Laboratorium<\/a><\/li>\n<\/ol>\n<\/li>\n<\/ol>\n","protected":false},"excerpt":{"rendered":"<p>Pracownicy i doktoranci naszego zespo\u0142u realizuj\u0105 wiele kurs\u00f3w dla Wydzia\u0142u Mechanicznego jak i innych wydzia\u0142\u00f3w. W tej sekcji znajdziecie Pa\u0144stwo materia\u0142y dla kurs\u00f3w z ujednoliconymi zasobami. Pozosta\u0142e materia\u0142y znajduj\u0105&nbsp; si\u0119 na stronach domowych prowadz\u0105cych oraz w innych wskazanych przez nich miejscach. &nbsp;Wytrzyma\u0142o\u015b\u0107 Materia\u0142\u00f3w &#8211; Laboratorium<\/p>\n","protected":false},"author":66,"featured_media":0,"parent":0,"menu_order":1,"comment_status":"closed","ping_status":"closed","template":"page-templates\/full-width.php","meta":{"ngg_post_thumbnail":0,"footnotes":""},"class_list":["post-126","page","type-page","status-publish","hentry"],"publishpress_future_action":{"enabled":false,"date":"2026-04-12 19:06:24","action":"change-status","newStatus":"draft","terms":[],"taxonomy":"language","extraData":[]},"publishpress_future_workflow_manual_trigger":{"enabledWorkflows":[]},"_links":{"self":[{"href":"https:\/\/kmim.wm.pwr.edu.pl\/fatigue\/wp-json\/wp\/v2\/pages\/126","targetHints":{"allow":["GET"]}}],"collection":[{"href":"https:\/\/kmim.wm.pwr.edu.pl\/fatigue\/wp-json\/wp\/v2\/pages"}],"about":[{"href":"https:\/\/kmim.wm.pwr.edu.pl\/fatigue\/wp-json\/wp\/v2\/types\/page"}],"author":[{"embeddable":true,"href":"https:\/\/kmim.wm.pwr.edu.pl\/fatigue\/wp-json\/wp\/v2\/users\/66"}],"replies":[{"embeddable":true,"href":"https:\/\/kmim.wm.pwr.edu.pl\/fatigue\/wp-json\/wp\/v2\/comments?post=126"}],"version-history":[{"count":3,"href":"https:\/\/kmim.wm.pwr.edu.pl\/fatigue\/wp-json\/wp\/v2\/pages\/126\/revisions"}],"predecessor-version":[{"id":176,"href":"https:\/\/kmim.wm.pwr.edu.pl\/fatigue\/wp-json\/wp\/v2\/pages\/126\/revisions\/176"}],"wp:attachment":[{"href":"https:\/\/kmim.wm.pwr.edu.pl\/fatigue\/wp-json\/wp\/v2\/media?parent=126"}],"curies":[{"name":"wp","href":"https:\/\/api.w.org\/{rel}","templated":true}]}}