{"id":1409,"date":"2003-12-30T18:35:21","date_gmt":"2003-12-30T17:35:21","guid":{"rendered":"http:\/\/kmim.wm.pwr.edu.pl\/immt\/instytut-materialoznawstwa-i-mechaniki-technicznej\/mozliwosci-badawcze-instytutu\/"},"modified":"2003-12-30T18:35:21","modified_gmt":"2003-12-30T17:35:21","slug":"mozliwosci-badawcze-instytutu","status":"publish","type":"page","link":"https:\/\/kmim.wm.pwr.edu.pl\/immt\/instytut-materialoznawstwa-i-mechaniki-technicznej\/mozliwosci-badawcze-instytutu\/","title":{"rendered":"Mo\u017cliwo\u015bci badawcze Instytutu"},"content":{"rendered":"<p>Instytut prowadzi prace naukowo-badawcze i ekspertyzy dla potrzeb przemys\u0142u w zakresie: materia\u0142oznawstwa, bada\u0144 strukturalnych, w\u0142a\u015bciwo\u015bci zm\u0119czeniowych oraz wytrzyma\u0142o\u015bci materia\u0142\u00f3w i konstrukcji, mechaniki maszyn i urz\u0105dze\u0144, teorii spr\u0119\u017cysto\u015bci i plastyczno\u015bci oraz reologii tworzyw polimerowych i kompozyt\u00f3w wzmocnionych.<\/p>\n<p>Zakres zainteresowa\u0144 naukowych pracownik\u00f3w oraz wyposa\u017cenie laboratoryjnie Instytutu jest przystosowane do analizy oraz diagnostyki awarii technicznych konstrukcji oraz element\u00f3w maszyn i urz\u0105dze\u0144 przemys\u0142owych. Posiadane wyposa\u017cenie umo\u017cliwia odtwarzanie atest\u00f3w materia\u0142owych opracowywanie nowych technologii wytwarzania materia\u0142\u00f3w a ponadto projektowanie, syntez\u0119 i aplikacje nowoczesnych, zaawansowanych materia\u0142\u00f3w funkcjonalnych produkowanych w oparciu o technologi\u0119 zol-\u017cel oraz projektowanie nowych materia\u0142\u00f3w polimerowych o specjalnych w\u0142a\u015bciwo\u015bciach u\u017cytkowych (dziedziny zastosowa\u0144: medycyna, elektronika, motoryzacja, budownictwo) oraz rozw\u00f3j technologii recyklingu tworzyw sztucznych.<\/p>\n<p>Instytut dysponuje r\u00f3\u017cnorodnym, nowoczesnym sprz\u0119tem badawczym, obliczeniowym i eksperymentalnym. Wyposa\u017cony jest w nowoczesne maszyny do bada\u0144 wytrzyma\u0142o\u015bciowych, dynamicznych, zm\u0119czeniowych i w\u0142asno\u015bci magnetycznych materia\u0142\u00f3w ferromagnetycznych oraz urz\u0105dzenia do bada\u0144 mikroskopowych i strukturalnych (mikroskopy \u015bwietlne i elektronowe, transmisyjne i skaningowe sprz\u0119\u017cone z mikroanalizatorami rentgenowskimi, laboratoryjny piec pr\u00f3\u017cniowy, dyfraktometry rentgenowskie do badania tekstury, analizy fazowej oraz napr\u0119\u017ce\u0144 wewn\u0119trznych) i wiele innych urz\u0105dze\u0144 najnowszej generacji.<\/p>\n<p>Od pocz\u0105tku istnienia Instytut \u015bwiadczy\u0142 us\u0142ugi na rzecz innych jednostek Uczelni oraz Gospodarki Narodowej tak w zakresie rutynowych bada\u0144 jak ekspertyz i opinii oraz prac o charakterze badawczym.<\/p>\n<p>2 czerwca 2004 Dyrektor Instytutu po zasi\u0119gni\u0119ciu opinii Rady Naukowej Instytutu powo\u0142a\u0142 <span style=\"font-weight: bold;\">Laboratorium Badawcze Materia\u0142\u00f3w Konstrukcyjnych<\/span>. Laboratorium korzysta ze sprz\u0119tu i kadr Instytutu, bez zmiany wewn\u0119trznej struktury w zakresie istniej\u0105cych Laboratori\u00f3w.<\/p>\n<p>Laboratorium jest w ostatnim etapie wdra\u017cania systemu jako\u015bci zgodnie z norm\u0105 PN\/EN ISO IEC 17025:2001 i zostanie zg\u0142oszone do akredytacji przez PCA w\u0142\u0105czaj\u0105c si\u0119 do istniej\u0105cej na Politechnice Wroc\u0142awskiej <a href=\"http:\/\/www.nauka.pwr.wroc.pl\/dib\/akredytowane.php\" target=\"_blank\">sieci laboratori\u00f3w akredytowanych<\/a>.<\/p>\n<p>W uzyskaniu akredytacji wspomagani byli\u015bmy przez program Unii Europejskiej Phare &quot;Certyfikacja i Normy. Faza III&quot;. Korzystali\u015bmy z pomocy ekspert\u00f3w francuskiego konsorcjum AFNOR.<\/p>\n","protected":false},"excerpt":{"rendered":"<p>Instytut prowadzi prace naukowo-badawcze i ekspertyzy dla potrzeb przemys\u0142u w zakresie: materia\u0142oznawstwa, bada\u0144 strukturalnych, w\u0142a\u015bciwo\u015bci zm\u0119czeniowych oraz wytrzyma\u0142o\u015bci materia\u0142\u00f3w i konstrukcji, mechaniki maszyn i urz\u0105dze\u0144, teorii spr\u0119\u017cysto\u015bci i plastyczno\u015bci oraz reologii tworzyw polimerowych i kompozyt\u00f3w wzmocnionych. Zakres zainteresowa\u0144 naukowych pracownik\u00f3w oraz wyposa\u017cenie laboratoryjnie Instytutu jest przystosowane do analizy oraz diagnostyki awarii technicznych konstrukcji oraz element\u00f3w &hellip; <a href=\"https:\/\/kmim.wm.pwr.edu.pl\/immt\/instytut-materialoznawstwa-i-mechaniki-technicznej\/mozliwosci-badawcze-instytutu\/\" class=\"more-link\">Czytaj dalej <span class=\"screen-reader-text\">Mo\u017cliwo\u015bci badawcze Instytutu<\/span> <span class=\"meta-nav\">&rarr;<\/span><\/a><\/p>\n","protected":false},"author":1,"featured_media":0,"parent":10,"menu_order":0,"comment_status":"closed","ping_status":"open","template":"","meta":{"ngg_post_thumbnail":0,"footnotes":""},"class_list":["post-1409","page","type-page","status-publish","hentry"],"publishpress_future_action":{"enabled":false,"date":"2026-04-25 06:33:09","action":"change-status","newStatus":"draft","terms":[],"taxonomy":"language","extraData":[]},"publishpress_future_workflow_manual_trigger":{"enabledWorkflows":[]},"_links":{"self":[{"href":"https:\/\/kmim.wm.pwr.edu.pl\/immt\/wp-json\/wp\/v2\/pages\/1409","targetHints":{"allow":["GET"]}}],"collection":[{"href":"https:\/\/kmim.wm.pwr.edu.pl\/immt\/wp-json\/wp\/v2\/pages"}],"about":[{"href":"https:\/\/kmim.wm.pwr.edu.pl\/immt\/wp-json\/wp\/v2\/types\/page"}],"author":[{"embeddable":true,"href":"https:\/\/kmim.wm.pwr.edu.pl\/immt\/wp-json\/wp\/v2\/users\/1"}],"replies":[{"embeddable":true,"href":"https:\/\/kmim.wm.pwr.edu.pl\/immt\/wp-json\/wp\/v2\/comments?post=1409"}],"version-history":[{"count":0,"href":"https:\/\/kmim.wm.pwr.edu.pl\/immt\/wp-json\/wp\/v2\/pages\/1409\/revisions"}],"up":[{"embeddable":true,"href":"https:\/\/kmim.wm.pwr.edu.pl\/immt\/wp-json\/wp\/v2\/pages\/10"}],"wp:attachment":[{"href":"https:\/\/kmim.wm.pwr.edu.pl\/immt\/wp-json\/wp\/v2\/media?parent=1409"}],"curies":[{"name":"wp","href":"https:\/\/api.w.org\/{rel}","templated":true}]}}