{"id":1421,"date":"2004-08-11T17:45:51","date_gmt":"2004-08-11T15:45:51","guid":{"rendered":"http:\/\/kmim.wm.pwr.edu.pl\/immt\/instytut-materialoznawstwa-i-mechaniki-technicznej\/badania-naukowe\/kadra\/"},"modified":"2004-08-11T17:45:51","modified_gmt":"2004-08-11T15:45:51","slug":"kadra","status":"publish","type":"page","link":"https:\/\/kmim.wm.pwr.edu.pl\/immt\/instytut-materialoznawstwa-i-mechaniki-technicznej\/badania-naukowe\/kadra\/","title":{"rendered":"Kadra"},"content":{"rendered":"<p>Uprawiane dyscypliny naukowe: in\u017cynieria materia\u0142owa, mechanika.<\/p>\n<p>G\u0142\u00f3wne kierunki dzia\u0142alno\u015bci naukowo-badawczej: mechanika o\u015brodk\u00f3w ci\u0105g\u0142ych i dyskretnych; teoria spr\u0119\u017cysto\u015bci i plastyczno\u015bci; wytrzyma\u0142o\u015b\u0107 materia\u0142\u00f3w i konstrukcji; materia\u0142oznawstwo; reologia.<\/p>\n<p>Instytut posiada uprawnienia do nadawania stopni naukowych doktora nauk technicznych w zakresie  mechaniki.<\/p>\n<p>Profesorowie i doktorzy habilitowani:<\/p>\n<ul>\n<li><a href=\"\/user\/dudzinski\">W\u0142odzimierz Dudzi\u0144ski<\/a> (materia\u0142oznawstwo),<\/li>\n<li><a href=\"\/user\/iwankiewicz\">Rados\u0142aw Iwankiewicz<\/a> (mechanika),<\/li>\n<li><a href=\"\/user\/kaleta\">Jerzy Kaleta<\/a> (mechanika),<\/li>\n<li><a href=\"\/user\/kasprzak\">Wac\u0142aw Kasprzak<\/a> (mechanika),<\/li>\n<li><a href=\"\/user\/kulisiewicz\">Maciej Kulisiewicz<\/a> (mechanika),<\/li>\n<li><a href=\"\/user\/maruszewski\">Krzysztof Maruszewski<\/a> (materia\u0142oznawstwo),<\/li>\n<li><a href=\"\/user\/piesiak\">Stanis\u0142aw Piesiak<\/a> (mechanika),<\/li>\n<li><a href=\"\/user\/rybaczuk\">Marek Rybaczuk<\/a> (mechanika),<\/li>\n<li><a href=\"\/user\/szata\">Mieczys\u0142aw Szata<\/a> (mechanika),<\/li>\n<\/ul>\n<p>Profesorowie emerytowani:<\/p>\n<ul>\n<li>Marian Nowak (mechanika)<\/li>\n<\/ul>\n<p>Pracownicy ze stopniem doktora:<\/p>\n<ul>\n<li><a href=\"\/user\/blazejewski\">Wojciech B\u0142a\u017cejewski<\/a><a>,<\/a><\/li>\n<li><a href=\"\/user\/bocian\">Miros\u0142aw Bocian<\/a><a>,<\/a><\/li>\n<li><a href=\"\/user\/frydman\">Stanis\u0142aw Frydman<\/a>,<\/li>\n<li><a href=\"\/user\/grzegorzewicz\">Tadeusz Grzegorzewicz<\/a>,<\/li>\n<li><a href=\"\/user\/hejna\">Jan Hejna<\/a>,<\/li>\n<li><a href=\"\/user\/kozlowska\">Anna Koz\u0142owska<\/a>,<\/li>\n<li><a href=\"\/user\/krajczyk\">Adam Krajczyk<\/a>,<\/li>\n<li><a href=\"\/user\/kuznicka\">Bogumi\u0142a Ku\u017anicka<\/a>,<\/li>\n<li><a href=\"\/user\/myszka\">Wojciech Myszka<\/a>,<\/li>\n<li><a href=\"\/user\/pekalska\">Lidia P\u0119kalska<\/a>,<\/li>\n<li><a href=\"\/user\/pekalski\">Grzegorz P\u0119kalski<\/a>,<\/li>\n<li><a href=\"\/user\/widanka\">Krzysztof Widanka<\/a>,<\/li>\n<li><a href=\"\/user\/zietek\">Gra\u017cyna Zi\u0119tek<\/a>,<\/li>\n<li><a href=\"\/user\/ziolkowski\">Bogumi\u0142 Zi\u00f3\u0142kowski<\/a><\/li>\n<\/ul>\n","protected":false},"excerpt":{"rendered":"<p>Uprawiane dyscypliny naukowe: in\u017cynieria materia\u0142owa, mechanika. G\u0142\u00f3wne kierunki dzia\u0142alno\u015bci naukowo-badawczej: mechanika o\u015brodk\u00f3w ci\u0105g\u0142ych i dyskretnych; teoria spr\u0119\u017cysto\u015bci i plastyczno\u015bci; wytrzyma\u0142o\u015b\u0107 materia\u0142\u00f3w i konstrukcji; materia\u0142oznawstwo; reologia. Instytut posiada uprawnienia do nadawania stopni naukowych doktora nauk technicznych w zakresie mechaniki. Profesorowie i doktorzy habilitowani: W\u0142odzimierz Dudzi\u0144ski (materia\u0142oznawstwo), Rados\u0142aw Iwankiewicz (mechanika), Jerzy Kaleta (mechanika), Wac\u0142aw Kasprzak (mechanika), Maciej &hellip; <a href=\"https:\/\/kmim.wm.pwr.edu.pl\/immt\/instytut-materialoznawstwa-i-mechaniki-technicznej\/badania-naukowe\/kadra\/\" class=\"more-link\">Czytaj dalej <span class=\"screen-reader-text\">Kadra<\/span> <span class=\"meta-nav\">&rarr;<\/span><\/a><\/p>\n","protected":false},"author":1,"featured_media":0,"parent":1407,"menu_order":0,"comment_status":"closed","ping_status":"open","template":"","meta":{"ngg_post_thumbnail":0,"footnotes":""},"class_list":["post-1421","page","type-page","status-publish","hentry"],"publishpress_future_action":{"enabled":false,"date":"2026-04-22 08:56:57","action":"change-status","newStatus":"draft","terms":[],"taxonomy":"language","extraData":[]},"publishpress_future_workflow_manual_trigger":{"enabledWorkflows":[]},"_links":{"self":[{"href":"https:\/\/kmim.wm.pwr.edu.pl\/immt\/wp-json\/wp\/v2\/pages\/1421","targetHints":{"allow":["GET"]}}],"collection":[{"href":"https:\/\/kmim.wm.pwr.edu.pl\/immt\/wp-json\/wp\/v2\/pages"}],"about":[{"href":"https:\/\/kmim.wm.pwr.edu.pl\/immt\/wp-json\/wp\/v2\/types\/page"}],"author":[{"embeddable":true,"href":"https:\/\/kmim.wm.pwr.edu.pl\/immt\/wp-json\/wp\/v2\/users\/1"}],"replies":[{"embeddable":true,"href":"https:\/\/kmim.wm.pwr.edu.pl\/immt\/wp-json\/wp\/v2\/comments?post=1421"}],"version-history":[{"count":0,"href":"https:\/\/kmim.wm.pwr.edu.pl\/immt\/wp-json\/wp\/v2\/pages\/1421\/revisions"}],"up":[{"embeddable":true,"href":"https:\/\/kmim.wm.pwr.edu.pl\/immt\/wp-json\/wp\/v2\/pages\/1407"}],"wp:attachment":[{"href":"https:\/\/kmim.wm.pwr.edu.pl\/immt\/wp-json\/wp\/v2\/media?parent=1421"}],"curies":[{"name":"wp","href":"https:\/\/api.w.org\/{rel}","templated":true}]}}