{"id":1424,"date":"2003-12-29T09:03:49","date_gmt":"2003-12-29T08:03:49","guid":{"rendered":"http:\/\/kmim.wm.pwr.edu.pl\/immt\/instytut-materialoznawstwa-i-mechaniki-technicznej\/badania-naukowe\/seminaria\/"},"modified":"2003-12-29T09:03:49","modified_gmt":"2003-12-29T08:03:49","slug":"seminaria","status":"publish","type":"page","link":"https:\/\/kmim.wm.pwr.edu.pl\/immt\/instytut-materialoznawstwa-i-mechaniki-technicznej\/badania-naukowe\/seminaria\/","title":{"rendered":"Seminaria"},"content":{"rendered":"<p>W Instytucie dzia\u0142aj\u0105 trzy seminaria naukowe: <\/p>\n<ol>\n<li>Dynamiki &#8211; dr hab. in\u017c. Marek RYBACZUK, prof. ndzw. PWr. <\/li>\n<li>Materia\u0142oznawstwa &#8211; dr hab. in\u017c. W\u0142odzimierz Dudzi\u0144ski, prof. ndzw. PWr. <\/li>\n<li>In\u017cynierii Materia\u0142owej &#8211; dr hab. in\u017c. Krzysztof MARUSZEWSKI, prof. ndzw. PWr.<\/li>\n<\/ol>\n<p \/>\n<p>Program ich spotka\u0144 znale\u017a\u0107 mo\u017cna na osobnej stronie.<\/p>\n","protected":false},"excerpt":{"rendered":"<p>W Instytucie dzia\u0142aj\u0105 trzy seminaria naukowe: Dynamiki &#8211; dr hab. in\u017c. Marek RYBACZUK, prof. ndzw. PWr. Materia\u0142oznawstwa &#8211; dr hab. in\u017c. W\u0142odzimierz Dudzi\u0144ski, prof. ndzw. PWr. In\u017cynierii Materia\u0142owej &#8211; dr hab. in\u017c. Krzysztof MARUSZEWSKI, prof. ndzw. PWr. Program ich spotka\u0144 znale\u017a\u0107 mo\u017cna na osobnej stronie.<\/p>\n","protected":false},"author":1,"featured_media":0,"parent":1407,"menu_order":0,"comment_status":"closed","ping_status":"open","template":"","meta":{"ngg_post_thumbnail":0,"footnotes":""},"class_list":["post-1424","page","type-page","status-publish","hentry"],"publishpress_future_action":{"enabled":false,"date":"2026-05-14 18:31:39","action":"change-status","newStatus":"draft","terms":[],"taxonomy":"language","extraData":[]},"publishpress_future_workflow_manual_trigger":{"enabledWorkflows":[]},"_links":{"self":[{"href":"https:\/\/kmim.wm.pwr.edu.pl\/immt\/wp-json\/wp\/v2\/pages\/1424","targetHints":{"allow":["GET"]}}],"collection":[{"href":"https:\/\/kmim.wm.pwr.edu.pl\/immt\/wp-json\/wp\/v2\/pages"}],"about":[{"href":"https:\/\/kmim.wm.pwr.edu.pl\/immt\/wp-json\/wp\/v2\/types\/page"}],"author":[{"embeddable":true,"href":"https:\/\/kmim.wm.pwr.edu.pl\/immt\/wp-json\/wp\/v2\/users\/1"}],"replies":[{"embeddable":true,"href":"https:\/\/kmim.wm.pwr.edu.pl\/immt\/wp-json\/wp\/v2\/comments?post=1424"}],"version-history":[{"count":0,"href":"https:\/\/kmim.wm.pwr.edu.pl\/immt\/wp-json\/wp\/v2\/pages\/1424\/revisions"}],"up":[{"embeddable":true,"href":"https:\/\/kmim.wm.pwr.edu.pl\/immt\/wp-json\/wp\/v2\/pages\/1407"}],"wp:attachment":[{"href":"https:\/\/kmim.wm.pwr.edu.pl\/immt\/wp-json\/wp\/v2\/media?parent=1424"}],"curies":[{"name":"wp","href":"https:\/\/api.w.org\/{rel}","templated":true}]}}