{"id":1428,"date":"2006-06-10T19:37:19","date_gmt":"2006-06-10T17:37:19","guid":{"rendered":"http:\/\/kmim.wm.pwr.edu.pl\/immt\/instytut-materialoznawstwa-i-mechaniki-technicznej\/dzialalnosc-dydaktyczna\/studia-miedzyuczelniane\/"},"modified":"2006-06-10T19:37:19","modified_gmt":"2006-06-10T17:37:19","slug":"studia-miedzyuczelniane","status":"publish","type":"page","link":"https:\/\/kmim.wm.pwr.edu.pl\/immt\/instytut-materialoznawstwa-i-mechaniki-technicznej\/dzialalnosc-dydaktyczna\/studia-miedzyuczelniane\/","title":{"rendered":"Studia Mi\u0119dzyuczelniane"},"content":{"rendered":"<p>W 2002 roku Instytut wyst\u0105pi\u0142 z inicjatyw\u0105 uruchomienia studi\u00f3w mi\u0119dzyuczelnianych. Uruchomiona zosta\u0142a strona WWW zawieraj\u0105ca informacje na temat mo\u017cliwo\u015bci r\u00f3wnoczesnego studiowania na r\u00f3\u017cnych uczelniach Wroc\u0142awia: Akademii Medycznej, Akademii Rolniczej, Politechnice Wroc\u0142awskiej i Uniwersytecie Wroc\u0142awskim.<\/p>\n<p> Istot\u0105 inicjatywy by\u0142o danie elicie m\u0142odzie\u017cy mo\u017cliwo\u015bci zapoznania si\u0119 z osi\u0105gni\u0119ciami ca\u0142ego Wroc\u0142awskiego \u015arodowiska Naukowego oraz zdobycia dyplomu dwu kierunk\u00f3w studi\u00f3w (w ci\u0105gu 5 lat). <\/p>\n<p> Studia te pomy\u015blane by\u0142y tak, by przygotowa\u0107 mo\u017cliwie najlepiej w oparciu o si\u0142y ca\u0142ego \u015brodowiska naukowego student\u00f3w chc\u0105cych uprawia\u0107 tw\u00f3rcz\u0105 dzia\u0142alno\u015b\u0107 w trzech grupach zawod\u00f3w, kt\u00f3re wed\u0142ug powszechnie akceptowanego rozeznania prognostycznego decydowa\u0107 b\u0119d\u0105 o post\u0119pie we wszystkich najnowszych technologiach i to przez najbli\u017cszych 50 lat. Do tych grup zawodowych zaliczono specjalist\u00f3w pracuj\u0105cych w zakresie:<\/p>\n<ul>\n<li>biotechnologii,<\/li>\n<li>in\u017cynierii materia\u0142owej, rozumianej jako projektowanie materia\u0142\u00f3w o okre\u015blonych w\u0142asno\u015bciach,<\/li>\n<li>technologii budowy stabilnych struktur atom po atomie pe\u0142ni\u0105cych r\u00f3\u017cne funkcje.  <\/li>\n<\/ul>\n<p>Obecnie, wobec zmieniaj\u0105cej sie sytuacji, inicjatywa ta zosta\u0142a wstrzymana. Mo\u017cemy jednak zadeklarowa\u0107 si\u0119, \u017ce w przypadku zainteresowania tego typu studiami &#8212; mo\u017cemy ch\u0119tnym pom\u00f3c. Prosimy o kontakt na adres &#x62;&#x69;&#x6f;&#x6d;&#x61;&#x74;&#x40;&#105;&#109;&#109;&#116;&#46;pwr&#46;&#x77;&#x72;&#x6f;&#x63;&#x2e;&#x70;&#x6c; <\/p>\n","protected":false},"excerpt":{"rendered":"<p>W 2002 roku Instytut wyst\u0105pi\u0142 z inicjatyw\u0105 uruchomienia studi\u00f3w mi\u0119dzyuczelnianych. Uruchomiona zosta\u0142a strona WWW zawieraj\u0105ca informacje na temat mo\u017cliwo\u015bci r\u00f3wnoczesnego studiowania na r\u00f3\u017cnych uczelniach Wroc\u0142awia: Akademii Medycznej, Akademii Rolniczej, Politechnice Wroc\u0142awskiej i Uniwersytecie Wroc\u0142awskim. Istot\u0105 inicjatywy by\u0142o danie elicie m\u0142odzie\u017cy mo\u017cliwo\u015bci zapoznania si\u0119 z osi\u0105gni\u0119ciami ca\u0142ego Wroc\u0142awskiego \u015arodowiska Naukowego oraz zdobycia dyplomu dwu kierunk\u00f3w studi\u00f3w &hellip; <a href=\"https:\/\/kmim.wm.pwr.edu.pl\/immt\/instytut-materialoznawstwa-i-mechaniki-technicznej\/dzialalnosc-dydaktyczna\/studia-miedzyuczelniane\/\" class=\"more-link\">Czytaj dalej <span class=\"screen-reader-text\">Studia Mi\u0119dzyuczelniane<\/span> <span class=\"meta-nav\">&rarr;<\/span><\/a><\/p>\n","protected":false},"author":1,"featured_media":0,"parent":1408,"menu_order":0,"comment_status":"closed","ping_status":"open","template":"","meta":{"ngg_post_thumbnail":0,"footnotes":""},"class_list":["post-1428","page","type-page","status-publish","hentry"],"publishpress_future_action":{"enabled":false,"date":"2026-04-21 21:12:27","action":"change-status","newStatus":"draft","terms":[],"taxonomy":"language","extraData":[]},"publishpress_future_workflow_manual_trigger":{"enabledWorkflows":[]},"_links":{"self":[{"href":"https:\/\/kmim.wm.pwr.edu.pl\/immt\/wp-json\/wp\/v2\/pages\/1428","targetHints":{"allow":["GET"]}}],"collection":[{"href":"https:\/\/kmim.wm.pwr.edu.pl\/immt\/wp-json\/wp\/v2\/pages"}],"about":[{"href":"https:\/\/kmim.wm.pwr.edu.pl\/immt\/wp-json\/wp\/v2\/types\/page"}],"author":[{"embeddable":true,"href":"https:\/\/kmim.wm.pwr.edu.pl\/immt\/wp-json\/wp\/v2\/users\/1"}],"replies":[{"embeddable":true,"href":"https:\/\/kmim.wm.pwr.edu.pl\/immt\/wp-json\/wp\/v2\/comments?post=1428"}],"version-history":[{"count":0,"href":"https:\/\/kmim.wm.pwr.edu.pl\/immt\/wp-json\/wp\/v2\/pages\/1428\/revisions"}],"up":[{"embeddable":true,"href":"https:\/\/kmim.wm.pwr.edu.pl\/immt\/wp-json\/wp\/v2\/pages\/1408"}],"wp:attachment":[{"href":"https:\/\/kmim.wm.pwr.edu.pl\/immt\/wp-json\/wp\/v2\/media?parent=1428"}],"curies":[{"name":"wp","href":"https:\/\/api.w.org\/{rel}","templated":true}]}}