{"id":1440,"date":"2008-04-19T19:53:48","date_gmt":"2008-04-19T17:53:48","guid":{"rendered":"http:\/\/kmim.wm.pwr.edu.pl\/immt\/instytut-materialoznawstwa-i-mechaniki-technicznej\/badania-naukowe\/laboratoria\/laboratorium-materialow-zol-zelowych-i-nanotechnologii-dczt\/"},"modified":"2014-11-02T20:28:59","modified_gmt":"2014-11-02T19:28:59","slug":"laboratorium-materialow-zol-zelowych-i-nanotechnologii-dczt","status":"publish","type":"page","link":"https:\/\/kmim.wm.pwr.edu.pl\/immt\/instytut-materialoznawstwa-i-mechaniki-technicznej\/badania-naukowe\/laboratoria\/laboratorium-materialow-zol-zelowych-i-nanotechnologii-dczt\/","title":{"rendered":"Laboratorium Materia\u0142\u00f3w Zol-\u017belowych i Nanotechnologii DCZT"},"content":{"rendered":"<p>Kierownik: dr in\u017c. <span style=\"font-weight: bold;\">Mariusz Hasiak<\/span><\/p>\n<p>Adres:<br \/>\nLaboratorium Materia\u0142\u00f3w Zol-\u017belowych i Nanotechnologii DCZT<br \/>\nPolitechnika Wroc\u0142awska<br \/>\nul. Krasi\u0144skiego 13a,<br \/>\n50-449 Wroc\u0142aw<br \/>\nTel.: (+48-71) 344 23 74 , (+48-71) 343 92 60<br \/>\nTel.\/Fax: fax (071) 343 86 86<br \/>\nE-mail: &#x73;&#103;&#x6d;&#x6c;&#64;&#x70;&#119;r&#x2e;&#119;r&#x6f;&#99;&#46;&#x70;&#108;<br \/>\nwww: <a href=\"http:\/\/www.sgml.pwr.wroc.pl\/\" target=\"_blank\">www.sgml.pwr.wroc.pl<\/a><\/p>\n<p>Laboratorium Materia\u0142\u00f3w Zol-\u017belowych i Nanotechnologii Dolno\u015bl\u0105skiego Centrum Zaawansowanych Technologii (DCZT) powsta\u0142o w wyniku stara\u0144 konsorcjum naukowego utworzonego w ramach DCZT zrzeszaj\u0105cego wybitne indywidualno\u015bci intelektualne o\u015brodk\u00f3w naukowo-badawczych Wroc\u0142awia i Dolnego \u015al\u0105ska. Wyposa\u017cenie Laboratorium w unikatow\u0105 w skali \u015brodowiska naukowego Dolnego \u015al\u0105ska aparatur\u0119 pomiarow\u0105 zosta\u0142o zakupione ze \u015brodk\u00f3w finansowych projektu wsp\u00f3\u0142finansowanego przez Uni\u0119 Europejsk\u0105 w ramach \u201eSektorowego Programu Operacyjnego Wzrost Konkurencyjno\u015bci Przedsi\u0119biorstw\u201d oraz bud\u017cetu Pa\u0144stwa &#8211; SPO WKP 1.4.3. \u0141\u0105czna kwota wniosku wynosi\u0142a 4.93 mln z\u0142.<\/p>\n<ul class=\"list-pages-shortcode child-pages\"><li class=\"page_item page-item-1534\"><a href=\"https:\/\/kmim.wm.pwr.edu.pl\/immt\/instytut-materialoznawstwa-i-mechaniki-technicznej\/badania-naukowe\/laboratoria\/laboratorium-materialow-zol-zelowych-i-nanotechnologii-dczt\/laboratorium-materialow-zol-zelowych-i-nanotechnologii-wyposazenie\/\">Laboratorium Materia\u0142\u00f3w Zol-\u017belowych i Nanotechnologii &#8212;  Wyposa\u017cenie<\/a><\/li>\n<li class=\"page_item page-item-1533\"><a href=\"https:\/\/kmim.wm.pwr.edu.pl\/immt\/instytut-materialoznawstwa-i-mechaniki-technicznej\/badania-naukowe\/laboratoria\/laboratorium-materialow-zol-zelowych-i-nanotechnologii-dczt\/laboratorium-materialow-zol-zelowych-i-nanotechnologii-charakterystyka\/\">Laboratorium Materia\u0142\u00f3w Zol-\u017belowych i Nanotechnologii &#8212; Charakterystyka<\/a><\/li>\n<li class=\"page_item page-item-1535\"><a href=\"https:\/\/kmim.wm.pwr.edu.pl\/immt\/instytut-materialoznawstwa-i-mechaniki-technicznej\/badania-naukowe\/laboratoria\/laboratorium-materialow-zol-zelowych-i-nanotechnologii-dczt\/laboratorium-materialow-zol-zelowych-i-nanotechnologii-oferta\/\">Laboratorium Materia\u0142\u00f3w Zol-\u017belowych i Nanotechnologii &#8212; Oferta<\/a><\/li>\n<\/ul>\n","protected":false},"excerpt":{"rendered":"<p>Kierownik: dr in\u017c. Mariusz Hasiak Adres: Laboratorium Materia\u0142\u00f3w Zol-\u017belowych i Nanotechnologii DCZT Politechnika Wroc\u0142awska ul. Krasi\u0144skiego 13a, 50-449 Wroc\u0142aw Tel.: (+48-71) 344 23 74 , (+48-71) 343 92 60 Tel.\/Fax: fax (071) 343 86 86 E-mail: &#x73;&#x67;&#x6d;&#x6c;&#64;&#112;&#119;&#114;&#46;wr&#x6f;&#x63;&#x2e;&#x70;&#x6c; www: www.sgml.pwr.wroc.pl Laboratorium Materia\u0142\u00f3w Zol-\u017belowych i Nanotechnologii Dolno\u015bl\u0105skiego Centrum Zaawansowanych Technologii (DCZT) powsta\u0142o w wyniku stara\u0144 konsorcjum naukowego &hellip; <a href=\"https:\/\/kmim.wm.pwr.edu.pl\/immt\/instytut-materialoznawstwa-i-mechaniki-technicznej\/badania-naukowe\/laboratoria\/laboratorium-materialow-zol-zelowych-i-nanotechnologii-dczt\/\" class=\"more-link\">Czytaj dalej <span class=\"screen-reader-text\">Laboratorium Materia\u0142\u00f3w Zol-\u017belowych i Nanotechnologii DCZT<\/span> <span class=\"meta-nav\">&rarr;<\/span><\/a><\/p>\n","protected":false},"author":1,"featured_media":0,"parent":1422,"menu_order":0,"comment_status":"closed","ping_status":"open","template":"","meta":{"ngg_post_thumbnail":0,"footnotes":""},"class_list":["post-1440","page","type-page","status-publish","hentry"],"publishpress_future_action":{"enabled":false,"date":"2026-04-22 23:17:03","action":"change-status","newStatus":"draft","terms":[],"taxonomy":"language","extraData":[]},"publishpress_future_workflow_manual_trigger":{"enabledWorkflows":[]},"_links":{"self":[{"href":"https:\/\/kmim.wm.pwr.edu.pl\/immt\/wp-json\/wp\/v2\/pages\/1440","targetHints":{"allow":["GET"]}}],"collection":[{"href":"https:\/\/kmim.wm.pwr.edu.pl\/immt\/wp-json\/wp\/v2\/pages"}],"about":[{"href":"https:\/\/kmim.wm.pwr.edu.pl\/immt\/wp-json\/wp\/v2\/types\/page"}],"author":[{"embeddable":true,"href":"https:\/\/kmim.wm.pwr.edu.pl\/immt\/wp-json\/wp\/v2\/users\/1"}],"replies":[{"embeddable":true,"href":"https:\/\/kmim.wm.pwr.edu.pl\/immt\/wp-json\/wp\/v2\/comments?post=1440"}],"version-history":[{"count":1,"href":"https:\/\/kmim.wm.pwr.edu.pl\/immt\/wp-json\/wp\/v2\/pages\/1440\/revisions"}],"predecessor-version":[{"id":1562,"href":"https:\/\/kmim.wm.pwr.edu.pl\/immt\/wp-json\/wp\/v2\/pages\/1440\/revisions\/1562"}],"up":[{"embeddable":true,"href":"https:\/\/kmim.wm.pwr.edu.pl\/immt\/wp-json\/wp\/v2\/pages\/1422"}],"wp:attachment":[{"href":"https:\/\/kmim.wm.pwr.edu.pl\/immt\/wp-json\/wp\/v2\/media?parent=1440"}],"curies":[{"name":"wp","href":"https:\/\/api.w.org\/{rel}","templated":true}]}}