{"id":1441,"date":"2003-12-10T22:32:35","date_gmt":"2003-12-10T21:32:35","guid":{"rendered":"http:\/\/kmim.wm.pwr.edu.pl\/immt\/instytut-materialoznawstwa-i-mechaniki-technicznej\/badania-naukowe\/laboratoria\/laboratorium-dynamiki\/"},"modified":"2014-11-02T20:27:54","modified_gmt":"2014-11-02T19:27:54","slug":"laboratorium-dynamiki","status":"publish","type":"page","link":"https:\/\/kmim.wm.pwr.edu.pl\/immt\/instytut-materialoznawstwa-i-mechaniki-technicznej\/badania-naukowe\/laboratoria\/laboratorium-dynamiki\/","title":{"rendered":"Laboratorium Dynamiki"},"content":{"rendered":"<p><span style=\"font-weight: bold;\">Kierownik:<\/span> prof. dr hab. in\u017c. Wac\u0142aw Kasprzak<\/p>\n<p><span style=\"font-weight: bold;\">Adres:<\/span> 50-372 Wroc\u0142aw ul. Smoluchowskiego 25,<\/p>\n<p>bud. B-1, pok. 112 tel. 320-28-99<br \/>\nLaboratorium Dynamiki dysponuje sprz\u0119tem do realizacji obci\u0105\u017ce\u0144 dynamicznych (pulsatory hydrauliczne, m\u0142ot spadowy) oraz do analizy drga\u0144 konstrukcji. Na wyposa\u017ceniu jest stanowisko do bada\u0144 napr\u0119\u017ce\u0144 w\u0142asnych i tekstury metod\u0105 rentgenowsk\u0105 oraz analizy uszkodze\u0144 metod\u0105 emisji akustycznej i emisji magnetycznej (prototyp kamery magnetowizyjnej).<br \/>\nPosiada nowoczesne wyposa\u017cenie do badania w\u0142a\u015bciwo\u015bci materia\u0142\u00f3w przy rozci\u0105ganiu i zginaniu, odporno\u015bci na uderzenie i rozci\u0105gania udarowego, zdolno\u015bci t\u0142umienia przy obci\u0105\u017ceniach dynamicznych. Posiada r\u00f3\u017cnorodn\u0105 aparatur\u0119 do rejestracji i przetwarzania sygna\u0142\u00f3w wielko\u015bci mechanicznych, termicznych, magnetycznych i akustycznych towarzysz\u0105cych procesom uszkodzenia materia\u0142\u00f3w i konstrukcji.<\/p>\n<ul class=\"list-pages-shortcode child-pages\"><li class=\"page_item page-item-1524\"><a href=\"https:\/\/kmim.wm.pwr.edu.pl\/immt\/instytut-materialoznawstwa-i-mechaniki-technicznej\/badania-naukowe\/laboratoria\/laboratorium-dynamiki\/aparatura-specjalistyczna\/\">Aparatura specjalistyczna<\/a><\/li>\n<li class=\"page_item page-item-1526\"><a href=\"https:\/\/kmim.wm.pwr.edu.pl\/immt\/instytut-materialoznawstwa-i-mechaniki-technicznej\/badania-naukowe\/laboratoria\/laboratorium-dynamiki\/oferta-wspolpracy-dla-przemyslu\/\">Oferta wsp\u00f3\u0142pracy dla przemys\u0142u<\/a><\/li>\n<li class=\"page_item page-item-1525\"><a href=\"https:\/\/kmim.wm.pwr.edu.pl\/immt\/instytut-materialoznawstwa-i-mechaniki-technicznej\/badania-naukowe\/laboratoria\/laboratorium-dynamiki\/oprogramowanie\/\">Oprogramowanie<\/a><\/li>\n<li class=\"page_item page-item-1523\"><a href=\"https:\/\/kmim.wm.pwr.edu.pl\/immt\/instytut-materialoznawstwa-i-mechaniki-technicznej\/badania-naukowe\/laboratoria\/laboratorium-dynamiki\/prace-naukowo-badawcze-realizowane-w-laboratorium\/\">Prace naukowo-badawcze realizowane w laboratorium<\/a><\/li>\n<\/ul>\n","protected":false},"excerpt":{"rendered":"<p>Kierownik: prof. dr hab. in\u017c. Wac\u0142aw Kasprzak Adres: 50-372 Wroc\u0142aw ul. Smoluchowskiego 25, bud. B-1, pok. 112 tel. 320-28-99 Laboratorium Dynamiki dysponuje sprz\u0119tem do realizacji obci\u0105\u017ce\u0144 dynamicznych (pulsatory hydrauliczne, m\u0142ot spadowy) oraz do analizy drga\u0144 konstrukcji. Na wyposa\u017ceniu jest stanowisko do bada\u0144 napr\u0119\u017ce\u0144 w\u0142asnych i tekstury metod\u0105 rentgenowsk\u0105 oraz analizy uszkodze\u0144 metod\u0105 emisji akustycznej i &hellip; <a href=\"https:\/\/kmim.wm.pwr.edu.pl\/immt\/instytut-materialoznawstwa-i-mechaniki-technicznej\/badania-naukowe\/laboratoria\/laboratorium-dynamiki\/\" class=\"more-link\">Czytaj dalej <span class=\"screen-reader-text\">Laboratorium Dynamiki<\/span> <span class=\"meta-nav\">&rarr;<\/span><\/a><\/p>\n","protected":false},"author":1,"featured_media":0,"parent":1422,"menu_order":0,"comment_status":"closed","ping_status":"open","template":"","meta":{"ngg_post_thumbnail":0,"footnotes":""},"class_list":["post-1441","page","type-page","status-publish","hentry"],"publishpress_future_action":{"enabled":false,"date":"2026-04-26 17:07:23","action":"change-status","newStatus":"draft","terms":[],"taxonomy":"language","extraData":[]},"publishpress_future_workflow_manual_trigger":{"enabledWorkflows":[]},"_links":{"self":[{"href":"https:\/\/kmim.wm.pwr.edu.pl\/immt\/wp-json\/wp\/v2\/pages\/1441","targetHints":{"allow":["GET"]}}],"collection":[{"href":"https:\/\/kmim.wm.pwr.edu.pl\/immt\/wp-json\/wp\/v2\/pages"}],"about":[{"href":"https:\/\/kmim.wm.pwr.edu.pl\/immt\/wp-json\/wp\/v2\/types\/page"}],"author":[{"embeddable":true,"href":"https:\/\/kmim.wm.pwr.edu.pl\/immt\/wp-json\/wp\/v2\/users\/1"}],"replies":[{"embeddable":true,"href":"https:\/\/kmim.wm.pwr.edu.pl\/immt\/wp-json\/wp\/v2\/comments?post=1441"}],"version-history":[{"count":1,"href":"https:\/\/kmim.wm.pwr.edu.pl\/immt\/wp-json\/wp\/v2\/pages\/1441\/revisions"}],"predecessor-version":[{"id":1561,"href":"https:\/\/kmim.wm.pwr.edu.pl\/immt\/wp-json\/wp\/v2\/pages\/1441\/revisions\/1561"}],"up":[{"embeddable":true,"href":"https:\/\/kmim.wm.pwr.edu.pl\/immt\/wp-json\/wp\/v2\/pages\/1422"}],"wp:attachment":[{"href":"https:\/\/kmim.wm.pwr.edu.pl\/immt\/wp-json\/wp\/v2\/media?parent=1441"}],"curies":[{"name":"wp","href":"https:\/\/api.w.org\/{rel}","templated":true}]}}