{"id":1447,"date":"2008-11-18T21:42:02","date_gmt":"2008-11-18T20:42:02","guid":{"rendered":"http:\/\/kmim.wm.pwr.edu.pl\/immt\/instytut-materialoznawstwa-i-mechaniki-technicznej\/pracownicy\/osobowosci\/jerzy-alfred-zawadzki\/"},"modified":"2014-11-03T20:14:11","modified_gmt":"2014-11-03T19:14:11","slug":"jerzy-alfred-zawadzki","status":"publish","type":"page","link":"https:\/\/kmim.wm.pwr.edu.pl\/immt\/instytut-materialoznawstwa-i-mechaniki-technicznej\/pracownicy\/osobowosci\/jerzy-alfred-zawadzki\/","title":{"rendered":"Jerzy Alfred Zawadzki"},"content":{"rendered":"<p><a href=\"http:\/\/kmim.wm.pwr.edu.pl\/immt\/wp-content\/uploads\/sites\/58\/2008\/11\/zawadzki.jpg\"><img loading=\"lazy\" decoding=\"async\" class=\"alignright wp-image-1699 size-medium\" src=\"http:\/\/kmim.wm.pwr.edu.pl\/immt\/wp-content\/uploads\/sites\/58\/2008\/11\/zawadzki-240x300.jpg\" alt=\"zawadzki\" width=\"240\" height=\"300\" srcset=\"https:\/\/kmim.wm.pwr.edu.pl\/immt\/wp-content\/uploads\/sites\/58\/2008\/11\/zawadzki-240x300.jpg 240w, https:\/\/kmim.wm.pwr.edu.pl\/immt\/wp-content\/uploads\/sites\/58\/2008\/11\/zawadzki.jpg 249w\" sizes=\"auto, (max-width: 240px) 100vw, 240px\" \/><\/a>Urodzi\u0142 si\u0119 06.08.1923 r. we Lwowie. W roku 1941 uko\u0144czy\u0142 szko\u0142\u0119 \u015bredni\u0105 we Lwowie. Studia wy\u017csze rozpocz\u0105\u0142 w okresie okupacji na Politechnice Lwowskiej. Dyplom magistra in\u017cyniera mechanika otrzyma\u0142 w roku 1947 w Akademii G\u00f3rniczej w Krakowie. Od 01.07.1946 roku podj\u0105\u0142 prac\u0119 jako pracownik naukowo-dydaktyczny Politechniki Wroc\u0142awskiej. W Katedrze Mechaniki Technicznej by\u0142 m\u0142odszym asystentem, starszym asystentem (1947-1950), adiunktem (1950-1952), zast\u0119pc\u0105 profesora (1952-1957). W roku 1954 uzyska\u0142 stopie\u0144 kandydata nauk, a w 1957 zosta\u0142 mianowany docentem. W roku 1962 otrzyma\u0142 tytu\u0142 profesora nadzwyczajnego. Profesorem zwyczajnym zosta\u0142 mianowany w 1970 roku.<\/p>\n<p>Specjalizowa\u0142 si\u0119 w mechanice technicznej cia\u0142 sta\u0142ych i reologii tworzyw konstrukcyjnych. Praca pt. <span style=\"font-style: italic;\">Ci\u015bnienie zredukowane jako parametr wyt\u0119\u017cenia <\/span>podaje jedn\u0105 z pierwszych wyt\u0119\u017ceniowych hipotez reologicznych w literaturze z tej dziedziny.<\/p>\n<p>Pe\u0142ni\u0142 liczne funkcje: w latach 1952-1968 kierownika Katedry Mechaniki Technicznej, cz\u0142onka Gesellschaft fur Angewandte Mathematik und Mechanik od 1957 r., zast\u0119pcy dyrektora Instytutu ds. Nauki, w latach 1968-1975, cz\u0142onka Komitetu PAN Mechaniki i Fizyki O\u015brodk\u00f3w Ci\u0105g\u0142ych 1970-1977, kierownika Zak\u0142adu Reologii, cz\u0142onka Komitetu PAN Nauk o Materia\u0142ach od 1978 r., I zast\u0119pcy dyrektora Instytutu 1970-1975. Cz\u0142onek za\u0142o\u017cyciel Polskiego Towarzystwa Mechaniki Teoretycznej i Stosowanej (1958).<\/p>\n<p>Jest autorem i wsp\u00f3\u0142autorem ponad 100 artyku\u0142\u00f3w w czasopismach krajowych i zagranicznych, autorem lub wsp\u00f3\u0142autorem ksi\u0105\u017cek i skrypt\u00f3w: <span style=\"font-style: italic;\">Mechanika og\u00f3lna<\/span> (z W. Siut\u0105) (1970), <span style=\"font-style: italic;\">Problemy wyt\u0119\u017cenia i znu\u017cenia polimer\u00f3w jako tworzyw konstrukcyjnych<\/span> (red. i wsp\u00f3\u0142autor) (1978), <span style=\"font-style: italic;\">Wytrzyma\u0142o\u015b\u0107 materia\u0142\u00f3w<\/span> (z M. Zakrzewskim) (1978), <span style=\"font-style: italic;\">W\u0142asno\u015bci reologiczne materia\u0142\u00f3w <\/span>&#8211; cz. II, praca zbiorowa, <span style=\"font-style: italic;\">Metody do\u015bwiadczalne mechaniki cia\u0142a sta\u0142ego<\/span> (red. W. Szczepi\u0144ski) (1984). Promotor 20 doktorat\u00f3w.<\/p>\n<p>Przeszed\u0142 na emerytur\u0119 01.10.1983 roku.<\/p>\n<p>Zmar\u0142 11.08.2000 roku.<\/p>\n<p><a title=\"Prof.\u00a0Jerzy Zawadzki \u2013 wspomnienie\" href=\"http:\/\/kmim.wm.pwr.edu.pl\/immt\/2000\/08\/17\/prof-jerzy-zawadzki-wspomnienie-2\/\">Wspomnienie o profesorze<\/a><a title=\"Jerzy Alfred Zawadzki\" href=\"http:\/\/www.immt.pwr.wroc.pl\/content\/view\/822\/\/\">.<\/a><\/p>\n","protected":false},"excerpt":{"rendered":"<p>Urodzi\u0142 si\u0119 06.08.1923 r. we Lwowie. W roku 1941 uko\u0144czy\u0142 szko\u0142\u0119 \u015bredni\u0105 we Lwowie. Studia wy\u017csze rozpocz\u0105\u0142 w okresie okupacji na Politechnice Lwowskiej. Dyplom magistra in\u017cyniera mechanika otrzyma\u0142 w roku 1947 w Akademii G\u00f3rniczej w Krakowie. Od 01.07.1946 roku podj\u0105\u0142 prac\u0119 jako pracownik naukowo-dydaktyczny Politechniki Wroc\u0142awskiej. W Katedrze Mechaniki Technicznej by\u0142 m\u0142odszym asystentem, starszym asystentem &hellip; <a href=\"https:\/\/kmim.wm.pwr.edu.pl\/immt\/instytut-materialoznawstwa-i-mechaniki-technicznej\/pracownicy\/osobowosci\/jerzy-alfred-zawadzki\/\" class=\"more-link\">Czytaj dalej <span class=\"screen-reader-text\">Jerzy Alfred Zawadzki<\/span> <span class=\"meta-nav\">&rarr;<\/span><\/a><\/p>\n","protected":false},"author":1,"featured_media":0,"parent":1416,"menu_order":0,"comment_status":"closed","ping_status":"open","template":"","meta":{"ngg_post_thumbnail":0,"footnotes":""},"class_list":["post-1447","page","type-page","status-publish","hentry"],"publishpress_future_action":{"enabled":false,"date":"2026-04-25 16:37:57","action":"change-status","newStatus":"draft","terms":[],"taxonomy":"language","extraData":[]},"publishpress_future_workflow_manual_trigger":{"enabledWorkflows":[]},"_links":{"self":[{"href":"https:\/\/kmim.wm.pwr.edu.pl\/immt\/wp-json\/wp\/v2\/pages\/1447","targetHints":{"allow":["GET"]}}],"collection":[{"href":"https:\/\/kmim.wm.pwr.edu.pl\/immt\/wp-json\/wp\/v2\/pages"}],"about":[{"href":"https:\/\/kmim.wm.pwr.edu.pl\/immt\/wp-json\/wp\/v2\/types\/page"}],"author":[{"embeddable":true,"href":"https:\/\/kmim.wm.pwr.edu.pl\/immt\/wp-json\/wp\/v2\/users\/1"}],"replies":[{"embeddable":true,"href":"https:\/\/kmim.wm.pwr.edu.pl\/immt\/wp-json\/wp\/v2\/comments?post=1447"}],"version-history":[{"count":2,"href":"https:\/\/kmim.wm.pwr.edu.pl\/immt\/wp-json\/wp\/v2\/pages\/1447\/revisions"}],"predecessor-version":[{"id":1701,"href":"https:\/\/kmim.wm.pwr.edu.pl\/immt\/wp-json\/wp\/v2\/pages\/1447\/revisions\/1701"}],"up":[{"embeddable":true,"href":"https:\/\/kmim.wm.pwr.edu.pl\/immt\/wp-json\/wp\/v2\/pages\/1416"}],"wp:attachment":[{"href":"https:\/\/kmim.wm.pwr.edu.pl\/immt\/wp-json\/wp\/v2\/media?parent=1447"}],"curies":[{"name":"wp","href":"https:\/\/api.w.org\/{rel}","templated":true}]}}