{"id":1448,"date":"2008-11-18T21:51:24","date_gmt":"2008-11-18T20:51:24","guid":{"rendered":"http:\/\/kmim.wm.pwr.edu.pl\/immt\/instytut-materialoznawstwa-i-mechaniki-technicznej\/pracownicy\/osobowosci\/tadeusz-porebski\/"},"modified":"2014-11-03T20:19:54","modified_gmt":"2014-11-03T19:19:54","slug":"tadeusz-porebski","status":"publish","type":"page","link":"https:\/\/kmim.wm.pwr.edu.pl\/immt\/instytut-materialoznawstwa-i-mechaniki-technicznej\/pracownicy\/osobowosci\/tadeusz-porebski\/","title":{"rendered":"Tadeusz Por\u0119bski"},"content":{"rendered":"<p><a href=\"http:\/\/kmim.wm.pwr.edu.pl\/immt\/wp-content\/uploads\/sites\/58\/2008\/11\/porebski.jpg\"><img loading=\"lazy\" decoding=\"async\" class=\"alignright size-medium wp-image-1711\" src=\"http:\/\/kmim.wm.pwr.edu.pl\/immt\/wp-content\/uploads\/sites\/58\/2008\/11\/porebski-215x300.jpg\" alt=\"porebski\" width=\"215\" height=\"300\" srcset=\"https:\/\/kmim.wm.pwr.edu.pl\/immt\/wp-content\/uploads\/sites\/58\/2008\/11\/porebski-215x300.jpg 215w, https:\/\/kmim.wm.pwr.edu.pl\/immt\/wp-content\/uploads\/sites\/58\/2008\/11\/porebski.jpg 283w\" sizes=\"auto, (max-width: 215px) 100vw, 215px\" \/><\/a>Urodzi\u0142 si\u0119 16.04.1931 roku w Bielsku-Bia\u0142ej. W latach 1951-1956 studiowa\u0142 na Wydziale Mechanicznym Politechniki Wroc\u0142awskiej. W roku 1956 uzyska\u0142 tytu\u0142 magistra in\u017cyniera mechanika. W tym samym roku rozpocz\u0105\u0142 aspirantur\u0119 w Katedrze Mechaniki Technicznej. W roku 1961 uzyska\u0142 stopie\u0144 doktora nauk technicznych, stopie\u0144 naukowy docenta nada\u0142a mu Rada Wydzia\u0142u Mechanicznego w roku 1965. Tytu\u0142 profesora nauk technicznych otrzyma\u0142 w 1968 roku; w 1994 roku zako\u0144czy\u0142 prac\u0119 w Politechnice Wroc\u0142awskiej. Specjalizowa\u0142 si\u0119 w mechanice cia\u0142 sta\u0142ych. Zajmowa\u0142 si\u0119 problemami zm\u0119czenia materia\u0142\u00f3w, ze szczeg\u00f3lnym uwzgl\u0119dnieniem obci\u0105\u017ce\u0144 biharmonicznych.<\/p>\n<p>Pe\u0142ni\u0142 liczne funkcje w Instytucie i na Uczelni. Od 1963 roku by\u0142 kierownikiem Zak\u0142adu Zm\u0119czenia Materia\u0142\u00f3w, w latach 1975-1976 kierownikiem Zak\u0142adu Zm\u0119czenia Metali, w 1976 roku kierownikiem Centralnego Laboratorium Wytrzyma\u0142o\u015bci Materia\u0142\u00f3w. W okresie 10.03.1969 &#8211; 01.12.1980 roku by\u0142 rektorem Politechniki Wroc\u0142awskiej. Jest autorem i wsp\u00f3\u0142autorem ponad 30 publikacji w czasopismach krajowych i zagranicznych, promotorem 10 doktorat\u00f3w.<\/p>\n<p>Kierowa\u0142 pracami przygotowuj\u0105cymi reform\u0119 strukturaln\u0105 uczelni, nast\u0119pnie jako rektor kierowa\u0142 jej przeprowadzeniem. Doprowadzi\u0142 do znacznej rozbudowy uczelni, przyczyni\u0142 si\u0119 do jej zwi\u0105zania z o\u015brodkami naukowymi Francji i Stan\u00f3w Zjednoczonych, a tak\u017ce reformy procesu dydaktycznego, bada\u0144 i kszta\u0142cenia kadr.<\/p>\n<p>Zmar\u0142 17.07.2001 roku.<\/p>\n<p><a title=\"Prof. Tadeusz Por\u0119bski\" href=\"http:\/\/www.immt.pwr.wroc.pl\/content\/view\/823\/\/\">Wspomnienie o profesorze.<\/a><\/p>\n","protected":false},"excerpt":{"rendered":"<p>Urodzi\u0142 si\u0119 16.04.1931 roku w Bielsku-Bia\u0142ej. W latach 1951-1956 studiowa\u0142 na Wydziale Mechanicznym Politechniki Wroc\u0142awskiej. W roku 1956 uzyska\u0142 tytu\u0142 magistra in\u017cyniera mechanika. W tym samym roku rozpocz\u0105\u0142 aspirantur\u0119 w Katedrze Mechaniki Technicznej. W roku 1961 uzyska\u0142 stopie\u0144 doktora nauk technicznych, stopie\u0144 naukowy docenta nada\u0142a mu Rada Wydzia\u0142u Mechanicznego w roku 1965. Tytu\u0142 profesora nauk &hellip; <a href=\"https:\/\/kmim.wm.pwr.edu.pl\/immt\/instytut-materialoznawstwa-i-mechaniki-technicznej\/pracownicy\/osobowosci\/tadeusz-porebski\/\" class=\"more-link\">Czytaj dalej <span class=\"screen-reader-text\">Tadeusz Por\u0119bski<\/span> <span class=\"meta-nav\">&rarr;<\/span><\/a><\/p>\n","protected":false},"author":1,"featured_media":0,"parent":1416,"menu_order":0,"comment_status":"closed","ping_status":"open","template":"","meta":{"ngg_post_thumbnail":0,"footnotes":""},"class_list":["post-1448","page","type-page","status-publish","hentry"],"publishpress_future_action":{"enabled":false,"date":"2026-04-26 18:55:56","action":"change-status","newStatus":"draft","terms":[],"taxonomy":"language","extraData":[]},"publishpress_future_workflow_manual_trigger":{"enabledWorkflows":[]},"_links":{"self":[{"href":"https:\/\/kmim.wm.pwr.edu.pl\/immt\/wp-json\/wp\/v2\/pages\/1448","targetHints":{"allow":["GET"]}}],"collection":[{"href":"https:\/\/kmim.wm.pwr.edu.pl\/immt\/wp-json\/wp\/v2\/pages"}],"about":[{"href":"https:\/\/kmim.wm.pwr.edu.pl\/immt\/wp-json\/wp\/v2\/types\/page"}],"author":[{"embeddable":true,"href":"https:\/\/kmim.wm.pwr.edu.pl\/immt\/wp-json\/wp\/v2\/users\/1"}],"replies":[{"embeddable":true,"href":"https:\/\/kmim.wm.pwr.edu.pl\/immt\/wp-json\/wp\/v2\/comments?post=1448"}],"version-history":[{"count":1,"href":"https:\/\/kmim.wm.pwr.edu.pl\/immt\/wp-json\/wp\/v2\/pages\/1448\/revisions"}],"predecessor-version":[{"id":1712,"href":"https:\/\/kmim.wm.pwr.edu.pl\/immt\/wp-json\/wp\/v2\/pages\/1448\/revisions\/1712"}],"up":[{"embeddable":true,"href":"https:\/\/kmim.wm.pwr.edu.pl\/immt\/wp-json\/wp\/v2\/pages\/1416"}],"wp:attachment":[{"href":"https:\/\/kmim.wm.pwr.edu.pl\/immt\/wp-json\/wp\/v2\/media?parent=1448"}],"curies":[{"name":"wp","href":"https:\/\/api.w.org\/{rel}","templated":true}]}}