{"id":1449,"date":"2008-11-18T22:20:57","date_gmt":"2008-11-18T21:20:57","guid":{"rendered":"http:\/\/kmim.wm.pwr.edu.pl\/immt\/instytut-materialoznawstwa-i-mechaniki-technicznej\/pracownicy\/osobowosci\/ryszard-zuchowski\/"},"modified":"2014-11-04T09:38:03","modified_gmt":"2014-11-04T08:38:03","slug":"ryszard-zuchowski","status":"publish","type":"page","link":"https:\/\/kmim.wm.pwr.edu.pl\/immt\/instytut-materialoznawstwa-i-mechaniki-technicznej\/pracownicy\/osobowosci\/ryszard-zuchowski\/","title":{"rendered":"Ryszard \u017buchowski"},"content":{"rendered":"<p><a href=\"http:\/\/kmim.wm.pwr.edu.pl\/immt\/wp-content\/uploads\/sites\/58\/2008\/11\/Zuchowski.jpg\"><img loading=\"lazy\" decoding=\"async\" class=\"alignright size-medium wp-image-1747\" src=\"http:\/\/kmim.wm.pwr.edu.pl\/immt\/wp-content\/uploads\/sites\/58\/2008\/11\/Zuchowski-238x300.jpg\" alt=\"Zuchowski\" width=\"238\" height=\"300\" srcset=\"https:\/\/kmim.wm.pwr.edu.pl\/immt\/wp-content\/uploads\/sites\/58\/2008\/11\/Zuchowski-238x300.jpg 238w, https:\/\/kmim.wm.pwr.edu.pl\/immt\/wp-content\/uploads\/sites\/58\/2008\/11\/Zuchowski.jpg 415w\" sizes=\"auto, (max-width: 238px) 100vw, 238px\" \/><\/a>Urodzi\u0142 si\u0119 11.01.1933 roku w Medynie (wojew\u00f3dztwo tarnopolskie). W roku 1951 uko\u0144czy\u0142 Liceum Og\u00f3\u0142nokszta\u0142c\u0105ce we Lw\u00f3wku \u015al\u0105skim. Studia wy\u017csze rozpocz\u0105\u0142 na Wydziale Lotniczym Politechniki Wroc\u0142awskiej w 1951 roku, a nast\u0119pnie kontynuowa\u0142 je na Wydziale Mechanicznym Politechniki Wroc\u0142awskiej. Uko\u0144czy\u0142 studia w 1956 roku uzyskuj\u0105c tytu\u0142 matistra in\u017cyniera mechanika.<\/p>\n<p>Prace w Politechnice Wroc\u0142awskiej rozpocz\u0105\u0142 od 1.09.1954 roku na stanowisku zast\u0119pcy asystenta w Katedrze Mechaniki Technicznej, nast\u0119pnie zosta\u0142 asystentem (1956) i starszym asystentem (1958). Stopie\u0144 doktora nauk technicznych otrzyma\u0142 w 1954 roku. W roku 1972 zosta\u0142 docentem. Stopie\u0144 naukowy doktora habilitowanego otrzyma\u0142 w roku 1987, a na stanowisko profesora nadzwyczajnego zosta\u0142 powo\u0142any w 1990 roku. Tytu\u0142 naukowy profesora otrzyma\u0142 w 1991 roku. Specjalizuje si\u0119 w mechanice ci\u0105\u0142 sta\u0142ych. Zaproponowa\u0142 w\u0142asna koncepcje miary uszkodzenia materia\u0142u i do\u015bwiadczalna weryfikacje tej miary oraz ocen\u0119 wp\u0142ywu rodzaju stanu napr\u0119\u017cenia na procesy odkszta\u0142cenia i zniszczenia stali \u017carowytrzyma\u0142ych w warunkach cyklicznych zmian temperatury.<\/p>\n<p>Pe\u0142ni\u0142 liczne funkcje kierownicze. W latach 1975 &#8211; 1978 zast\u0119pcy dyrektora Instytutu ds. Bada\u0144 Naukowych i Wsp\u00f3\u0142pracy z Przemys\u0142em, a w latach 1990 &#8211; 1991 dyrektora Instytutu Materia\u0142oznawstwa i Mechaniki Technicznej. Od 1990 roku jest kierownikiem Laboratorium Wytrzyma\u0142o\u015bci Materia\u0142\u00f3w, a od 1992 roku kierownikiem Zak\u0142adu Naukowo &#8211; Dydaktycznego Wytrzyma\u0142o\u015bci Materia\u0142\u00f3w w Instytucie Materia\u0142oznawstwa i Mechaniki Technicznej.<\/p>\n<p>W 1988 roku by\u0142 cz\u0142onkiem Mi\u0119dzynarodowego Komitetu Naukowego Konferencji NUCMAT 88, a w 1994 zosta\u0142 powo\u0142any w sk\u0142ad Komitetu Organizacyjnego V Mi\u0119dzynarodowej Konferencji Zm\u0119czenia i Zniszczenia. By\u0142 cz\u0142onkiem PTMTS, Europejskiej Grupy Mechaniki P\u0119kania, Cz\u0142onkiem Komisji Budowy Maszyn i Mechaniki oraz Komisji Nauki o Materia\u0142ach Oddzia\u0142u PAN we Wroc\u0142awiu i Zespo\u0142u Zm\u0119czenia Materia\u0142\u00f3w i Konstrukcji Komitetu Budowy Maszyn PAN.<\/p>\n<p>Jest autorem ponad 100 publikacji krajowych i zagranicznych, w tym 2 monografii: <span style=\"font-style: italic;\">Zm\u0119czenie cieplne metali i element\u00f3w konstrukcji<\/span> (1981), <span style=\"font-style: italic;\">Analiza procesu zniszczenia podczas zm\u0119czenia cieplnego metali<\/span> (1986) i jednego podr\u0119cznika akademickiego: <span style=\"font-style: italic;\">Wytrzyma\u0142o\u015b\u0107 Materia\u0142\u00f3w<\/span> (1996). Wypromowa\u0142 4 doktor\u00f3w.<\/p>\n","protected":false},"excerpt":{"rendered":"<p>Urodzi\u0142 si\u0119 11.01.1933 roku w Medynie (wojew\u00f3dztwo tarnopolskie). W roku 1951 uko\u0144czy\u0142 Liceum Og\u00f3\u0142nokszta\u0142c\u0105ce we Lw\u00f3wku \u015al\u0105skim. Studia wy\u017csze rozpocz\u0105\u0142 na Wydziale Lotniczym Politechniki Wroc\u0142awskiej w 1951 roku, a nast\u0119pnie kontynuowa\u0142 je na Wydziale Mechanicznym Politechniki Wroc\u0142awskiej. Uko\u0144czy\u0142 studia w 1956 roku uzyskuj\u0105c tytu\u0142 matistra in\u017cyniera mechanika. Prace w Politechnice Wroc\u0142awskiej rozpocz\u0105\u0142 od 1.09.1954 roku &hellip; <a href=\"https:\/\/kmim.wm.pwr.edu.pl\/immt\/instytut-materialoznawstwa-i-mechaniki-technicznej\/pracownicy\/osobowosci\/ryszard-zuchowski\/\" class=\"more-link\">Czytaj dalej <span class=\"screen-reader-text\">Ryszard \u017buchowski<\/span> <span class=\"meta-nav\">&rarr;<\/span><\/a><\/p>\n","protected":false},"author":1,"featured_media":0,"parent":1416,"menu_order":0,"comment_status":"closed","ping_status":"open","template":"","meta":{"ngg_post_thumbnail":0,"footnotes":""},"class_list":["post-1449","page","type-page","status-publish","hentry"],"publishpress_future_action":{"enabled":false,"date":"2026-04-21 08:29:13","action":"change-status","newStatus":"draft","terms":[],"taxonomy":"language","extraData":[]},"publishpress_future_workflow_manual_trigger":{"enabledWorkflows":[]},"_links":{"self":[{"href":"https:\/\/kmim.wm.pwr.edu.pl\/immt\/wp-json\/wp\/v2\/pages\/1449","targetHints":{"allow":["GET"]}}],"collection":[{"href":"https:\/\/kmim.wm.pwr.edu.pl\/immt\/wp-json\/wp\/v2\/pages"}],"about":[{"href":"https:\/\/kmim.wm.pwr.edu.pl\/immt\/wp-json\/wp\/v2\/types\/page"}],"author":[{"embeddable":true,"href":"https:\/\/kmim.wm.pwr.edu.pl\/immt\/wp-json\/wp\/v2\/users\/1"}],"replies":[{"embeddable":true,"href":"https:\/\/kmim.wm.pwr.edu.pl\/immt\/wp-json\/wp\/v2\/comments?post=1449"}],"version-history":[{"count":2,"href":"https:\/\/kmim.wm.pwr.edu.pl\/immt\/wp-json\/wp\/v2\/pages\/1449\/revisions"}],"predecessor-version":[{"id":1749,"href":"https:\/\/kmim.wm.pwr.edu.pl\/immt\/wp-json\/wp\/v2\/pages\/1449\/revisions\/1749"}],"up":[{"embeddable":true,"href":"https:\/\/kmim.wm.pwr.edu.pl\/immt\/wp-json\/wp\/v2\/pages\/1416"}],"wp:attachment":[{"href":"https:\/\/kmim.wm.pwr.edu.pl\/immt\/wp-json\/wp\/v2\/media?parent=1449"}],"curies":[{"name":"wp","href":"https:\/\/api.w.org\/{rel}","templated":true}]}}