{"id":1450,"date":"2008-11-18T22:38:39","date_gmt":"2008-11-18T21:38:39","guid":{"rendered":"http:\/\/kmim.wm.pwr.edu.pl\/immt\/instytut-materialoznawstwa-i-mechaniki-technicznej\/pracownicy\/osobowosci\/stanislaw-gladysz\/"},"modified":"2014-11-04T09:39:31","modified_gmt":"2014-11-04T08:39:31","slug":"stanislaw-gladysz","status":"publish","type":"page","link":"https:\/\/kmim.wm.pwr.edu.pl\/immt\/instytut-materialoznawstwa-i-mechaniki-technicznej\/pracownicy\/osobowosci\/stanislaw-gladysz\/","title":{"rendered":"Stanis\u0142aw G\u0142adysz"},"content":{"rendered":"<p><a href=\"http:\/\/kmim.wm.pwr.edu.pl\/immt\/wp-content\/uploads\/sites\/58\/2008\/11\/gladysz.jpg\"><img loading=\"lazy\" decoding=\"async\" class=\"alignright size-full wp-image-1752\" src=\"http:\/\/kmim.wm.pwr.edu.pl\/immt\/wp-content\/uploads\/sites\/58\/2008\/11\/gladysz.jpg\" alt=\"gladysz\" width=\"236\" height=\"304\" srcset=\"https:\/\/kmim.wm.pwr.edu.pl\/immt\/wp-content\/uploads\/sites\/58\/2008\/11\/gladysz.jpg 236w, https:\/\/kmim.wm.pwr.edu.pl\/immt\/wp-content\/uploads\/sites\/58\/2008\/11\/gladysz-232x300.jpg 232w\" sizes=\"auto, (max-width: 236px) 100vw, 236px\" \/><\/a>Stanis\u0142aw G\u0142adysz urodzi\u0142 si\u0119 22 marca 1920 roku w Piotrowie kolo Opatowa. Studia wy\u017csze uko\u0144czy\u0142 w 1948 r. na Uniwersytecie Jagiello\u0144skim. Na Politechnice Wroc\u0142awskiej pracowa\u0142 w latach 1949-1985, a tak\u017ce w latach 1986-1991. By\u0142 to okres Jego tw\u00f3rczej pracy naukowej i realizacji \u015bmia\u0142ej koncepcji stworzenia na Politechnice Wroc\u0142awskiej pr\u0119\u017cnego Instytutu Matematyki o wysokiej pozycji naukowej uznanej nie tylko w kraju, ale i na arenie mi\u0119dzynarodowej. Profesor specjalizowa\u0142 si\u0119 w teorii ergodycznej oraz procesach stochastycznych. Obok warto\u015bciowych wynik\u00f3w teoretycznych zwi\u0105zanych z t\u0105 tematyk\u0105 mia\u0142 znacz\u0105ce osi\u0105gni\u0119cia we wsp\u00f3\u0142pracy z jednostkami naukowymi zajmuj\u0105cymi si\u0119 innymi dyscyplinami, a tak\u017ce z przemys\u0142em. Byl czlonkiem Rady Wydzialu, Wydzialu Mechanicznego Politechniki, po utworzeniu Instytutu Materialoznawstwa rowniez czlonkiem Rady Naukowej tego Instytutu. Wspolpracowal z przemyslem, w tym zakresie Jego najwieksze osiagniecie to zastosowanie teorii stochastycznych procesow ergodycznych do analizy systemow transportowych kopaln odkrywkowych (czesc prac wykonal wspolnie z Prof.Prof. Jerzym Battkiem i Janem Sajkiewiczem. Profesor Stanislaw Gladysz byl tez wspolinicjatorem powstania tzw. Studium Podstawowego Nauk Technicznych\u00a0\u00a0ksztalcacego utalentowana mlodziez wydzialow technicznych, przeksztalconego po kilku latach w Wydzial Podstawowych Problemow Techniki.<\/p>\n<p>W latach 1974-1981 by\u0142 dyrektorem Instytutu Matematyki i Fizyki Teoretycznej, p\u00f3\u017aniej samodzielnego Instytutu Matematyki.<\/p>\n<p>Wypromowa\u0142 9 doktor\u00f3w.<\/p>\n<p>W 1985 roku Profesor przeni\u00f3s\u0142 si\u0119 do Wy\u017cszej Szko\u0142y Pedagogicznej w Opolu. W roku 1986 wyst\u0105pi\u0142 z koncepcj\u0105 koordynacji Centralnego Problemu Bada\u0144 Podstawowych Wykorzystanie Metod Matematycznych w Technice i zaproponowa\u0142, aby realizacja tego zamierzenia odby\u0142a si\u0119 w Instytucie Matematyki PWr.<\/p>\n<p>Realizowany w latach 1986-1990 program CPBP 01.02 prze\u0142ama\u0142 monopol Instytutu Matematycznego PAN na koordynacj\u0119 prac naukowych z matematyki w Polsce i skierowa\u0142 wysi\u0142ki uczonych na bardziej aplikacyjne tory. Po jego zako\u0144czeniu na Politechnice Wroc\u0142awskiej powsta\u0142o z inicjatywy prof. Stanis\u0142awa G\u0142adysza i prof. Aleksandra Werona Centrum Metod Stochastycznych im. Hugona Steinhausa.<\/p>\n<p>Zmar\u0142 10 grudnia 2001 roku we Wroc\u0142awiu.<\/p>\n<p><a href=\"content\/view\/828\/\/\">Wspomnienie o profesorze.<\/a><\/p>\n","protected":false},"excerpt":{"rendered":"<p>Stanis\u0142aw G\u0142adysz urodzi\u0142 si\u0119 22 marca 1920 roku w Piotrowie kolo Opatowa. Studia wy\u017csze uko\u0144czy\u0142 w 1948 r. na Uniwersytecie Jagiello\u0144skim. Na Politechnice Wroc\u0142awskiej pracowa\u0142 w latach 1949-1985, a tak\u017ce w latach 1986-1991. By\u0142 to okres Jego tw\u00f3rczej pracy naukowej i realizacji \u015bmia\u0142ej koncepcji stworzenia na Politechnice Wroc\u0142awskiej pr\u0119\u017cnego Instytutu Matematyki o wysokiej pozycji naukowej &hellip; <a href=\"https:\/\/kmim.wm.pwr.edu.pl\/immt\/instytut-materialoznawstwa-i-mechaniki-technicznej\/pracownicy\/osobowosci\/stanislaw-gladysz\/\" class=\"more-link\">Czytaj dalej <span class=\"screen-reader-text\">Stanis\u0142aw G\u0142adysz<\/span> <span class=\"meta-nav\">&rarr;<\/span><\/a><\/p>\n","protected":false},"author":1,"featured_media":0,"parent":1416,"menu_order":0,"comment_status":"closed","ping_status":"open","template":"","meta":{"ngg_post_thumbnail":0,"footnotes":""},"class_list":["post-1450","page","type-page","status-publish","hentry"],"publishpress_future_action":{"enabled":false,"date":"2026-04-12 20:22:56","action":"change-status","newStatus":"draft","terms":[],"taxonomy":"language","extraData":[]},"publishpress_future_workflow_manual_trigger":{"enabledWorkflows":[]},"_links":{"self":[{"href":"https:\/\/kmim.wm.pwr.edu.pl\/immt\/wp-json\/wp\/v2\/pages\/1450","targetHints":{"allow":["GET"]}}],"collection":[{"href":"https:\/\/kmim.wm.pwr.edu.pl\/immt\/wp-json\/wp\/v2\/pages"}],"about":[{"href":"https:\/\/kmim.wm.pwr.edu.pl\/immt\/wp-json\/wp\/v2\/types\/page"}],"author":[{"embeddable":true,"href":"https:\/\/kmim.wm.pwr.edu.pl\/immt\/wp-json\/wp\/v2\/users\/1"}],"replies":[{"embeddable":true,"href":"https:\/\/kmim.wm.pwr.edu.pl\/immt\/wp-json\/wp\/v2\/comments?post=1450"}],"version-history":[{"count":1,"href":"https:\/\/kmim.wm.pwr.edu.pl\/immt\/wp-json\/wp\/v2\/pages\/1450\/revisions"}],"predecessor-version":[{"id":1753,"href":"https:\/\/kmim.wm.pwr.edu.pl\/immt\/wp-json\/wp\/v2\/pages\/1450\/revisions\/1753"}],"up":[{"embeddable":true,"href":"https:\/\/kmim.wm.pwr.edu.pl\/immt\/wp-json\/wp\/v2\/pages\/1416"}],"wp:attachment":[{"href":"https:\/\/kmim.wm.pwr.edu.pl\/immt\/wp-json\/wp\/v2\/media?parent=1450"}],"curies":[{"name":"wp","href":"https:\/\/api.w.org\/{rel}","templated":true}]}}