{"id":1451,"date":"2008-11-18T22:54:24","date_gmt":"2008-11-18T21:54:24","guid":{"rendered":"http:\/\/kmim.wm.pwr.edu.pl\/immt\/instytut-materialoznawstwa-i-mechaniki-technicznej\/pracownicy\/osobowosci\/leszek-golaski\/"},"modified":"2014-11-03T20:16:27","modified_gmt":"2014-11-03T19:16:27","slug":"leszek-golaski","status":"publish","type":"page","link":"https:\/\/kmim.wm.pwr.edu.pl\/immt\/instytut-materialoznawstwa-i-mechaniki-technicznej\/pracownicy\/osobowosci\/leszek-golaski\/","title":{"rendered":"Leszek Go\u0142aski"},"content":{"rendered":"<p><a href=\"http:\/\/kmim.wm.pwr.edu.pl\/immt\/wp-content\/uploads\/sites\/58\/2008\/11\/Golaski.jpg\"><img loading=\"lazy\" decoding=\"async\" class=\"alignright size-medium wp-image-1704\" src=\"http:\/\/kmim.wm.pwr.edu.pl\/immt\/wp-content\/uploads\/sites\/58\/2008\/11\/Golaski-231x300.jpg\" alt=\"Golaski\" width=\"231\" height=\"300\" srcset=\"https:\/\/kmim.wm.pwr.edu.pl\/immt\/wp-content\/uploads\/sites\/58\/2008\/11\/Golaski-231x300.jpg 231w, https:\/\/kmim.wm.pwr.edu.pl\/immt\/wp-content\/uploads\/sites\/58\/2008\/11\/Golaski.jpg 401w\" sizes=\"auto, (max-width: 231px) 100vw, 231px\" \/><\/a>Urodzi\u0142 si\u0119 22.05.1933 roku w Szczytnikach (powiat Gniezno). Szko\u0142\u0119 \u015bredni\u0105 uko\u0144czy\u0142 we Wrze\u015bni w roku 1951. W latach 1951-1956 studiowa\u0142 na Wydziale Mechanicznym Politechniki Wroc\u0142awskiej. Studia uko\u0144czy\u0142 w roku 1956 uzyskuj\u0105c tytu\u0142 magistra in\u017cyniera mechanika. Od 1955 roku pracowa\u0142 w Politechnice Wroc\u0142awskiej w charakterze zast\u0119pcy asystenta w Katedrze Mechaniki Technicznej, od roku 1958 na stanowisku starszego asystenta. W roku 1964 uzyska\u0142 stopie\u0144 doktora nauk technicznych. Na stanowisko dycenta zosta\u0142 powo\u0142any w roku 1970. Tytu\u0142 naukowy profesora uzyska\u0142 w roku 1993 na wniosek Politechniki Wroc\u0142awskiej.<\/p>\n<p>Specjalizuje si\u0119 w wytrzyma\u0142o\u015bci materia\u0142\u00f3w oraz mechanice p\u0119kania.<\/p>\n<p>Pe\u0142ni\u0142 liczne funkcje: w latach 1971-1974 by\u0142 zast\u0119pc\u0105 dyrektora Filii w K\u0142odzku, 1972-1975 zast\u0119pc\u0105 dyrektora ds. bada\u0144 naukowych i wsp\u00f3\u0142pracy z przemys\u0142em, w latach 1973-1975 kierownikiem Zak\u0142adu In\u017cynierii Materia\u0142owej.<\/p>\n<p>Od 01.09.1984 roku urlopowany w celu umo\u017cliwienia zatrudnienia w Politechnice \u015awi\u0119tokrzyskiej. Od 1986 roku stale zatrudniony w Politechnice \u015awi\u0119tokrzyskiej.<\/p>\n<p>W roku 1993 uzyska\u0142 tytu\u0142 profesora zwyczajnego.<\/p>\n<p>&nbsp;<\/p>\n<div align=\"center\"><span style=\"font-size: xx-small;\">Notka biograficzna:<\/span><\/div>\n<p><strong>Przebieg pracy zawodowej<\/strong><strong>\u00a0<\/strong><br \/>\n1955-1964 &#8211; asystent, Politechnika Wroc\u0142awska<br \/>\n1964-1970 &#8211; adiunkt, Politechnika Wroc\u0142awska<br \/>\n1970-1986 &#8211; docent, Politechnika Wroc\u0142awska<br \/>\n1986-1994 &#8211; docent, Politechnika \u015awi\u0119tokrzyska<br \/>\n1994-1996 &#8211; prof. nazw. \u00a0Politechnika \u015awi\u0119tokrzyska<br \/>\n1996-2003 &#8211; prof. zw. Politechnika \u015awi\u0119tokrzyska<br \/>\nod 2003 &#8211; profesor nadzwyczajny Politechnika \u015awi\u0119tokrzyska<\/p>\n<p><strong>Pe\u0142nione funkcje<\/strong><br \/>\n1986-1990 &#8211; prorektor ds. og\u00f3lnych P\u015ak<br \/>\n1993-1999 &#8211; prodziekan ds. bada\u0144 naukowych Wydzia\u0142u Budownictwa L\u0105dowego<br \/>\n1994-2005 &#8211; kierownik Katedry Wytrzyma\u0142o\u015bci Materia\u0142\u00f3w<br \/>\nWydzia\u0142u Budownictwa i In\u017cynierii \u015arodowisk<\/p>\n<p>Wi\u0119cej informacji <a href=\"http:\/\/www.tu.kielce.pl\/organizacja\/wbiis\/jednostki\/pracownik.mhtml\/id=194\" target=\"_blank\">na stronie<\/a>.<\/p>\n","protected":false},"excerpt":{"rendered":"<p>Urodzi\u0142 si\u0119 22.05.1933 roku w Szczytnikach (powiat Gniezno). Szko\u0142\u0119 \u015bredni\u0105 uko\u0144czy\u0142 we Wrze\u015bni w roku 1951. W latach 1951-1956 studiowa\u0142 na Wydziale Mechanicznym Politechniki Wroc\u0142awskiej. Studia uko\u0144czy\u0142 w roku 1956 uzyskuj\u0105c tytu\u0142 magistra in\u017cyniera mechanika. Od 1955 roku pracowa\u0142 w Politechnice Wroc\u0142awskiej w charakterze zast\u0119pcy asystenta w Katedrze Mechaniki Technicznej, od roku 1958 na stanowisku &hellip; <a href=\"https:\/\/kmim.wm.pwr.edu.pl\/immt\/instytut-materialoznawstwa-i-mechaniki-technicznej\/pracownicy\/osobowosci\/leszek-golaski\/\" class=\"more-link\">Czytaj dalej <span class=\"screen-reader-text\">Leszek Go\u0142aski<\/span> <span class=\"meta-nav\">&rarr;<\/span><\/a><\/p>\n","protected":false},"author":1,"featured_media":0,"parent":1416,"menu_order":0,"comment_status":"closed","ping_status":"open","template":"","meta":{"ngg_post_thumbnail":0,"footnotes":""},"class_list":["post-1451","page","type-page","status-publish","hentry"],"publishpress_future_action":{"enabled":false,"date":"2026-05-03 16:12:29","action":"change-status","newStatus":"draft","terms":[],"taxonomy":"language","extraData":[]},"publishpress_future_workflow_manual_trigger":{"enabledWorkflows":[]},"_links":{"self":[{"href":"https:\/\/kmim.wm.pwr.edu.pl\/immt\/wp-json\/wp\/v2\/pages\/1451","targetHints":{"allow":["GET"]}}],"collection":[{"href":"https:\/\/kmim.wm.pwr.edu.pl\/immt\/wp-json\/wp\/v2\/pages"}],"about":[{"href":"https:\/\/kmim.wm.pwr.edu.pl\/immt\/wp-json\/wp\/v2\/types\/page"}],"author":[{"embeddable":true,"href":"https:\/\/kmim.wm.pwr.edu.pl\/immt\/wp-json\/wp\/v2\/users\/1"}],"replies":[{"embeddable":true,"href":"https:\/\/kmim.wm.pwr.edu.pl\/immt\/wp-json\/wp\/v2\/comments?post=1451"}],"version-history":[{"count":1,"href":"https:\/\/kmim.wm.pwr.edu.pl\/immt\/wp-json\/wp\/v2\/pages\/1451\/revisions"}],"predecessor-version":[{"id":1705,"href":"https:\/\/kmim.wm.pwr.edu.pl\/immt\/wp-json\/wp\/v2\/pages\/1451\/revisions\/1705"}],"up":[{"embeddable":true,"href":"https:\/\/kmim.wm.pwr.edu.pl\/immt\/wp-json\/wp\/v2\/pages\/1416"}],"wp:attachment":[{"href":"https:\/\/kmim.wm.pwr.edu.pl\/immt\/wp-json\/wp\/v2\/media?parent=1451"}],"curies":[{"name":"wp","href":"https:\/\/api.w.org\/{rel}","templated":true}]}}

Leszek Gołaski

<p><a href="http://kmim.wm.pwr.edu.pl/immt/wp-content/uploads/sites/58/2008/11/Golaski.jpg"><img loading="lazy" decoding="async" class="alignright size-medium wp-image-1704" src="http://kmim.wm.pwr.edu.pl/immt/wp-content/uploads/sites/58/2008/11/Golaski-231x300.jpg" alt="Golaski" width="231" height="300" srcset="https://kmim.wm.pwr.edu.pl/immt/wp-content/uploads/sites/58/2008/11/Golaski-231x300.jpg 231w, https://kmim.wm.pwr.edu.pl/immt/wp-content/uploads/sites/58/2008/11/Golaski.jpg 401w" sizes="auto, (max-width: 231px) 100vw, 231px" /></a>Urodził się 22.05.1933 roku w Szczytnikach (powiat Gniezno). Szkołę średnią ukończył we Wrześni w roku 1951. W latach 1951-1956 studiował na Wydziale Mechanicznym Politechniki Wrocławskiej. Studia ukończył w roku 1956 uzyskując tytuł magistra inżyniera mechanika. Od 1955 roku pracował w Politechnice Wrocławskiej w charakterze zastępcy asystenta w Katedrze Mechaniki Technicznej, od roku 1958 na stanowisku starszego asystenta. W roku 1964 uzyskał stopień doktora nauk technicznych. Na stanowisko dycenta został powołany w roku 1970. Tytuł naukowy profesora uzyskał w roku 1993 na wniosek Politechniki Wrocławskiej.</p>
<p>Specjalizuje się w wytrzymałości materiałów oraz mechanice pękania.</p>
<p>Pełnił liczne funkcje: w latach 1971-1974 był zastępcą dyrektora Filii w Kłodzku, 1972-1975 zastępcą dyrektora ds. badań naukowych i współpracy z przemysłem, w latach 1973-1975 kierownikiem Zakładu Inżynierii Materiałowej.</p>
<p>Od 01.09.1984 roku urlopowany w celu umożliwienia zatrudnienia w Politechnice Świętokrzyskiej. Od 1986 roku stale zatrudniony w Politechnice Świętokrzyskiej.</p>
<p>W roku 1993 uzyskał tytuł profesora zwyczajnego.</p>
<p>&nbsp;</p>
<div align="center"><span style="font-size: xx-small;">Notka biograficzna:</span></div>
<p><strong>Przebieg pracy zawodowej</strong><strong> </strong><br />
1955-1964 &#8211; asystent, Politechnika Wrocławska<br />
1964-1970 &#8211; adiunkt, Politechnika Wrocławska<br />
1970-1986 &#8211; docent, Politechnika Wrocławska<br />
1986-1994 &#8211; docent, Politechnika Świętokrzyska<br />
1994-1996 &#8211; prof. nazw.  Politechnika Świętokrzyska<br />
1996-2003 &#8211; prof. zw. Politechnika Świętokrzyska<br />
od 2003 &#8211; profesor nadzwyczajny Politechnika Świętokrzyska</p>
<p><strong>Pełnione funkcje</strong><br />
1986-1990 &#8211; prorektor ds. ogólnych PŚk<br />
1993-1999 &#8211; prodziekan ds. badań naukowych Wydziału Budownictwa Lądowego<br />
1994-2005 &#8211; kierownik Katedry Wytrzymałości Materiałów<br />
Wydziału Budownictwa i Inżynierii Środowisk</p>
<p>Więcej informacji <a href="http://www.tu.kielce.pl/organizacja/wbiis/jednostki/pracownik.mhtml/id=194" target="_blank">na stronie</a>.</p>

<p>Urodził się 22.05.1933 roku w Szczytnikach (powiat Gniezno). Szkołę średnią ukończył we Wrześni w roku 1951. W latach 1951-1956 studiował na Wydziale Mechanicznym Politechniki Wrocławskiej. Studia ukończył w roku 1956 uzyskując tytuł magistra inżyniera mechanika. Od 1955 roku pracował w Politechnice Wrocławskiej w charakterze zastępcy asystenta w Katedrze Mechaniki Technicznej, od roku 1958 na stanowisku &hellip; <a href="https://kmim.wm.pwr.edu.pl/immt/instytut-materialoznawstwa-i-mechaniki-technicznej/pracownicy/osobowosci/leszek-golaski/" class="more-link">Czytaj dalej <span class="screen-reader-text">Leszek Gołaski</span> <span class="meta-nav">&rarr;</span></a></p>
