{"id":1458,"date":"2009-01-14T17:15:28","date_gmt":"2009-01-14T16:15:28","guid":{"rendered":"http:\/\/kmim.wm.pwr.edu.pl\/immt\/instytut-materialoznawstwa-i-mechaniki-technicznej\/pracownicy\/osobowosci\/stanislaw-piesiak\/"},"modified":"2009-01-14T17:15:28","modified_gmt":"2009-01-14T16:15:28","slug":"stanislaw-piesiak","status":"publish","type":"page","link":"https:\/\/kmim.wm.pwr.edu.pl\/immt\/instytut-materialoznawstwa-i-mechaniki-technicznej\/pracownicy\/osobowosci\/stanislaw-piesiak\/","title":{"rendered":"Stanis\u0142aw Piesiak"},"content":{"rendered":"<p><span style=\"font-weight: bold;\"> Dr hab. in\u017c. Stanis\u0142aw Piesiak<\/span>  urodzi\u0142 si\u0119  3 lipca 1940 roku w Wirkowicach k\/ Zamo\u015bcia. Studia wy\u017csze  uko\u0144czy\u0142 w 1963 roku na  Wydziale  Mechanicznym Politechniki Wroc\u0142awskiej uzyskuj\u0105c dyplom  magistra in\u017cyniera  mechanika w specjalno\u015bci  Maszyny Robocze Ci\u0119\u017ckie. W okresie od 6 wrze\u015bnia 1963r. do 28 lutego 1964r.  pracowa\u0142 w Przedsi\u0119biorstwie  Zmechanizowanych Rob\u00f3t Ziemnych.  Na Wydzia\u0142  Mechaniczny Politechniki Wroc\u0142awskiej zosta\u0142 przyj\u0119ty  1 marca 1964r. <\/p>\n<p>Do roku 1971 by\u0142 asystentem i starszym asystentem, od roku 1971 adiunktem. W roku 1971 roku obroni\u0142 prac\u0119  doktorsk\u0105 za\u015b w 2003 roku  prac\u0119 habilitacyjn\u0105.  W 1974r. odby\u0142 p\u00f3\u0142roczny sta\u017c  w S\u0142owackiej Akademii Nauk w Bratys\u0142awie. <\/p>\n<p>Pe\u0142ni\u0142 funkcje prodziekana  Wydzia\u0142u Mechanicznego  w latach 1993 &#8211; 1996. W latach 1999 &#8211; 2005 pe\u0142ni\u0142 funkcj\u0119 z-cy dyrektora Instytutu Materia\u0142oznawstwa  i Mechaniki Technicznej. Prodziekan elekt Wydzia\u0142u Mechanicznego 2005-2008. Specjalizuje si\u0119 w dynamice konstrukcji mechanicznych a w szczeg\u00f3lno\u015bci zagadnieniami  identyfikacji i modelowania  uk\u0142ad\u00f3w  nieliniowych poddanych  z\u0142o\u017conym obci\u0105\u017ceniom  dynamicznym. <\/p>\n<p>Opracowa\u0142 oryginalne metody identyfikacji uk\u0142ad\u00f3w zdegenerowanych opisuj\u0105ce w\u0142asno\u015bci r\u00f3\u017cnych  materia\u0142\u00f3w  pod wp\u0142ywem obci\u0105\u017ce\u0144 harmonicznych,  losowych, udarowych.  Jest autorem 70 publikacji krajowych i zagranicznych. Jest  autorem  lub wsp\u00f3\u0142autorem czterech ksi\u0105\u017cek, dw\u00f3ch skrypt\u00f3w i jednej monografii. <\/p>\n<p>Otrzyma\u0142  Z\u0142ot\u0105 Odznak\u0119 Politechniki Wroc\u0142awskiej, Z\u0142oty Krzy\u017c Zas\u0142ugi, najwy\u017csze odznaczenia Stowarzyszenia In\u017cynier\u00f3w i Mechanik\u00f3w Polskich oraz sp\u00f3\u0142dzielczo\u015bci mieszkaniowej.     <\/p>\n","protected":false},"excerpt":{"rendered":"<p>Dr hab. in\u017c. Stanis\u0142aw Piesiak urodzi\u0142 si\u0119 3 lipca 1940 roku w Wirkowicach k\/ Zamo\u015bcia. Studia wy\u017csze uko\u0144czy\u0142 w 1963 roku na Wydziale Mechanicznym Politechniki Wroc\u0142awskiej uzyskuj\u0105c dyplom magistra in\u017cyniera mechanika w specjalno\u015bci Maszyny Robocze Ci\u0119\u017ckie. W okresie od 6 wrze\u015bnia 1963r. do 28 lutego 1964r. pracowa\u0142 w Przedsi\u0119biorstwie Zmechanizowanych Rob\u00f3t Ziemnych. Na Wydzia\u0142 Mechaniczny &hellip; <a href=\"https:\/\/kmim.wm.pwr.edu.pl\/immt\/instytut-materialoznawstwa-i-mechaniki-technicznej\/pracownicy\/osobowosci\/stanislaw-piesiak\/\" class=\"more-link\">Czytaj dalej <span class=\"screen-reader-text\">Stanis\u0142aw Piesiak<\/span> <span class=\"meta-nav\">&rarr;<\/span><\/a><\/p>\n","protected":false},"author":1,"featured_media":0,"parent":1416,"menu_order":0,"comment_status":"closed","ping_status":"open","template":"","meta":{"ngg_post_thumbnail":0,"footnotes":""},"class_list":["post-1458","page","type-page","status-publish","hentry"],"publishpress_future_action":{"enabled":false,"date":"2026-04-21 23:37:19","action":"change-status","newStatus":"draft","terms":[],"taxonomy":"language","extraData":[]},"publishpress_future_workflow_manual_trigger":{"enabledWorkflows":[]},"_links":{"self":[{"href":"https:\/\/kmim.wm.pwr.edu.pl\/immt\/wp-json\/wp\/v2\/pages\/1458","targetHints":{"allow":["GET"]}}],"collection":[{"href":"https:\/\/kmim.wm.pwr.edu.pl\/immt\/wp-json\/wp\/v2\/pages"}],"about":[{"href":"https:\/\/kmim.wm.pwr.edu.pl\/immt\/wp-json\/wp\/v2\/types\/page"}],"author":[{"embeddable":true,"href":"https:\/\/kmim.wm.pwr.edu.pl\/immt\/wp-json\/wp\/v2\/users\/1"}],"replies":[{"embeddable":true,"href":"https:\/\/kmim.wm.pwr.edu.pl\/immt\/wp-json\/wp\/v2\/comments?post=1458"}],"version-history":[{"count":0,"href":"https:\/\/kmim.wm.pwr.edu.pl\/immt\/wp-json\/wp\/v2\/pages\/1458\/revisions"}],"up":[{"embeddable":true,"href":"https:\/\/kmim.wm.pwr.edu.pl\/immt\/wp-json\/wp\/v2\/pages\/1416"}],"wp:attachment":[{"href":"https:\/\/kmim.wm.pwr.edu.pl\/immt\/wp-json\/wp\/v2\/media?parent=1458"}],"curies":[{"name":"wp","href":"https:\/\/api.w.org\/{rel}","templated":true}]}}