{"id":1464,"date":"2004-06-29T21:37:09","date_gmt":"2004-06-29T19:37:09","guid":{"rendered":"http:\/\/kmim.wm.pwr.edu.pl\/immt\/instytut-materialoznawstwa-i-mechaniki-technicznej\/mozliwosci-badawcze-instytutu\/laboratorium-badawcze-materialow-konstrukcyjnych\/procedury-badawcze\/"},"modified":"2004-06-29T21:37:09","modified_gmt":"2004-06-29T19:37:09","slug":"procedury-badawcze","status":"publish","type":"page","link":"https:\/\/kmim.wm.pwr.edu.pl\/immt\/instytut-materialoznawstwa-i-mechaniki-technicznej\/mozliwosci-badawcze-instytutu\/laboratorium-badawcze-materialow-konstrukcyjnych\/procedury-badawcze\/","title":{"rendered":"Procedury Badawcze"},"content":{"rendered":"<ol>\n<li>Pr\u00f3ba rozci\u0105gania. <\/li>\n<li>Okre\u015blenie odporno\u015bci na p\u0119kanie w p\u0142askim stanie odkszta\u0142cenia <\/li>\n<li>Badania zm\u0119czenieniowe <\/li>\n<li>Wyznaczenie ilo\u015bci austenitu szcz\u0105tkowego metod\u0105 dyfrakcji rentgenowskiej <\/li>\n<li>Pomiar napr\u0119\u017ce\u0144 w\u0142asnych metod\u0105 dyfrakcji rentgenowskiej <\/li>\n<li>Okre\u015blenie mikrostruktury grafitu w \u017celiwie <\/li>\n<li>Okre\u015blenie mikrostruktury osnowy metalowej \u017celiwa szarego sferoidalnego      i ci\u0105gliwego <\/li>\n<li>Mikroskopowe okre\u015blanie wielko\u015bci ziarna (metoda por\u00f3wnawcza) <\/li>\n<li>Badania makrostruktury stali. Pr\u00f3ba g\u0142\u0119bokiego trawienia <\/li>\n<li>Okre\u015blenie udzia\u0142u faz za pomoc\u0105 mikroskopii \u015bwietlnej     (met. punktow\u0105 za pomoc\u0105 cyfrowego analizatora obrazu) <\/li>\n<li>Pomiar grubo\u015bci pow\u0142ok metalowych i warstw tlenkowych metod\u0105 mikroskopow\u0105 <\/li>\n<li>Badania makroskopowe: pr\u00f3ba Baumanna <\/li>\n<li>Okre\u015blenie umownej grubo\u015bci warstwy naw\u0119glanej i zahartowanej <\/li>\n<li>Pomiar twardo\u015bci metali sposobem Vickersa <\/li>\n<li>Pr\u00f3ba twardo\u015bci z\u0142\u0105czy spawanych <\/li>\n<li>Badania makroskopowe i mikroskopowe z\u0142\u0105czy spawanych <\/li>\n<\/ol>\n","protected":false},"excerpt":{"rendered":"<p>Pr\u00f3ba rozci\u0105gania. Okre\u015blenie odporno\u015bci na p\u0119kanie w p\u0142askim stanie odkszta\u0142cenia Badania zm\u0119czenieniowe Wyznaczenie ilo\u015bci austenitu szcz\u0105tkowego metod\u0105 dyfrakcji rentgenowskiej Pomiar napr\u0119\u017ce\u0144 w\u0142asnych metod\u0105 dyfrakcji rentgenowskiej Okre\u015blenie mikrostruktury grafitu w \u017celiwie Okre\u015blenie mikrostruktury osnowy metalowej \u017celiwa szarego sferoidalnego i ci\u0105gliwego Mikroskopowe okre\u015blanie wielko\u015bci ziarna (metoda por\u00f3wnawcza) Badania makrostruktury stali. Pr\u00f3ba g\u0142\u0119bokiego trawienia Okre\u015blenie udzia\u0142u faz za &hellip; <a href=\"https:\/\/kmim.wm.pwr.edu.pl\/immt\/instytut-materialoznawstwa-i-mechaniki-technicznej\/mozliwosci-badawcze-instytutu\/laboratorium-badawcze-materialow-konstrukcyjnych\/procedury-badawcze\/\" class=\"more-link\">Czytaj dalej <span class=\"screen-reader-text\">Procedury Badawcze<\/span> <span class=\"meta-nav\">&rarr;<\/span><\/a><\/p>\n","protected":false},"author":1,"featured_media":0,"parent":1429,"menu_order":0,"comment_status":"closed","ping_status":"open","template":"","meta":{"ngg_post_thumbnail":0,"footnotes":""},"class_list":["post-1464","page","type-page","status-publish","hentry"],"publishpress_future_action":{"enabled":false,"date":"2026-04-14 23:04:07","action":"change-status","newStatus":"draft","terms":[],"taxonomy":"language","extraData":[]},"publishpress_future_workflow_manual_trigger":{"enabledWorkflows":[]},"_links":{"self":[{"href":"https:\/\/kmim.wm.pwr.edu.pl\/immt\/wp-json\/wp\/v2\/pages\/1464","targetHints":{"allow":["GET"]}}],"collection":[{"href":"https:\/\/kmim.wm.pwr.edu.pl\/immt\/wp-json\/wp\/v2\/pages"}],"about":[{"href":"https:\/\/kmim.wm.pwr.edu.pl\/immt\/wp-json\/wp\/v2\/types\/page"}],"author":[{"embeddable":true,"href":"https:\/\/kmim.wm.pwr.edu.pl\/immt\/wp-json\/wp\/v2\/users\/1"}],"replies":[{"embeddable":true,"href":"https:\/\/kmim.wm.pwr.edu.pl\/immt\/wp-json\/wp\/v2\/comments?post=1464"}],"version-history":[{"count":0,"href":"https:\/\/kmim.wm.pwr.edu.pl\/immt\/wp-json\/wp\/v2\/pages\/1464\/revisions"}],"up":[{"embeddable":true,"href":"https:\/\/kmim.wm.pwr.edu.pl\/immt\/wp-json\/wp\/v2\/pages\/1429"}],"wp:attachment":[{"href":"https:\/\/kmim.wm.pwr.edu.pl\/immt\/wp-json\/wp\/v2\/media?parent=1464"}],"curies":[{"name":"wp","href":"https:\/\/api.w.org\/{rel}","templated":true}]}}