{"id":1466,"date":"2005-03-15T10:01:49","date_gmt":"2005-03-15T09:01:49","guid":{"rendered":"http:\/\/kmim.wm.pwr.edu.pl\/immt\/instytut-materialoznawstwa-i-mechaniki-technicznej\/mozliwosci-badawcze-instytutu\/laboratorium-badawcze-materialow-konstrukcyjnych\/deklaracja-polityki-jakosci\/"},"modified":"2005-03-15T10:01:49","modified_gmt":"2005-03-15T09:01:49","slug":"deklaracja-polityki-jakosci","status":"publish","type":"page","link":"https:\/\/kmim.wm.pwr.edu.pl\/immt\/instytut-materialoznawstwa-i-mechaniki-technicznej\/mozliwosci-badawcze-instytutu\/laboratorium-badawcze-materialow-konstrukcyjnych\/deklaracja-polityki-jakosci\/","title":{"rendered":"Deklaracja polityki jako\u015bci"},"content":{"rendered":"<p>Dyrekcja Instytutu Materia\u0142oznawstwa i Mechaniki Technicznej Politechniki Wroc\u0142awskiej przyj\u0119\u0142a polityk\u0119 dzia\u0142ania, kt\u00f3ra b\u0119dzie polega\u0142a na utrzymaniu wysokiego poziomu jako\u015bci we wszystkich aspektach pracy Laboratorium Badawczego Materia\u0142\u00f3w Konstrukcyjnych (LB).<\/p>\n<p>  Podstawowym celem dzia\u0142alno\u015bci LB jest zrozumienie i zaspokojenie obecnych i przysz\u0142ych potrzeb klient\u00f3w, jak r\u00f3wnie\u017c rzetelne, wiarygodne i kompetentne wykonanie zleconych zada\u0144 z zachowaniem poufno\u015bci, bez ulegania jakimkolwiek naciskom finansowym i innym.  <\/p>\n<p>Realizacja tego celu jest oparta na zidentyfikowanych i ci\u0105gle doskonalonych dzia\u0142aniach, efektywnie wykorzystywanych zasobach oraz na w\u0142a\u015bciwym podziale uprawnie\u0144 i odpowiedzialno\u015bci personelu.  <\/p>\n<p>Realizacja polityki jako\u015bci jest i b\u0119dzie oparta na systematycznym szkoleniu i podnoszeniu kwalifikacji personelu LB.  <\/p>\n<p>Dyrekcja Instytutu Materia\u0142oznawstwa i Mechaniki Technicznej Politechniki Wroc\u0142awskiej zobowi\u0105zuje ca\u0142y personel do stosowania dobrej praktyki profesjonalnej oraz utrzymywania wysokiej jako\u015bci bada\u0144 w pracach w\u0142asnych i w us\u0142ugach \u015bwiadczonych dla klient\u00f3w.  <\/p>\n<p>Jako odpowiedzialny za Polityk\u0119 Jako\u015bci deklaruj\u0119 dost\u0119pno\u015b\u0107 niezb\u0119dnych zasob\u00f3w oraz zapewniam, \u017ce polityka jako\u015bci jest znana, rozumiana i stosowana przez ca\u0142y personel LB.<\/p>\n<p style=\"text-align: right;\">Dyrektor Instytutu Materia\u0142oznawstwa<br \/>i Mechaniki Technicznej<br \/> Politechniki Wroc\u0142awskiej  <\/p>\n","protected":false},"excerpt":{"rendered":"<p>Dyrekcja Instytutu Materia\u0142oznawstwa i Mechaniki Technicznej Politechniki Wroc\u0142awskiej przyj\u0119\u0142a polityk\u0119 dzia\u0142ania, kt\u00f3ra b\u0119dzie polega\u0142a na utrzymaniu wysokiego poziomu jako\u015bci we wszystkich aspektach pracy Laboratorium Badawczego Materia\u0142\u00f3w Konstrukcyjnych (LB). Podstawowym celem dzia\u0142alno\u015bci LB jest zrozumienie i zaspokojenie obecnych i przysz\u0142ych potrzeb klient\u00f3w, jak r\u00f3wnie\u017c rzetelne, wiarygodne i kompetentne wykonanie zleconych zada\u0144 z zachowaniem poufno\u015bci, bez ulegania &hellip; <a href=\"https:\/\/kmim.wm.pwr.edu.pl\/immt\/instytut-materialoznawstwa-i-mechaniki-technicznej\/mozliwosci-badawcze-instytutu\/laboratorium-badawcze-materialow-konstrukcyjnych\/deklaracja-polityki-jakosci\/\" class=\"more-link\">Czytaj dalej <span class=\"screen-reader-text\">Deklaracja polityki jako\u015bci<\/span> <span class=\"meta-nav\">&rarr;<\/span><\/a><\/p>\n","protected":false},"author":1,"featured_media":0,"parent":1429,"menu_order":0,"comment_status":"closed","ping_status":"open","template":"","meta":{"ngg_post_thumbnail":0,"footnotes":""},"class_list":["post-1466","page","type-page","status-publish","hentry"],"publishpress_future_action":{"enabled":false,"date":"2026-04-22 23:16:59","action":"change-status","newStatus":"draft","terms":[],"taxonomy":"language","extraData":[]},"publishpress_future_workflow_manual_trigger":{"enabledWorkflows":[]},"_links":{"self":[{"href":"https:\/\/kmim.wm.pwr.edu.pl\/immt\/wp-json\/wp\/v2\/pages\/1466","targetHints":{"allow":["GET"]}}],"collection":[{"href":"https:\/\/kmim.wm.pwr.edu.pl\/immt\/wp-json\/wp\/v2\/pages"}],"about":[{"href":"https:\/\/kmim.wm.pwr.edu.pl\/immt\/wp-json\/wp\/v2\/types\/page"}],"author":[{"embeddable":true,"href":"https:\/\/kmim.wm.pwr.edu.pl\/immt\/wp-json\/wp\/v2\/users\/1"}],"replies":[{"embeddable":true,"href":"https:\/\/kmim.wm.pwr.edu.pl\/immt\/wp-json\/wp\/v2\/comments?post=1466"}],"version-history":[{"count":0,"href":"https:\/\/kmim.wm.pwr.edu.pl\/immt\/wp-json\/wp\/v2\/pages\/1466\/revisions"}],"up":[{"embeddable":true,"href":"https:\/\/kmim.wm.pwr.edu.pl\/immt\/wp-json\/wp\/v2\/pages\/1429"}],"wp:attachment":[{"href":"https:\/\/kmim.wm.pwr.edu.pl\/immt\/wp-json\/wp\/v2\/media?parent=1466"}],"curies":[{"name":"wp","href":"https:\/\/api.w.org\/{rel}","templated":true}]}}