{"id":1521,"date":"2009-03-03T17:16:30","date_gmt":"2009-03-03T16:16:30","guid":{"rendered":"http:\/\/kmim.wm.pwr.edu.pl\/immt\/instytut-materialoznawstwa-i-mechaniki-technicznej\/badania-naukowe\/projekty-finansowane-ze-srodkow-europejskich\/nanomitex\/"},"modified":"2014-11-02T20:49:35","modified_gmt":"2014-11-02T19:49:35","slug":"nanomitex","status":"publish","type":"page","link":"https:\/\/kmim.wm.pwr.edu.pl\/immt\/instytut-materialoznawstwa-i-mechaniki-technicznej\/badania-naukowe\/projekty-finansowane-ze-srodkow-europejskich\/nanomitex\/","title":{"rendered":"Nanomitex"},"content":{"rendered":"<p><a href=\"http:\/\/kmim.wm.pwr.edu.pl\/immt\/wp-content\/uploads\/sites\/58\/2009\/03\/nss.jpg\"><img loading=\"lazy\" decoding=\"async\" class=\"alignleft size-full wp-image-1587\" src=\"http:\/\/kmim.wm.pwr.edu.pl\/immt\/wp-content\/uploads\/sites\/58\/2009\/03\/nss.jpg\" alt=\"nss\" width=\"167\" height=\"60\" \/><\/a><a href=\"http:\/\/kmim.wm.pwr.edu.pl\/immt\/wp-content\/uploads\/sites\/58\/2009\/03\/efrr.jpg\"><img loading=\"lazy\" decoding=\"async\" class=\"alignright size-full wp-image-1588\" src=\"http:\/\/kmim.wm.pwr.edu.pl\/immt\/wp-content\/uploads\/sites\/58\/2009\/03\/efrr.jpg\" alt=\"efrr\" width=\"231\" height=\"60\" \/><\/a><\/p>\n<p>&nbsp;<\/p>\n<p>&nbsp;<\/p>\n<p>Projekty wsp\u00f3\u0142finansowane przez\u00a0 Uni\u0119\u00a0 Europejsk\u0105 ze\u00a0 \u015brodk\u00f3w\u00a0 Europejskiego\u00a0 Funduszu\u00a0 Rozwoju\u00a0 Regionalnego w ramach Projektu Innowacyjna Gospodarka, 2007 &#8211; 2013<\/p>\n<p>Informujemy, \u017ce Politechnika Wroc\u0142awska, Instytut Materia\u0142oznawstwa i Mechaniki Technicznej (IMMT) jest Partnerem w Projekcie Kluczowym:<\/p>\n<p><a href=\"http:\/\/kmim.wm.pwr.edu.pl\/immt\/wp-content\/uploads\/sites\/58\/2009\/03\/nanomitex.png\"><img loading=\"lazy\" decoding=\"async\" class=\"alignleft wp-image-1590 size-full\" src=\"http:\/\/kmim.wm.pwr.edu.pl\/immt\/wp-content\/uploads\/sites\/58\/2009\/03\/nanomitex.png\" alt=\"nanomitex\" width=\"178\" height=\"80\" \/><\/a>\u201eFunkcjonalne nano- i mikromateria\u0142y w\u0142\u00f3kiennicze\u201d PO IG.01.03.01-10-004\/08 kt\u00f3rego Liderem jest Instytut W\u0142\u00f3kiennictwa w \u0141odzi.<\/p>\n<p>Kontakt:<\/p>\n<table style=\"width: 100%;\" border=\"0\" align=\"center\">\n<tbody>\n<tr>\n<td>Biuro Partnera Projektu <span style=\"font-weight: bold;\">NANOMITEX<\/span><br style=\"font-weight: bold;\" \/> Dr Marek Jasiorski<br \/>\nmarek&#46;ja&#115;&#105;&#111;&#114;&#115;&#107;&#105;&#64;&#112;&#119;&#x72;&#x2e;&#x77;&#x72;&#x6f;&#x63;&#x2e;&#x70;&#x6c;<span style=\"color: white;\">.com<\/span><br \/>\n&#x6e;&#x61;&#x6e;&#x6f;&#x6d;&#x69;&#x74;&#101;&#120;&#64;&#112;&#119;r&#46;wr&#x6f;&#x63;&#x2e;&#x70;&#x6c;<span style=\"color: white;\">.com<\/span><br \/>\ntel. (48 71) 320 32 21<\/td>\n<td>Biuro Lidera Projektu <span style=\"font-weight: bold;\">NANOMITEX<\/span><br \/>\ndr in\u017c. Ma\u0142gorzata Cie\u015blak<br \/>\n&#x63;i&#x65;&#115;l&#x61;&#107;&#x6d;&#x2e;&#64;&#x69;&#119;&#46;&#x6c;&#111;&#x64;&#122;&#46;&#x70;&#108;<span style=\"color: white;\">.com<\/span><br \/>\n&#110;&#x61;n&#x6f;&#x6d;&#105;&#x74;e&#120;&#x40;&#105;&#x77;&#46;&#108;&#x6f;d&#x7a;&#46;&#112;&#x6c;<span style=\"color: white;\">.com<\/span><br \/>\ntel. (48 42) 25 34\u00a0405<\/td>\n<\/tr>\n<\/tbody>\n<\/table>\n<p>Projekt Kluczowy realizowany jest w ramach Programu Operacyjnego Innowacyjna Gospodarka:<\/p>\n<p><span style=\"font-weight: bold;\">Priorytet 1.<\/span> Badania i rozw\u00f3j nowoczesnych technologii<\/p>\n<p><span style=\"font-weight: bold;\">Dzia\u0142anie 1.3.<\/span> Wsparcie projekt\u00f3w B+R na rzecz przedsi\u0119biorc\u00f3w realizowanych przez jednostki naukowe<\/p>\n<p><span style=\"font-weight: bold;\">Poddzia\u0142anie 1.3.1.<\/span> Projekty rozwojowe<\/p>\n<p>Po pozytywnym zaopiniowaniu projektu przez Zespo\u0142y Zadaniowe do spraw oceny wniosk\u00f3w wsp\u00f3\u0142finansowanych z funduszy strukturalnych oraz zarekomendowaniu go przez Ministra Nauki i Szkolnictwa Wy\u017cszego do dofinansowania, Minister Rozwoju Regionalnego zatwierdzi\u0142 wniosek projektowy i w grudniu 2008 roku zosta\u0142a zawarta umowa z Ministrem Nauki i Szkolnictwa Wy\u017cszego o finansowanie projektu NANOMITEX.<\/p>\n<ul class=\"list-pages-shortcode sibling-pages\"><li class=\"page_item page-item-1522\"><a href=\"https:\/\/kmim.wm.pwr.edu.pl\/immt\/instytut-materialoznawstwa-i-mechaniki-technicznej\/badania-naukowe\/projekty-finansowane-ze-srodkow-europejskich\/centra-doskonalosci\/\">Centra Doskona\u0142o\u015bci<\/a><\/li>\n<li class=\"page_item page-item-1521\"><a href=\"https:\/\/kmim.wm.pwr.edu.pl\/immt\/instytut-materialoznawstwa-i-mechaniki-technicznej\/badania-naukowe\/projekty-finansowane-ze-srodkow-europejskich\/nanomitex\/\">Nanomitex<\/a><\/li>\n<\/ul>\n","protected":false},"excerpt":{"rendered":"<p>&nbsp; &nbsp; Projekty wsp\u00f3\u0142finansowane przez\u00a0 Uni\u0119\u00a0 Europejsk\u0105 ze\u00a0 \u015brodk\u00f3w\u00a0 Europejskiego\u00a0 Funduszu\u00a0 Rozwoju\u00a0 Regionalnego w ramach Projektu Innowacyjna Gospodarka, 2007 &#8211; 2013 Informujemy, \u017ce Politechnika Wroc\u0142awska, Instytut Materia\u0142oznawstwa i Mechaniki Technicznej (IMMT) jest Partnerem w Projekcie Kluczowym: \u201eFunkcjonalne nano- i mikromateria\u0142y w\u0142\u00f3kiennicze\u201d PO IG.01.03.01-10-004\/08 kt\u00f3rego Liderem jest Instytut W\u0142\u00f3kiennictwa w \u0141odzi. Kontakt: Biuro Partnera Projektu NANOMITEX &hellip; <a href=\"https:\/\/kmim.wm.pwr.edu.pl\/immt\/instytut-materialoznawstwa-i-mechaniki-technicznej\/badania-naukowe\/projekty-finansowane-ze-srodkow-europejskich\/nanomitex\/\" class=\"more-link\">Czytaj dalej <span class=\"screen-reader-text\">Nanomitex<\/span> <span class=\"meta-nav\">&rarr;<\/span><\/a><\/p>\n","protected":false},"author":1,"featured_media":0,"parent":1427,"menu_order":0,"comment_status":"closed","ping_status":"open","template":"","meta":{"ngg_post_thumbnail":0,"footnotes":""},"class_list":["post-1521","page","type-page","status-publish","hentry"],"publishpress_future_action":{"enabled":false,"date":"2026-04-23 04:51:07","action":"change-status","newStatus":"draft","terms":[],"taxonomy":"language","extraData":[]},"publishpress_future_workflow_manual_trigger":{"enabledWorkflows":[]},"_links":{"self":[{"href":"https:\/\/kmim.wm.pwr.edu.pl\/immt\/wp-json\/wp\/v2\/pages\/1521","targetHints":{"allow":["GET"]}}],"collection":[{"href":"https:\/\/kmim.wm.pwr.edu.pl\/immt\/wp-json\/wp\/v2\/pages"}],"about":[{"href":"https:\/\/kmim.wm.pwr.edu.pl\/immt\/wp-json\/wp\/v2\/types\/page"}],"author":[{"embeddable":true,"href":"https:\/\/kmim.wm.pwr.edu.pl\/immt\/wp-json\/wp\/v2\/users\/1"}],"replies":[{"embeddable":true,"href":"https:\/\/kmim.wm.pwr.edu.pl\/immt\/wp-json\/wp\/v2\/comments?post=1521"}],"version-history":[{"count":3,"href":"https:\/\/kmim.wm.pwr.edu.pl\/immt\/wp-json\/wp\/v2\/pages\/1521\/revisions"}],"predecessor-version":[{"id":1592,"href":"https:\/\/kmim.wm.pwr.edu.pl\/immt\/wp-json\/wp\/v2\/pages\/1521\/revisions\/1592"}],"up":[{"embeddable":true,"href":"https:\/\/kmim.wm.pwr.edu.pl\/immt\/wp-json\/wp\/v2\/pages\/1427"}],"wp:attachment":[{"href":"https:\/\/kmim.wm.pwr.edu.pl\/immt\/wp-json\/wp\/v2\/media?parent=1521"}],"curies":[{"name":"wp","href":"https:\/\/api.w.org\/{rel}","templated":true}]}}