{"id":1522,"date":"2003-12-26T21:14:01","date_gmt":"2003-12-26T20:14:01","guid":{"rendered":"http:\/\/kmim.wm.pwr.edu.pl\/immt\/instytut-materialoznawstwa-i-mechaniki-technicznej\/badania-naukowe\/projekty-finansowane-ze-srodkow-europejskich\/centra-doskonalosci\/"},"modified":"2014-11-02T20:45:35","modified_gmt":"2014-11-02T19:45:35","slug":"centra-doskonalosci","status":"publish","type":"page","link":"https:\/\/kmim.wm.pwr.edu.pl\/immt\/instytut-materialoznawstwa-i-mechaniki-technicznej\/badania-naukowe\/projekty-finansowane-ze-srodkow-europejskich\/centra-doskonalosci\/","title":{"rendered":"Centra Doskona\u0142o\u015bci"},"content":{"rendered":"<p>W ramach 5 Programu Ramowego UE Instytut uzyska\u0142 dwa Centra doskona\u0142o\u015bci:<\/p>\n<ul>\n<li><a href=\"http:\/\/kmim.wm.pwr.edu.pl\/immt\/wp-content\/uploads\/sites\/58\/2003\/12\/logo001.png\"><img loading=\"lazy\" decoding=\"async\" class=\"alignright size-full wp-image-1583\" src=\"http:\/\/kmim.wm.pwr.edu.pl\/immt\/wp-content\/uploads\/sites\/58\/2003\/12\/logo001.png\" alt=\"logo001\" width=\"140\" height=\"59\" \/><\/a>Sol-Gel Materials and Nanotechnology Center of Excellence (SGM&amp;N)<br \/>\n<span style=\"font-weight: bold;\">Koordynator:<\/span> prof. Krzysztof Maruszewski<br \/>\n<span style=\"font-weight: bold;\">Zakres dzia\u0142alno\u015bci:<\/span> Technikka Zol-\u017bel, Materia\u0142y Zol-\u017belowe, proszki magnetyczne, czujniki optyczne<\/li>\n<li><a href=\"http:\/\/kmim.wm.pwr.edu.pl\/immt\/wp-content\/uploads\/sites\/58\/2003\/12\/MRC_.gif\"><img loading=\"lazy\" decoding=\"async\" class=\"alignright size-full wp-image-1584\" src=\"http:\/\/kmim.wm.pwr.edu.pl\/immt\/wp-content\/uploads\/sites\/58\/2003\/12\/MRC_.gif\" alt=\"MRC_\" width=\"41\" height=\"42\" \/><\/a>Centrum Doskona\u0142o\u015bci Recyklingu Materia\u0142\u00f3w\u00a0(MAREC<sup>EX<\/sup>)<br \/>\n<span style=\"font-weight: bold;\">Koordynator:<\/span> prof. Marek Koz\u0142owski<br \/>\n<span style=\"font-weight: bold;\">Zakres dzia\u0142alno\u015bci:<\/span> przyjazna \u015brodowisku elektronika, recykling w przemy\u015ble samochodowym, materia\u0142y polimerowe i ich recykling, recyklinng materia\u0142\u00f3w wybuchowych<\/li>\n<\/ul>\n<p>&nbsp;<\/p>\n<p>Centra Doskona\u0142o\u015bci to jednostki b\u0105d\u017a struktury organizacyjne, skupiaj\u0105ce zespo\u0142y uczonych o wybitnych osi\u0105gni\u0119ciach badawczych, kt\u00f3rzy wsp\u00f3\u0142pracuj\u0105 w zakresie wsp\u00f3lnych temat\u00f3w o du\u017cym znaczeniu dla gospodarki kraju, prowadz\u0105ce badania naukowe i rozwijaj\u0105ce nowoczesne technologie na poziomie \u015bwiatowym w sensie mierzalnych efekt\u00f3w naukowych (w\u0142\u0105czaj\u0105c dzia\u0142ania szkoleniowe).<\/p>\n<ul class=\"list-pages-shortcode sibling-pages\"><li class=\"page_item page-item-1522\"><a href=\"https:\/\/kmim.wm.pwr.edu.pl\/immt\/instytut-materialoznawstwa-i-mechaniki-technicznej\/badania-naukowe\/projekty-finansowane-ze-srodkow-europejskich\/centra-doskonalosci\/\">Centra Doskona\u0142o\u015bci<\/a><\/li>\n<li class=\"page_item page-item-1521\"><a href=\"https:\/\/kmim.wm.pwr.edu.pl\/immt\/instytut-materialoznawstwa-i-mechaniki-technicznej\/badania-naukowe\/projekty-finansowane-ze-srodkow-europejskich\/nanomitex\/\">Nanomitex<\/a><\/li>\n<\/ul>\n","protected":false},"excerpt":{"rendered":"<p>W ramach 5 Programu Ramowego UE Instytut uzyska\u0142 dwa Centra doskona\u0142o\u015bci: Sol-Gel Materials and Nanotechnology Center of Excellence (SGM&amp;N) Koordynator: prof. Krzysztof Maruszewski Zakres dzia\u0142alno\u015bci: Technikka Zol-\u017bel, Materia\u0142y Zol-\u017belowe, proszki magnetyczne, czujniki optyczne Centrum Doskona\u0142o\u015bci Recyklingu Materia\u0142\u00f3w\u00a0(MARECEX) Koordynator: prof. Marek Koz\u0142owski Zakres dzia\u0142alno\u015bci: przyjazna \u015brodowisku elektronika, recykling w przemy\u015ble samochodowym, materia\u0142y polimerowe i ich recykling, &hellip; <a href=\"https:\/\/kmim.wm.pwr.edu.pl\/immt\/instytut-materialoznawstwa-i-mechaniki-technicznej\/badania-naukowe\/projekty-finansowane-ze-srodkow-europejskich\/centra-doskonalosci\/\" class=\"more-link\">Czytaj dalej <span class=\"screen-reader-text\">Centra Doskona\u0142o\u015bci<\/span> <span class=\"meta-nav\">&rarr;<\/span><\/a><\/p>\n","protected":false},"author":1,"featured_media":0,"parent":1427,"menu_order":0,"comment_status":"closed","ping_status":"open","template":"","meta":{"ngg_post_thumbnail":0,"footnotes":""},"class_list":["post-1522","page","type-page","status-publish","hentry"],"publishpress_future_action":{"enabled":false,"date":"2026-04-23 06:20:08","action":"change-status","newStatus":"draft","terms":[],"taxonomy":"language","extraData":[]},"publishpress_future_workflow_manual_trigger":{"enabledWorkflows":[]},"_links":{"self":[{"href":"https:\/\/kmim.wm.pwr.edu.pl\/immt\/wp-json\/wp\/v2\/pages\/1522","targetHints":{"allow":["GET"]}}],"collection":[{"href":"https:\/\/kmim.wm.pwr.edu.pl\/immt\/wp-json\/wp\/v2\/pages"}],"about":[{"href":"https:\/\/kmim.wm.pwr.edu.pl\/immt\/wp-json\/wp\/v2\/types\/page"}],"author":[{"embeddable":true,"href":"https:\/\/kmim.wm.pwr.edu.pl\/immt\/wp-json\/wp\/v2\/users\/1"}],"replies":[{"embeddable":true,"href":"https:\/\/kmim.wm.pwr.edu.pl\/immt\/wp-json\/wp\/v2\/comments?post=1522"}],"version-history":[{"count":3,"href":"https:\/\/kmim.wm.pwr.edu.pl\/immt\/wp-json\/wp\/v2\/pages\/1522\/revisions"}],"predecessor-version":[{"id":1586,"href":"https:\/\/kmim.wm.pwr.edu.pl\/immt\/wp-json\/wp\/v2\/pages\/1522\/revisions\/1586"}],"up":[{"embeddable":true,"href":"https:\/\/kmim.wm.pwr.edu.pl\/immt\/wp-json\/wp\/v2\/pages\/1427"}],"wp:attachment":[{"href":"https:\/\/kmim.wm.pwr.edu.pl\/immt\/wp-json\/wp\/v2\/media?parent=1522"}],"curies":[{"name":"wp","href":"https:\/\/api.w.org\/{rel}","templated":true}]}}