{"id":1234,"date":"2015-03-17T02:34:42","date_gmt":"2015-03-17T01:34:42","guid":{"rendered":"http:\/\/kmim.wm.pwr.edu.pl\/kaleta\/?page_id=1234"},"modified":"2015-03-17T16:59:47","modified_gmt":"2015-03-17T15:59:47","slug":"projekty-badawcze","status":"publish","type":"page","link":"https:\/\/kmim.wm.pwr.edu.pl\/kaleta\/projekty-badawcze\/","title":{"rendered":"Projekty badawcze"},"content":{"rendered":"<p><strong>Projekty mi\u0119dzynarodowe (6FP oraz 7FP UE) oraz MNiSW (KBN, NCBiR):<\/strong><\/p>\n<ul>\n<li>Enhanced Design Requirements and Testing Procedures for Composite Cylinders intended for the Safe Storage of Hydrogen (HYCOMP); 7th Framework Programme, 2011-2013, \u00a0koordynator podprojektu<\/li>\n<li>Hybrid Hydride Hydrogen pressure storage (HyCube), KIC InnoEnergy, 7th Framework Programme, 2011-2013, koordynator podprojektu<\/li>\n<li>Green Kitchen; 7th Framework Programme, 2010-2012, &#8222;People&#8221; Programme: Marie Curie Actions &#8222;Industry-Academia Partnerships and Pathways&#8221; (IAPP), koordynator podprojektu<\/li>\n<li>3D Textile reinforced aluminum matric composites for complex loading situations in lightweight automobile and machine parts. Binational Joint Project between Germany and Poland, 2010-2012 &#8211; subproject \u201cModeling of mechanical properties of aluminum composites with textile reinforcement at variety of scales\u201d, koordynator podprojektu<\/li>\n<li>Kszta\u0142towanie postaw kreatywnych rynkowo w edukacji in\u017cyniera, Program dydaktyczny dla student\u00f3w Wydzia\u0142u Mechanicznego, 2009-2011, koordynator aplikacji<\/li>\n<li>Modelowe kompleksy agroenergetyczne jako przyk\u0142ad kogeneracji rozproszonej opartej na lokalnych i odnawialnych \u017ar\u00f3d\u0142ach energii. Zadanie 2.5. Magazynowanie biogazu oraz wykorzystanie jako paliwa do silnika spalinowego, program POIG, koordynator zadania<\/li>\n<li>InGas &#8211; Integrated gas powertrain &#8211; low emission, CO2 optimised and efficient CNG engines for passenger cars (PC) and light duty vehicles (LDV), 7th Framework Programme, 2008-2011, koordynator zadania<\/li>\n<li>Textile reinforced Al-matrix composites (T-MMC) for complex stressed components in automobile applications and mechanical engineering, Binational Joint Project between Germany and Poland, 2008-2010 &#8211; subproject \u201cModelling of T-MMC mechanical properties over various length scales\u201d, koordynator podprojektu<\/li>\n<li>Projektowanie, otrzymywanie, struktura, w\u0142a\u015bciwo\u015bci i zastosowania materia\u0142\u00f3w inteligentnych metalicznych i polimerowych, podprojekt: Projektowanie \u2013 otrzymywanie &#8211; struktura \u2013 w\u0142a\u015bciwo\u015bci \u2013 zastosowanie materia\u0142\u00f3w \u00a0magnetoreologicznych i\u00a0magnetostrykcyjnych, projekt zamawiany KBN, 2006-2008, koordynator podprojektu<\/li>\n<li>Storage of Hydrogen \u201eStorHy\u201d; 6th Framework Programme, Integrated Project, 2004-2008, koordynator polskiej cz\u0119\u015bci projektu<\/li>\n<li>Opis procesu zm\u0119czenia porcelany elektrotechnicznej, 2003-2005, KBN, g\u0142\u00f3wny wykonawca<\/li>\n<li>Program PHARE Certification and Norms, III stage, 2003-2005, koordynator podprogramu<\/li>\n<li>Opis w\u0142asno\u015bci materia\u0142u z przemian\u0105 martenzytyczn\u0105 indukowan\u0105 odkszta\u0142ceniem plastycznym w zakresie r\u00f3\u017cnych skal d\u0142ugo\u015bci, 2001-2004, KBN, g\u0142\u00f3wny wykonawca<\/li>\n<li>Budowa typoszeregu przeno\u015bnych, wysokoci\u015bnieniowych \u00a0zbiornik\u00f3w kompozytowych, Projekt celowy. Tytu\u0142 prac badawczo-rozwojowych: Optymalizacja konstrukcji i\u00a0technologii oraz opracowanie wsp\u00f3\u0142czesnych metod bada\u0144 do\u015bwiadczalnych wysokoci\u015bnieniowych zbiornik\u00f3w z kompozyt\u00f3w polimerowych, 2000-2002, kierownik prac badawczo-rozwojowych<\/li>\n<li>Nieniszcz\u0105ce diagnozowanie ferromagnetyk\u00f3w obci\u0105\u017conych zm\u0119czeniowo, projekt badawczy KBN, 1999-2002,\u00a0 kierownik projektu<\/li>\n<li>Cyclic Plasticity Induced Martensitic Transformation, Siegen University &#8211; Wroclaw University of Technology, bilateralny program polsko-niemiecki, 1999-2001, koordynator polskiej grupy<\/li>\n<li>Uk\u0142ady mechaniczne i materia\u0142y poddane losowym obci\u0105\u017ceniom impulsowym \u2013 rozw\u00f3j metod dynamiki stochastycznej, identyfikacji uk\u0142ad\u00f3w oraz bada\u0144 materia\u0142\u00f3w, projekt badawczy KBN, 1997-2000, g\u0142\u00f3wny wykonawca<\/li>\n<\/ul>\n<p>&nbsp;<\/p>\n<p><strong>Projekty realizowane w ramach umowy PWr-EIT+ (finansowanie: \u015arodki Strukturalne)<\/strong><\/p>\n<ul>\n<li>Nanokompozyty i materia\u0142y typu Smart. Podprojekt: Materia\u0142y magnetyczne grupy Smart. 2010-2013,\u00a0 koordynator podprojektu<\/li>\n<li>Materia\u0142y i technologie dla zaawansowanych system\u00f3w magazynowania i konwersji energii. Podprojekt: Wysokoci\u015bnieniowe gromadzenie wodoru. 2010-2013, koordynator podprojektu<\/li>\n<\/ul>\n<p>&nbsp;<\/p>\n<p><strong>Projekty finansowane ze \u015arodk\u00f3w Strukturalnych i \u015brodk\u00f3w Urz\u0119du Marsza\u0142kowskiego<\/strong><\/p>\n<ul>\n<li>Projekt badawczy, Dolno\u015bl\u0105skie Centrum Studi\u00f3w Regionalnych, ZPORR, 2004-2006, zadanie 2.6 &#8211; koordynator projektu<\/li>\n<li>Projekt badawczy, Makroregion Innowacyjny. Foresight technologiczny dla wojew\u00f3dztwa dolno\u015bl\u0105skiego do 2020 roku, SPO WKP, 2004-2006 \u2013 koordynator projektu<\/li>\n<li>Projekt badawczy, Biuro Koordynacji Wdra\u017cania Dolno\u015bl\u0105skiej Strategii Innowacji, 2004-2006 \u2013 koordynator projektu<\/li>\n<li>Projekt inwestycyjny, Adaptacja pomieszcze\u0144 i wyposa\u017cenie laboratorium wielofunkcyjnych materia\u0142\u00f3w amorficznych i krystalicznych, PO IG.02.01.00-02-090\/08\/00 &#8211; koordynator projektu<\/li>\n<li>Projekt inwestycyjny nr WND-POIS.13.1-061\/08-01 \u201ePrzebudowa budynku B1 w\u00a0kompleksie gmach\u00f3w Politechniki Wroc\u0142awskiej wraz z unowocze\u015bnieniem infrastruktury dydaktycznej budynk\u00f3w B1 i B2\u201d, 2009-2012 koordynator aplikacji projektu, senior budowy<\/li>\n<li>Projekt inwestycyjny PO IG.02.01.00-02-097\/09 pt. \u015arodowiskowa Biblioteka Nauk \u015acis\u0142ych i Technicznych na potrzeby Innowacyjnej Gospodarki, cz\u0142onek konsorcjum przygotowuj\u0105cego wniosek<\/li>\n<li>Projekt badawczy, Strategia Dolnego \u015al\u0105ska w zakresie nauki i szkolnictwa wy\u017cszego, finansowany ze \u015brodk\u00f3w Urz\u0119du Marsza\u0142kowskiego, 2008-2010 &#8211; koordynator projektu<\/li>\n<li>Projekt badawczy, Foresight technologiczny materia\u0142\u00f3w\u00a0\u00a0\u00a0\u00a0\u00a0\u00a0\u00a0\u00a0\u00a0\u00a0\u00a0\u00a0\u00a0\u00a0\u00a0\u00a0\u00a0\u00a0\u00a0\u00a0 polimerowych w Polsce, 2007-2008- koordynator podprojektu<\/li>\n<li>Projekt inwestycyjny, Laboratorium Materia\u0142\u00f3w Zol-\u017belowych i Nanotechnologii, SPO WKP 1.4.3., 2006-2008 &#8211; koordynator projektu.<\/li>\n<li>Magnetic and Thermal Examination to Determine Fatigue Characteristics of Metallic Materials, Essen University &#8211; Wroclaw University of Technology, bilateralny program polsko-niemiecki, 1997-1999, koordynator polskiej grupy<\/li>\n<li>Kumulacja energii na defektach w procesie zm\u0119czenia i ilo\u015bciowe miary procesu zm\u0119czenia, projekt badawczy, 1995-1998, wykonawca<\/li>\n<li>Fraktalne modele proces\u00f3w zm\u0119czeniowych w metalach, grant badawczy KBN, 1992\u201394, wykonawca<\/li>\n<li>Efekt Villariego w procesie zm\u0119czenia stali ferrytyczno-perlitycznej, grant badawczy KBN, 1992-1994, kierownik projektu<\/li>\n<li>Kumulacja energii oraz cykliczne odkszta\u0142cenie, a zmiany w mikrostrukturze metalu\u00a0o sieci p\u0142askocentrycznej uk\u0142adu \u00a0regularnego, grant badawczy KBN, 1990-1991, kierownik projektu<\/li>\n<\/ul>\n","protected":false},"excerpt":{"rendered":"<p>Projekty mi\u0119dzynarodowe (6FP oraz 7FP UE) oraz MNiSW (KBN, NCBiR): Enhanced Design Requirements and Testing Procedures for Composite Cylinders intended for the Safe Storage of Hydrogen (HYCOMP); 7th Framework Programme, 2011-2013, \u00a0koordynator podprojektu Hybrid Hydride Hydrogen pressure storage (HyCube), KIC InnoEnergy, 7th Framework Programme, 2011-2013, koordynator podprojektu Green Kitchen; 7th Framework Programme, 2010-2012, &#8222;People&#8221; Programme: &hellip; <a href=\"https:\/\/kmim.wm.pwr.edu.pl\/kaleta\/projekty-badawcze\/\" class=\"more-link\">Czytaj dalej <span class=\"screen-reader-text\">Projekty badawcze<\/span> <span class=\"meta-nav\">&rarr;<\/span><\/a><\/p>\n","protected":false},"author":20,"featured_media":0,"parent":0,"menu_order":3,"comment_status":"closed","ping_status":"closed","template":"","meta":{"ngg_post_thumbnail":0,"footnotes":""},"class_list":["post-1234","page","type-page","status-publish","hentry"],"publishpress_future_action":{"enabled":false,"date":"2026-04-28 03:36:07","action":"change-status","newStatus":"draft","terms":[],"taxonomy":"language","extraData":[]},"publishpress_future_workflow_manual_trigger":{"enabledWorkflows":[]},"_links":{"self":[{"href":"https:\/\/kmim.wm.pwr.edu.pl\/kaleta\/wp-json\/wp\/v2\/pages\/1234","targetHints":{"allow":["GET"]}}],"collection":[{"href":"https:\/\/kmim.wm.pwr.edu.pl\/kaleta\/wp-json\/wp\/v2\/pages"}],"about":[{"href":"https:\/\/kmim.wm.pwr.edu.pl\/kaleta\/wp-json\/wp\/v2\/types\/page"}],"author":[{"embeddable":true,"href":"https:\/\/kmim.wm.pwr.edu.pl\/kaleta\/wp-json\/wp\/v2\/users\/20"}],"replies":[{"embeddable":true,"href":"https:\/\/kmim.wm.pwr.edu.pl\/kaleta\/wp-json\/wp\/v2\/comments?post=1234"}],"version-history":[{"count":12,"href":"https:\/\/kmim.wm.pwr.edu.pl\/kaleta\/wp-json\/wp\/v2\/pages\/1234\/revisions"}],"predecessor-version":[{"id":1310,"href":"https:\/\/kmim.wm.pwr.edu.pl\/kaleta\/wp-json\/wp\/v2\/pages\/1234\/revisions\/1310"}],"wp:attachment":[{"href":"https:\/\/kmim.wm.pwr.edu.pl\/kaleta\/wp-json\/wp\/v2\/media?parent=1234"}],"curies":[{"name":"wp","href":"https:\/\/api.w.org\/{rel}","templated":true}]}}