{"id":3041,"date":"2020-10-08T20:52:41","date_gmt":"2020-10-08T18:52:41","guid":{"rendered":"http:\/\/kmim.wm.pwr.edu.pl\/kaleta\/?page_id=3041"},"modified":"2021-01-18T16:55:44","modified_gmt":"2021-01-18T15:55:44","slug":"wytrzymalosc-materialow-i","status":"publish","type":"page","link":"https:\/\/kmim.wm.pwr.edu.pl\/kaleta\/dydaktyka-2\/dydaktyka-semestr-zimowy-2020-2021\/wytrzymalosc-materialow-i\/","title":{"rendered":"Wytrzyma\u0142o\u015b\u0107 materia\u0142\u00f3w I"},"content":{"rendered":"<ul class=\"list-pages-shortcode child-pages\"><li class=\"page_item page-item-3043\"><a href=\"https:\/\/kmim.wm.pwr.edu.pl\/kaleta\/dydaktyka-2\/dydaktyka-semestr-zimowy-2020-2021\/wytrzymalosc-materialow-i\/rozciaganie-sciskanie-1\/\">Rozci\u0105ganie-\u015bciskanie 1<\/a><\/li>\n<li class=\"page_item page-item-3050\"><a href=\"https:\/\/kmim.wm.pwr.edu.pl\/kaleta\/dydaktyka-2\/dydaktyka-semestr-zimowy-2020-2021\/wytrzymalosc-materialow-i\/rozciaganie-sciskanie-2\/\">Rozci\u0105ganie-\u015bciskanie 2<\/a><\/li>\n<li class=\"page_item page-item-3061\"><a href=\"https:\/\/kmim.wm.pwr.edu.pl\/kaleta\/dydaktyka-2\/dydaktyka-semestr-zimowy-2020-2021\/wytrzymalosc-materialow-i\/rozciaganie-sciskanie-3\/\">Rozci\u0105ganie-\u015bciskanie 3<\/a><\/li>\n<li class=\"page_item page-item-3065\"><a href=\"https:\/\/kmim.wm.pwr.edu.pl\/kaleta\/dydaktyka-2\/dydaktyka-semestr-zimowy-2020-2021\/wytrzymalosc-materialow-i\/rozciaganie-sciskanie-4\/\">Rozci\u0105ganie-\u015bciskanie 4<\/a><\/li>\n<li class=\"page_item page-item-3071\"><a href=\"https:\/\/kmim.wm.pwr.edu.pl\/kaleta\/dydaktyka-2\/dydaktyka-semestr-zimowy-2020-2021\/wytrzymalosc-materialow-i\/rozciaganie-sciskanie-5\/\">Rozci\u0105ganie-\u015bciskanie 5<\/a><\/li>\n<li class=\"page_item page-item-3077\"><a href=\"https:\/\/kmim.wm.pwr.edu.pl\/kaleta\/dydaktyka-2\/dydaktyka-semestr-zimowy-2020-2021\/wytrzymalosc-materialow-i\/analiza-plaskiego-stanu-naprezenia-1\/\">Analiza p\u0142askiego stanu napr\u0119\u017cenia 1<\/a><\/li>\n<li class=\"page_item page-item-3083\"><a href=\"https:\/\/kmim.wm.pwr.edu.pl\/kaleta\/dydaktyka-2\/dydaktyka-semestr-zimowy-2020-2021\/wytrzymalosc-materialow-i\/analiza-plaskiego-stanu-naprezenia-2\/\">Analiza p\u0142askiego stanu napr\u0119\u017cenia 2<\/a><\/li>\n<li class=\"page_item page-item-3090\"><a href=\"https:\/\/kmim.wm.pwr.edu.pl\/kaleta\/dydaktyka-2\/dydaktyka-semestr-zimowy-2020-2021\/wytrzymalosc-materialow-i\/uogolnione-prawo-hookea-zadania\/\">Uog\u00f3lnione prawo Hooke\u2019a, zadania<\/a><\/li>\n<li class=\"page_item page-item-3099\"><a href=\"https:\/\/kmim.wm.pwr.edu.pl\/kaleta\/dydaktyka-2\/dydaktyka-semestr-zimowy-2020-2021\/wytrzymalosc-materialow-i\/zginanie-1\/\">Zginanie 1<\/a><\/li>\n<li class=\"page_item page-item-3101\"><a href=\"https:\/\/kmim.wm.pwr.edu.pl\/kaleta\/dydaktyka-2\/dydaktyka-semestr-zimowy-2020-2021\/wytrzymalosc-materialow-i\/zginanie-2\/\">Zginanie 2<\/a><\/li>\n<li class=\"page_item page-item-3124\"><a href=\"https:\/\/kmim.wm.pwr.edu.pl\/kaleta\/dydaktyka-2\/dydaktyka-semestr-zimowy-2020-2021\/wytrzymalosc-materialow-i\/zginanie-3\/\">Zginanie 3<\/a><\/li>\n<li class=\"page_item page-item-3146\"><a href=\"https:\/\/kmim.wm.pwr.edu.pl\/kaleta\/dydaktyka-2\/dydaktyka-semestr-zimowy-2020-2021\/wytrzymalosc-materialow-i\/zginanie-4\/\">Zginanie 4<\/a><\/li>\n<li class=\"page_item page-item-3156\"><a href=\"https:\/\/kmim.wm.pwr.edu.pl\/kaleta\/dydaktyka-2\/dydaktyka-semestr-zimowy-2020-2021\/wytrzymalosc-materialow-i\/zginanie-5\/\">Zginanie 5<\/a><\/li>\n<li class=\"page_item page-item-3176\"><a href=\"https:\/\/kmim.wm.pwr.edu.pl\/kaleta\/dydaktyka-2\/dydaktyka-semestr-zimowy-2020-2021\/wytrzymalosc-materialow-i\/skrecanie-1\/\">Skr\u0119canie 1<\/a><\/li>\n<li class=\"page_item page-item-3174\"><a href=\"https:\/\/kmim.wm.pwr.edu.pl\/kaleta\/dydaktyka-2\/dydaktyka-semestr-zimowy-2020-2021\/wytrzymalosc-materialow-i\/wyboczenie-1\/\">Wyboczenie 1<\/a><\/li>\n<li class=\"page_item page-item-3097\"><a href=\"https:\/\/kmim.wm.pwr.edu.pl\/kaleta\/dydaktyka-2\/dydaktyka-semestr-zimowy-2020-2021\/wytrzymalosc-materialow-i\/kol-1-przyklady-zadan\/\">Kol 1 przyk\u0142ady zada\u0144<\/a><\/li>\n<\/ul>\n","protected":false},"excerpt":{"rendered":"","protected":false},"author":1,"featured_media":0,"parent":3039,"menu_order":0,"comment_status":"closed","ping_status":"closed","template":"","meta":{"ngg_post_thumbnail":0,"footnotes":""},"class_list":["post-3041","page","type-page","status-publish","hentry"],"publishpress_future_action":{"enabled":false,"date":"2026-04-26 04:12:54","action":"change-status","newStatus":"draft","terms":[],"taxonomy":"language","extraData":[]},"publishpress_future_workflow_manual_trigger":{"enabledWorkflows":[]},"_links":{"self":[{"href":"https:\/\/kmim.wm.pwr.edu.pl\/kaleta\/wp-json\/wp\/v2\/pages\/3041","targetHints":{"allow":["GET"]}}],"collection":[{"href":"https:\/\/kmim.wm.pwr.edu.pl\/kaleta\/wp-json\/wp\/v2\/pages"}],"about":[{"href":"https:\/\/kmim.wm.pwr.edu.pl\/kaleta\/wp-json\/wp\/v2\/types\/page"}],"author":[{"embeddable":true,"href":"https:\/\/kmim.wm.pwr.edu.pl\/kaleta\/wp-json\/wp\/v2\/users\/1"}],"replies":[{"embeddable":true,"href":"https:\/\/kmim.wm.pwr.edu.pl\/kaleta\/wp-json\/wp\/v2\/comments?post=3041"}],"version-history":[{"count":2,"href":"https:\/\/kmim.wm.pwr.edu.pl\/kaleta\/wp-json\/wp\/v2\/pages\/3041\/revisions"}],"predecessor-version":[{"id":3185,"href":"https:\/\/kmim.wm.pwr.edu.pl\/kaleta\/wp-json\/wp\/v2\/pages\/3041\/revisions\/3185"}],"up":[{"embeddable":true,"href":"https:\/\/kmim.wm.pwr.edu.pl\/kaleta\/wp-json\/wp\/v2\/pages\/3039"}],"wp:attachment":[{"href":"https:\/\/kmim.wm.pwr.edu.pl\/kaleta\/wp-json\/wp\/v2\/media?parent=3041"}],"curies":[{"name":"wp","href":"https:\/\/api.w.org\/{rel}","templated":true}]}}