{"id":3292,"date":"2021-03-08T10:39:18","date_gmt":"2021-03-08T09:39:18","guid":{"rendered":"http:\/\/kmim.wm.pwr.edu.pl\/kaleta\/?page_id=3292"},"modified":"2021-03-23T09:58:26","modified_gmt":"2021-03-23T08:58:26","slug":"dydaktyka-semestr-letni-2020-2021","status":"publish","type":"page","link":"https:\/\/kmim.wm.pwr.edu.pl\/kaleta\/dydaktyka-semestr-letni-2020-2021\/","title":{"rendered":"Dydaktyka, semestr letni 2020\/2021"},"content":{"rendered":"<ul class=\"list-pages-shortcode child-pages\"><li class=\"page_item page-item-3294\"><a href=\"https:\/\/kmim.wm.pwr.edu.pl\/kaleta\/dydaktyka-semestr-letni-2020-2021\/twierdzenie-castigliano-1\/\">Twierdzenie Castigliano 1<\/a><\/li>\n<li class=\"page_item page-item-3308\"><a href=\"https:\/\/kmim.wm.pwr.edu.pl\/kaleta\/dydaktyka-semestr-letni-2020-2021\/twierdzenie-castigliano-2\/\">Twierdzenie Castigliano 2<\/a><\/li>\n<li class=\"page_item page-item-3310\"><a href=\"https:\/\/kmim.wm.pwr.edu.pl\/kaleta\/dydaktyka-semestr-letni-2020-2021\/prety-zakrzywione-twierdzenie-castigliano\/\">Pr\u0119ty zakrzywione, twierdzenie Castigliano<\/a><\/li>\n<li class=\"page_item page-item-3318\"><a href=\"https:\/\/kmim.wm.pwr.edu.pl\/kaleta\/dydaktyka-semestr-letni-2020-2021\/metoda-maxwella-mohra-2\/\">Metoda Maxwella-Mohra<\/a><\/li>\n<li class=\"page_item page-item-3325\"><a href=\"https:\/\/kmim.wm.pwr.edu.pl\/kaleta\/dydaktyka-semestr-letni-2020-2021\/sposob-wereszczagina\/\">Spos\u00f3b Wereszczagina<\/a><\/li>\n<li class=\"page_item page-item-3346\"><a href=\"https:\/\/kmim.wm.pwr.edu.pl\/kaleta\/dydaktyka-semestr-letni-2020-2021\/metoda-sil\/\">Metoda si\u0142<\/a><\/li>\n<li class=\"page_item page-item-3352\"><a href=\"https:\/\/kmim.wm.pwr.edu.pl\/kaleta\/dydaktyka-semestr-letni-2020-2021\/kolokwium-1-przyklady-zadan\/\">Kolokwium 1, przyk\u0142ady zada\u0144<\/a><\/li>\n<li class=\"page_item page-item-3380\"><a href=\"https:\/\/kmim.wm.pwr.edu.pl\/kaleta\/dydaktyka-semestr-letni-2020-2021\/metoda-sil-1\/\">Metoda si\u0142 1<\/a><\/li>\n<li class=\"page_item page-item-3409\"><a href=\"https:\/\/kmim.wm.pwr.edu.pl\/kaleta\/dydaktyka-semestr-letni-2020-2021\/metoda-sil-2\/\">Metoda si\u0142 2<\/a><\/li>\n<li class=\"page_item page-item-3717\"><a href=\"https:\/\/kmim.wm.pwr.edu.pl\/kaleta\/dydaktyka-semestr-letni-2020-2021\/zbiorniki-cienkoscienne\/\">Zbiorniki cienko\u015bcienne<\/a><\/li>\n<li class=\"page_item page-item-3721\"><a href=\"https:\/\/kmim.wm.pwr.edu.pl\/kaleta\/dydaktyka-semestr-letni-2020-2021\/zagadnienie-lamego\/\">Zagadnienie Lamego<\/a><\/li>\n<li class=\"page_item page-item-3725\"><a href=\"https:\/\/kmim.wm.pwr.edu.pl\/kaleta\/dydaktyka-semestr-letni-2020-2021\/krazek-wirujacy\/\">Kr\u0105\u017cek wiruj\u0105cy<\/a><\/li>\n<li class=\"page_item page-item-3729\"><a href=\"https:\/\/kmim.wm.pwr.edu.pl\/kaleta\/dydaktyka-semestr-letni-2020-2021\/kolokwium-2-przykladowe-zadania\/\">Kolokwium 2, przyk\u0142adowe zadania<\/a><\/li>\n<\/ul>\n","protected":false},"excerpt":{"rendered":"","protected":false},"author":1,"featured_media":0,"parent":0,"menu_order":3,"comment_status":"closed","ping_status":"closed","template":"","meta":{"ngg_post_thumbnail":0,"footnotes":""},"class_list":["post-3292","page","type-page","status-publish","hentry"],"publishpress_future_action":{"enabled":false,"date":"2026-04-30 07:21:08","action":"change-status","newStatus":"draft","terms":[],"taxonomy":"language","extraData":[]},"publishpress_future_workflow_manual_trigger":{"enabledWorkflows":[]},"_links":{"self":[{"href":"https:\/\/kmim.wm.pwr.edu.pl\/kaleta\/wp-json\/wp\/v2\/pages\/3292","targetHints":{"allow":["GET"]}}],"collection":[{"href":"https:\/\/kmim.wm.pwr.edu.pl\/kaleta\/wp-json\/wp\/v2\/pages"}],"about":[{"href":"https:\/\/kmim.wm.pwr.edu.pl\/kaleta\/wp-json\/wp\/v2\/types\/page"}],"author":[{"embeddable":true,"href":"https:\/\/kmim.wm.pwr.edu.pl\/kaleta\/wp-json\/wp\/v2\/users\/1"}],"replies":[{"embeddable":true,"href":"https:\/\/kmim.wm.pwr.edu.pl\/kaleta\/wp-json\/wp\/v2\/comments?post=3292"}],"version-history":[{"count":1,"href":"https:\/\/kmim.wm.pwr.edu.pl\/kaleta\/wp-json\/wp\/v2\/pages\/3292\/revisions"}],"predecessor-version":[{"id":3293,"href":"https:\/\/kmim.wm.pwr.edu.pl\/kaleta\/wp-json\/wp\/v2\/pages\/3292\/revisions\/3293"}],"wp:attachment":[{"href":"https:\/\/kmim.wm.pwr.edu.pl\/kaleta\/wp-json\/wp\/v2\/media?parent=3292"}],"curies":[{"name":"wp","href":"https:\/\/api.w.org\/{rel}","templated":true}]}}