{"id":1177,"date":"2015-03-04T18:50:36","date_gmt":"2015-03-04T17:50:36","guid":{"rendered":"http:\/\/kmim.wm.pwr.edu.pl\/kasprzak\/?page_id=1177"},"modified":"2015-03-16T17:16:45","modified_gmt":"2015-03-16T16:16:45","slug":"o-mnie-2","status":"publish","type":"page","link":"https:\/\/kmim.wm.pwr.edu.pl\/kasprzak\/o-mnie-2\/","title":{"rendered":"O mnie"},"content":{"rendered":"<p>&nbsp;<\/p>\n<p><strong>ZAINTERESOWANIA NAUKOWE<\/strong><\/p>\n<ul>\n<li>Mechanika stosowana (pomiary odkszta\u0142ce\u0144 i napr\u0119\u017ce\u0144 oraz analiza obci\u0105\u017ce\u0144 i si\u0142 wewn\u0119trznych w elementach maszyn i konstrukcji)<\/li>\n<li>Analiza napr\u0119\u017cenia w ma\u0142ych obszarach cia\u0142a polikrystalicznego za pomoc\u0105 promieni X<\/li>\n<li>Matematyczne modelowanie proces\u00f3w w oparciu o teori\u0119 identyfikacji i analiz\u0119 wymiarow\u0105<\/li>\n<li>Naukoznawstwo<\/li>\n<li>Prognozowanie rozwoju nauki i techniki<\/li>\n<\/ul>\n<p>&nbsp;<\/p>\n<p><strong>\u017bYCIORYS<\/strong><\/p>\n<ul>\n<li>1954-1956 m\u0142odszy asystent<\/li>\n<li>1956 uzyskanie dyplomu magistra in\u017cyniera mechanika na Wydziale Mechanicznym Politechniki Wroc\u0142awskiej<\/li>\n<li>1956-1959 asystent<\/li>\n<li>1959-1962 starszy asystent<\/li>\n<li>1962 obrona rozprawy doktorskiej dotycz\u0105cej stanu materia\u0142u w obszarach koncentracji napr\u0119\u017cenia<\/li>\n<li>1962 1967 adiunkt<\/li>\n<li>1967 obrona pracy habilitacyjnej dotycz\u0105cej teoretycznych podstaw analizy obci\u0105\u017ce\u0144 i napr\u0119\u017ce\u0144 w konstrukcjach mechanicznych na podstawie pomiar\u00f3w stanu odkszta\u0142cenia oraz pomiar rentgenograficzny w ma\u0142ych obszarach polikryszta\u0142u, a tak\u017ce metodzie wyznaczania sta\u0142ych spr\u0119\u017cystych polikryszta\u0142u na podstawie sta\u0142ych monokryszta\u0142u<\/li>\n<li>1967-1971 docent<\/li>\n<li>1971 6-tygodniowa podr\u00f3\u017c po Stanach Zjednoczonych na zaproszenie sekretarza stanu (cel: zapoznanie si\u0119 z organizacj\u0105 bada\u0144, programami studi\u00f3w i infrastruktur\u0105 badawcz\u0105 tamtejszych uniwersytet\u00f3w)<\/li>\n<li>1969-1981 Prorektor do spraw nauki<\/li>\n<li>1971-1991 profesor nadzwyczajny<\/li>\n<li>1982-1984 Rektor<\/li>\n<li>1991 \u00a0profesor zwyczajny<em>\u00a0<\/em><\/li>\n<\/ul>\n<p>&nbsp;<\/p>\n<p><strong>WSP\u00d3\u0141PRACA ZAGRANICZNA<\/strong><\/p>\n<ul>\n<li>1976 \u2013 1980 grant Mari Sk\u0142odowskiej Curie, prowadzony wsp\u00f3lnie z prof. E.Haugiem i prof. V. Komkowem (USA). Grant dotyczy\u0142 budowy modeli matematycznych w oparciu o analiz\u0119 wymiarow\u0105.<\/li>\n<li>1995-2010 organizacja Letnich Szk\u00f3\u0142 Mechaniki P\u0119kania\u00a0wsp\u00f3lnie z prof. V. Panasyukiem z Akademii Nauk Ukrainy i prof. S Sahnem z Uniwersytetu Technicznego w Dre\u017anie<\/li>\n<\/ul>\n<p>&nbsp;<\/p>\n<p><strong>\u00a0CZ\u0141ONKOSTWO ORGANIZACJI NAUKOWYCH<\/strong><\/p>\n<ul>\n<li>Wroc\u0142awskie Towarzystwo Naukowe<\/li>\n<li>Polskie Towarzystwo Mechaniki Teoretycznej i Stosowanej<\/li>\n<li>1974 &#8211; 2000 Komitet Naukoznawstwa PAN<\/li>\n<li>1976 &#8211; 1980 Komitet Polska 2000<\/li>\n<\/ul>\n<p>&nbsp;<\/p>\n<p><strong>NAGRODY<\/strong><\/p>\n<ul>\n<li>liczne nagrody Rektora<\/li>\n<li>cztery nagrody Ministra I i II stopnia<\/li>\n<li>nagroda Kolegium Rektor\u00f3w Dolnego \u015al\u0105ska<\/li>\n<\/ul>\n<p>&nbsp;<\/p>\n","protected":false},"excerpt":{"rendered":"<p>&nbsp; ZAINTERESOWANIA NAUKOWE Mechanika stosowana (pomiary odkszta\u0142ce\u0144 i napr\u0119\u017ce\u0144 oraz analiza obci\u0105\u017ce\u0144 i si\u0142 wewn\u0119trznych w elementach maszyn i konstrukcji) Analiza napr\u0119\u017cenia w ma\u0142ych obszarach cia\u0142a polikrystalicznego za pomoc\u0105 promieni X Matematyczne modelowanie proces\u00f3w w oparciu o teori\u0119 identyfikacji i analiz\u0119 wymiarow\u0105 Naukoznawstwo Prognozowanie rozwoju nauki i techniki &nbsp; \u017bYCIORYS 1954-1956 m\u0142odszy asystent 1956 uzyskanie &hellip; <a href=\"https:\/\/kmim.wm.pwr.edu.pl\/kasprzak\/o-mnie-2\/\" class=\"more-link\">Czytaj dalej <span class=\"screen-reader-text\">O mnie<\/span> <span class=\"meta-nav\">&rarr;<\/span><\/a><\/p>\n","protected":false},"author":21,"featured_media":0,"parent":0,"menu_order":1,"comment_status":"closed","ping_status":"closed","template":"","meta":{"ngg_post_thumbnail":0,"footnotes":""},"class_list":["post-1177","page","type-page","status-publish","hentry"],"publishpress_future_action":{"enabled":false,"date":"2026-04-12 19:27:43","action":"change-status","newStatus":"draft","terms":[],"taxonomy":"language","extraData":[]},"publishpress_future_workflow_manual_trigger":{"enabledWorkflows":[]},"_links":{"self":[{"href":"https:\/\/kmim.wm.pwr.edu.pl\/kasprzak\/wp-json\/wp\/v2\/pages\/1177","targetHints":{"allow":["GET"]}}],"collection":[{"href":"https:\/\/kmim.wm.pwr.edu.pl\/kasprzak\/wp-json\/wp\/v2\/pages"}],"about":[{"href":"https:\/\/kmim.wm.pwr.edu.pl\/kasprzak\/wp-json\/wp\/v2\/types\/page"}],"author":[{"embeddable":true,"href":"https:\/\/kmim.wm.pwr.edu.pl\/kasprzak\/wp-json\/wp\/v2\/users\/21"}],"replies":[{"embeddable":true,"href":"https:\/\/kmim.wm.pwr.edu.pl\/kasprzak\/wp-json\/wp\/v2\/comments?post=1177"}],"version-history":[{"count":9,"href":"https:\/\/kmim.wm.pwr.edu.pl\/kasprzak\/wp-json\/wp\/v2\/pages\/1177\/revisions"}],"predecessor-version":[{"id":1239,"href":"https:\/\/kmim.wm.pwr.edu.pl\/kasprzak\/wp-json\/wp\/v2\/pages\/1177\/revisions\/1239"}],"wp:attachment":[{"href":"https:\/\/kmim.wm.pwr.edu.pl\/kasprzak\/wp-json\/wp\/v2\/media?parent=1177"}],"curies":[{"name":"wp","href":"https:\/\/api.w.org\/{rel}","templated":true}]}}