{"id":2409,"date":"2020-02-10T15:07:09","date_gmt":"2020-02-10T14:07:09","guid":{"rendered":"http:\/\/kmim.wm.pwr.edu.pl\/kotowski\/?page_id=2409"},"modified":"2020-02-16T11:58:55","modified_gmt":"2020-02-16T10:58:55","slug":"prace-dyplomowe","status":"publish","type":"page","link":"https:\/\/kmim.wm.pwr.edu.pl\/kotowski\/dydaktyka\/prace-dyplomowe\/","title":{"rendered":"Prace dyplomowe"},"content":{"rendered":"<p>Zrealizowane prace dyplomowe:<\/p>\n<ul>\n<li>Analiza fraktalna trajektorii p\u0119kni\u0119cia rozrywanego papieru<\/li>\n<li>Opracowanie programu sterowania dwuosiow\u0105 maszyn\u0105 wytrzyma\u0142o\u015bciow\u0105 w \u015brodowisku LabView<\/li>\n<li>Niskokosztowy system wytwarzania prefabrykat\u00f3w budowlanych CEB<\/li>\n<li>&nbsp;Badania po\u0142\u0105cze\u0144 klejonych element\u00f3w wahaczy bolidu klasy Formula Student<\/li>\n<\/ul>\n","protected":false},"excerpt":{"rendered":"<p>Zrealizowane prace dyplomowe: Analiza fraktalna trajektorii p\u0119kni\u0119cia rozrywanego papieru Opracowanie programu sterowania dwuosiow\u0105 maszyn\u0105 wytrzyma\u0142o\u015bciow\u0105 w \u015brodowisku LabView Niskokosztowy system wytwarzania prefabrykat\u00f3w budowlanych CEB &nbsp;Badania po\u0142\u0105cze\u0144 klejonych element\u00f3w wahaczy bolidu klasy Formula Student<\/p>\n","protected":false},"author":35,"featured_media":0,"parent":1162,"menu_order":5,"comment_status":"closed","ping_status":"closed","template":"","meta":{"ngg_post_thumbnail":0,"footnotes":""},"class_list":["post-2409","page","type-page","status-publish","hentry"],"publishpress_future_action":{"enabled":false,"date":"2026-04-20 12:28:56","action":"change-status","newStatus":"draft","terms":[],"taxonomy":"language","extraData":[]},"publishpress_future_workflow_manual_trigger":{"enabledWorkflows":[]},"_links":{"self":[{"href":"https:\/\/kmim.wm.pwr.edu.pl\/kotowski\/wp-json\/wp\/v2\/pages\/2409","targetHints":{"allow":["GET"]}}],"collection":[{"href":"https:\/\/kmim.wm.pwr.edu.pl\/kotowski\/wp-json\/wp\/v2\/pages"}],"about":[{"href":"https:\/\/kmim.wm.pwr.edu.pl\/kotowski\/wp-json\/wp\/v2\/types\/page"}],"author":[{"embeddable":true,"href":"https:\/\/kmim.wm.pwr.edu.pl\/kotowski\/wp-json\/wp\/v2\/users\/35"}],"replies":[{"embeddable":true,"href":"https:\/\/kmim.wm.pwr.edu.pl\/kotowski\/wp-json\/wp\/v2\/comments?post=2409"}],"version-history":[{"count":1,"href":"https:\/\/kmim.wm.pwr.edu.pl\/kotowski\/wp-json\/wp\/v2\/pages\/2409\/revisions"}],"predecessor-version":[{"id":2410,"href":"https:\/\/kmim.wm.pwr.edu.pl\/kotowski\/wp-json\/wp\/v2\/pages\/2409\/revisions\/2410"}],"up":[{"embeddable":true,"href":"https:\/\/kmim.wm.pwr.edu.pl\/kotowski\/wp-json\/wp\/v2\/pages\/1162"}],"wp:attachment":[{"href":"https:\/\/kmim.wm.pwr.edu.pl\/kotowski\/wp-json\/wp\/v2\/media?parent=2409"}],"curies":[{"name":"wp","href":"https:\/\/api.w.org\/{rel}","templated":true}]}}