{"id":1161,"date":"2015-02-20T12:49:53","date_gmt":"2015-02-20T11:49:53","guid":{"rendered":"http:\/\/kmim.wm.pwr.edu.pl\/kulisiewicz\/?page_id=1161"},"modified":"2020-03-16T16:16:12","modified_gmt":"2020-03-16T15:16:12","slug":"dydaktyka","status":"publish","type":"page","link":"https:\/\/kmim.wm.pwr.edu.pl\/kulisiewicz\/dydaktyka\/","title":{"rendered":"Dydaktyka"},"content":{"rendered":"<p><span class=\"bibtitle\">Polecane ksi\u0105\u017cki:<\/span><\/p>\n<ul>\n<li><em><span class=\"bibtitle\">Dynamika uk\u0142ad\u00f3w mechanicznych w zadaniach technicznych <\/span><\/em><span class=\"bibtitle\">(Maciej Kulisiewicz, Stanis\u0142aw Piesiak)<\/span>, <span class=\"bibpublisher\">Oficyna Wydaw. PWroc.<\/span>, 2002. (Cz. 1)<\/li>\n<li><em><span class=\"bibtitle\">Metodologia modelowania i identyfikacji mechanicznych uk\u0142ad\u00f3w dynamicznych<\/span><\/em><span class=\"bibtitle\"> (Maciej Kulisiewicz, Stanis\u0142aw Piesiak)<\/span>, <span class=\"bibpublisher\">Oficyna Wydaw. PWroc.<\/span>, 1994<\/li>\n<\/ul>\n<hr>\n<p>Materia\u0142y na czas zawieszenia zaj\u0119\u0107<\/p>\n<ul class=\"list-pages-shortcode child-pages\"><li class=\"page_item page-item-2690\"><a href=\"https:\/\/kmim.wm.pwr.edu.pl\/kulisiewicz\/dydaktyka\/cwiczenia-na-22-marca-2020\/\">\u0106wiczenia na 22 marca 2020<\/a><\/li>\n<li class=\"page_item page-item-2679 page_item_has_children\"><a href=\"https:\/\/kmim.wm.pwr.edu.pl\/kulisiewicz\/dydaktyka\/statyka\/\">Statyka<\/a>\n<ul class='children'>\n\t<li class=\"page_item page-item-2713\"><a href=\"https:\/\/kmim.wm.pwr.edu.pl\/kulisiewicz\/dydaktyka\/statyka\/cwiczenia\/\">\u0106wiczenia<\/a><\/li>\n\t<li class=\"page_item page-item-2707\"><a href=\"https:\/\/kmim.wm.pwr.edu.pl\/kulisiewicz\/dydaktyka\/statyka\/wyklad-1\/\">Wyk\u0142ad 1<\/a><\/li>\n\t<li class=\"page_item page-item-2705\"><a href=\"https:\/\/kmim.wm.pwr.edu.pl\/kulisiewicz\/dydaktyka\/statyka\/wyklad_2\/\">Wyk\u0142ad_2<\/a><\/li>\n\t<li class=\"page_item page-item-2741 page_item_has_children\"><a href=\"https:\/\/kmim.wm.pwr.edu.pl\/kulisiewicz\/dydaktyka\/statyka\/zajecia-19-kwietnia\/\">Zaj\u0119cia 19 kwietnia<\/a>\n\t<ul class='children'>\n\t\t<li class=\"page_item page-item-2743 page_item_has_children\"><a href=\"https:\/\/kmim.wm.pwr.edu.pl\/kulisiewicz\/dydaktyka\/statyka\/zajecia-19-kwietnia\/wyklad\/\">Wyk\u0142ad<\/a>\n\t\t<ul class='children'>\n\t\t\t<li class=\"page_item page-item-2747\"><a href=\"https:\/\/kmim.wm.pwr.edu.pl\/kulisiewicz\/dydaktyka\/statyka\/zajecia-19-kwietnia\/wyklad\/aksjomaty-statyki\/\">Aksjomaty statyki<\/a><\/li>\n\t\t\t<li class=\"page_item page-item-2749\"><a href=\"https:\/\/kmim.wm.pwr.edu.pl\/kulisiewicz\/dydaktyka\/statyka\/zajecia-19-kwietnia\/wyklad\/sily-wewnetrzne\/\">Si\u0142y wewn\u0119trzne<\/a><\/li>\n\t\t<\/ul>\n<\/li>\n\t\t<li class=\"page_item page-item-2745\"><a href=\"https:\/\/kmim.wm.pwr.edu.pl\/kulisiewicz\/dydaktyka\/statyka\/zajecia-19-kwietnia\/cwiczenia\/\">\u0106wiczenia<\/a><\/li>\n\t<\/ul>\n<\/li>\n\t<li class=\"page_item page-item-2761 page_item_has_children\"><a href=\"https:\/\/kmim.wm.pwr.edu.pl\/kulisiewicz\/dydaktyka\/statyka\/zajecia-26-kwietnia\/\">Zaj\u0119cia 26 kwietnia<\/a>\n\t<ul class='children'>\n\t\t<li class=\"page_item page-item-2763\"><a href=\"https:\/\/kmim.wm.pwr.edu.pl\/kulisiewicz\/dydaktyka\/statyka\/zajecia-26-kwietnia\/wyklad\/\">Wyk\u0142ad<\/a><\/li>\n\t<\/ul>\n<\/li>\n\t<li class=\"page_item page-item-2789 page_item_has_children\"><a href=\"https:\/\/kmim.wm.pwr.edu.pl\/kulisiewicz\/dydaktyka\/statyka\/zajecia-10-maja\/\">Zaj\u0119cia 10 maja<\/a>\n\t<ul class='children'>\n\t\t<li class=\"page_item page-item-2775\"><a href=\"https:\/\/kmim.wm.pwr.edu.pl\/kulisiewicz\/dydaktyka\/statyka\/zajecia-10-maja\/cwiczenia-10-05\/\">\u0106wiczenia 10.05<\/a><\/li>\n\t\t<li class=\"page_item page-item-2784\"><a href=\"https:\/\/kmim.wm.pwr.edu.pl\/kulisiewicz\/dydaktyka\/statyka\/zajecia-10-maja\/wyklad-10-05\/\">Wyk\u0142ad 10.05<\/a><\/li>\n\t<\/ul>\n<\/li>\n\t<li class=\"page_item page-item-2791 page_item_has_children\"><a href=\"https:\/\/kmim.wm.pwr.edu.pl\/kulisiewicz\/dydaktyka\/statyka\/zajecia-17-maja\/\">Zaj\u0119cia 17 maja<\/a>\n\t<ul class='children'>\n\t\t<li class=\"page_item page-item-2799\"><a href=\"https:\/\/kmim.wm.pwr.edu.pl\/kulisiewicz\/dydaktyka\/statyka\/zajecia-17-maja\/cwiczenia-17-maja\/\">\u0106wiczenia (17 maja)<\/a><\/li>\n\t\t<li class=\"page_item page-item-2793\"><a href=\"https:\/\/kmim.wm.pwr.edu.pl\/kulisiewicz\/dydaktyka\/statyka\/zajecia-17-maja\/wyklad-17-maja\/\">Wyk\u0142ad (17 maja)<\/a><\/li>\n\t<\/ul>\n<\/li>\n\t<li class=\"page_item page-item-2813 page_item_has_children\"><a href=\"https:\/\/kmim.wm.pwr.edu.pl\/kulisiewicz\/dydaktyka\/statyka\/zajecia-24-maja\/\">Zaj\u0119cia 24 maja<\/a>\n\t<ul class='children'>\n\t\t<li class=\"page_item page-item-2817\"><a href=\"https:\/\/kmim.wm.pwr.edu.pl\/kulisiewicz\/dydaktyka\/statyka\/zajecia-24-maja\/cwiczenia-24-maja\/\">\u0106wiczenia 24 maja<\/a><\/li>\n\t\t<li class=\"page_item page-item-2815\"><a href=\"https:\/\/kmim.wm.pwr.edu.pl\/kulisiewicz\/dydaktyka\/statyka\/zajecia-24-maja\/wyklad-24-maja\/\">Wyk\u0142ad 24 maja<\/a><\/li>\n\t<\/ul>\n<\/li>\n\t<li class=\"page_item page-item-2831 page_item_has_children\"><a href=\"https:\/\/kmim.wm.pwr.edu.pl\/kulisiewicz\/dydaktyka\/statyka\/zajecia-7-czerwca-2020\/\">Zaj\u0119cia 7 czerwca 2020<\/a>\n\t<ul class='children'>\n\t\t<li class=\"page_item page-item-2826\"><a href=\"https:\/\/kmim.wm.pwr.edu.pl\/kulisiewicz\/dydaktyka\/statyka\/zajecia-7-czerwca-2020\/zajecia-7-czerwca\/\">Wyk\u0142ad 7 czerwca<\/a><\/li>\n\t<\/ul>\n<\/li>\n<\/ul>\n<\/li>\n<li class=\"page_item page-item-2696 page_item_has_children\"><a href=\"https:\/\/kmim.wm.pwr.edu.pl\/kulisiewicz\/dydaktyka\/wyklad-mechanika-analityczna-24-marca-2020\/\">Wyk\u0142ad Mechanika Analityczna<\/a>\n<ul class='children'>\n\t<li class=\"page_item page-item-2715\"><a href=\"https:\/\/kmim.wm.pwr.edu.pl\/kulisiewicz\/dydaktyka\/wyklad-mechanika-analityczna-24-marca-2020\/wyklad-24-marca\/\">Wyk\u0142ad 24 marca<\/a><\/li>\n\t<li class=\"page_item page-item-2720\"><a href=\"https:\/\/kmim.wm.pwr.edu.pl\/kulisiewicz\/dydaktyka\/wyklad-mechanika-analityczna-24-marca-2020\/wyklad-7-kwietnia\/\">Wyk\u0142ad 7 kwietnia<\/a><\/li>\n\t<li class=\"page_item page-item-2755\"><a href=\"https:\/\/kmim.wm.pwr.edu.pl\/kulisiewicz\/dydaktyka\/wyklad-mechanika-analityczna-24-marca-2020\/wyklad-21-kwietnia\/\">Wyk\u0142ad: 21 kwietnia<\/a><\/li>\n\t<li class=\"page_item page-item-2778\"><a href=\"https:\/\/kmim.wm.pwr.edu.pl\/kulisiewicz\/dydaktyka\/wyklad-mechanika-analityczna-24-marca-2020\/mechanika-analityczna-5-maja\/\">Mechanika analityczna 5 maja<\/a><\/li>\n\t<li class=\"page_item page-item-2806\"><a href=\"https:\/\/kmim.wm.pwr.edu.pl\/kulisiewicz\/dydaktyka\/wyklad-mechanika-analityczna-24-marca-2020\/mechanika-analityczna-19-maja\/\">Mechanika analityczna 19 maja<\/a><\/li>\n\t<li class=\"page_item page-item-2819\"><a href=\"https:\/\/kmim.wm.pwr.edu.pl\/kulisiewicz\/dydaktyka\/wyklad-mechanika-analityczna-24-marca-2020\/mechanika-analityczna-2-czerwca\/\">Mechanika analityczna 2 czerwca<\/a><\/li>\n\t<li class=\"page_item page-item-2843\"><a href=\"https:\/\/kmim.wm.pwr.edu.pl\/kulisiewicz\/dydaktyka\/wyklad-mechanika-analityczna-24-marca-2020\/kolokwium-16-czerwca\/\">Kolokwium, 16 czerwca<\/a><\/li>\n<\/ul>\n<\/li>\n<\/ul>\n<p>&nbsp;<\/p>\n","protected":false},"excerpt":{"rendered":"<p>Polecane ksi\u0105\u017cki: Dynamika uk\u0142ad\u00f3w mechanicznych w zadaniach technicznych (Maciej Kulisiewicz, Stanis\u0142aw Piesiak), Oficyna Wydaw. PWroc., 2002. (Cz. 1) Metodologia modelowania i identyfikacji mechanicznych uk\u0142ad\u00f3w dynamicznych (Maciej Kulisiewicz, Stanis\u0142aw Piesiak), Oficyna Wydaw. PWroc., 1994 Materia\u0142y na czas zawieszenia zaj\u0119\u0107 &nbsp;<\/p>\n","protected":false},"author":23,"featured_media":0,"parent":0,"menu_order":4,"comment_status":"closed","ping_status":"closed","template":"","meta":{"ngg_post_thumbnail":0,"footnotes":""},"class_list":["post-1161","page","type-page","status-publish","hentry"],"publishpress_future_action":{"enabled":false,"date":"2026-05-18 18:11:22","action":"change-status","newStatus":"draft","terms":[],"taxonomy":"language","extraData":[]},"publishpress_future_workflow_manual_trigger":{"enabledWorkflows":[]},"_links":{"self":[{"href":"https:\/\/kmim.wm.pwr.edu.pl\/kulisiewicz\/wp-json\/wp\/v2\/pages\/1161","targetHints":{"allow":["GET"]}}],"collection":[{"href":"https:\/\/kmim.wm.pwr.edu.pl\/kulisiewicz\/wp-json\/wp\/v2\/pages"}],"about":[{"href":"https:\/\/kmim.wm.pwr.edu.pl\/kulisiewicz\/wp-json\/wp\/v2\/types\/page"}],"author":[{"embeddable":true,"href":"https:\/\/kmim.wm.pwr.edu.pl\/kulisiewicz\/wp-json\/wp\/v2\/users\/23"}],"replies":[{"embeddable":true,"href":"https:\/\/kmim.wm.pwr.edu.pl\/kulisiewicz\/wp-json\/wp\/v2\/comments?post=1161"}],"version-history":[{"count":7,"href":"https:\/\/kmim.wm.pwr.edu.pl\/kulisiewicz\/wp-json\/wp\/v2\/pages\/1161\/revisions"}],"predecessor-version":[{"id":2694,"href":"https:\/\/kmim.wm.pwr.edu.pl\/kulisiewicz\/wp-json\/wp\/v2\/pages\/1161\/revisions\/2694"}],"wp:attachment":[{"href":"https:\/\/kmim.wm.pwr.edu.pl\/kulisiewicz\/wp-json\/wp\/v2\/media?parent=1161"}],"curies":[{"name":"wp","href":"https:\/\/api.w.org\/{rel}","templated":true}]}}