{"id":1165,"date":"2015-02-20T18:51:24","date_gmt":"2015-02-20T17:51:24","guid":{"rendered":"http:\/\/kmim.wm.pwr.edu.pl\/kulisiewicz\/?page_id=1165"},"modified":"2015-03-11T11:43:45","modified_gmt":"2015-03-11T10:43:45","slug":"projekty-badawcze","status":"publish","type":"page","link":"https:\/\/kmim.wm.pwr.edu.pl\/kulisiewicz\/projekty-badawcze\/","title":{"rendered":"projekty badawcze"},"content":{"rendered":"<p>Kierownictwo projektami KBN:<\/p>\n<ul>\n<li>1994-1996\u00a0Metodyka identyfikacji w\u0142asno\u015bci dynamicznych uk\u0142ad\u00f3w silnie nieliniowych o z\u0142o\u017conej konfiguracji w arbitralnych warunkach wymuszenia<\/li>\n<li>1.07.1997 \u2013 30.06.2000 Uk\u0142ady mechaniczne i materia\u0142y poddane losowym obci\u0105\u017ceniom impulsowym \u2013 rozw\u00f3j metod dynamiki stochastycznej, identyfikacji uk\u0142ad\u00f3w oraz bada\u0144 materia\u0142\u00f3w<\/li>\n<\/ul>\n<p>&nbsp;<\/p>\n<p>&nbsp;<\/p>\n","protected":false},"excerpt":{"rendered":"<p>Kierownictwo projektami KBN: 1994-1996\u00a0Metodyka identyfikacji w\u0142asno\u015bci dynamicznych uk\u0142ad\u00f3w silnie nieliniowych o z\u0142o\u017conej konfiguracji w arbitralnych warunkach wymuszenia 1.07.1997 \u2013 30.06.2000 Uk\u0142ady mechaniczne i materia\u0142y poddane losowym obci\u0105\u017ceniom impulsowym \u2013 rozw\u00f3j metod dynamiki stochastycznej, identyfikacji uk\u0142ad\u00f3w oraz bada\u0144 materia\u0142\u00f3w &nbsp; &nbsp;<\/p>\n","protected":false},"author":23,"featured_media":0,"parent":0,"menu_order":3,"comment_status":"closed","ping_status":"closed","template":"","meta":{"ngg_post_thumbnail":0,"footnotes":""},"class_list":["post-1165","page","type-page","status-publish","hentry"],"publishpress_future_action":{"enabled":false,"date":"2026-05-18 18:10:51","action":"change-status","newStatus":"draft","terms":[],"taxonomy":"language","extraData":[]},"publishpress_future_workflow_manual_trigger":{"enabledWorkflows":[]},"_links":{"self":[{"href":"https:\/\/kmim.wm.pwr.edu.pl\/kulisiewicz\/wp-json\/wp\/v2\/pages\/1165","targetHints":{"allow":["GET"]}}],"collection":[{"href":"https:\/\/kmim.wm.pwr.edu.pl\/kulisiewicz\/wp-json\/wp\/v2\/pages"}],"about":[{"href":"https:\/\/kmim.wm.pwr.edu.pl\/kulisiewicz\/wp-json\/wp\/v2\/types\/page"}],"author":[{"embeddable":true,"href":"https:\/\/kmim.wm.pwr.edu.pl\/kulisiewicz\/wp-json\/wp\/v2\/users\/23"}],"replies":[{"embeddable":true,"href":"https:\/\/kmim.wm.pwr.edu.pl\/kulisiewicz\/wp-json\/wp\/v2\/comments?post=1165"}],"version-history":[{"count":4,"href":"https:\/\/kmim.wm.pwr.edu.pl\/kulisiewicz\/wp-json\/wp\/v2\/pages\/1165\/revisions"}],"predecessor-version":[{"id":1226,"href":"https:\/\/kmim.wm.pwr.edu.pl\/kulisiewicz\/wp-json\/wp\/v2\/pages\/1165\/revisions\/1226"}],"wp:attachment":[{"href":"https:\/\/kmim.wm.pwr.edu.pl\/kulisiewicz\/wp-json\/wp\/v2\/media?parent=1165"}],"curies":[{"name":"wp","href":"https:\/\/api.w.org\/{rel}","templated":true}]}}