{"id":1747,"date":"2014-12-10T18:16:13","date_gmt":"2014-12-10T17:16:13","guid":{"rendered":"http:\/\/kmim.wm.pwr.edu.pl\/myszka\/?page_id=1747"},"modified":"2014-12-10T20:42:45","modified_gmt":"2014-12-10T19:42:45","slug":"szablon-bibliografii","status":"publish","type":"page","link":"https:\/\/kmim.wm.pwr.edu.pl\/myszka\/projekty\/rozne-dodatki-do-latexa\/szablon-bibliografii\/","title":{"rendered":"Szablon bibliografii"},"content":{"rendered":"<p>Na potrzeby publikacji sk\u0142adanych dla Oficyny Wydawniczej Politechniki Wroc\u0142awskiej opracowa\u0142em szablon bibliografii (tworzonej przy pomocy BibTeXa), kt\u00f3ry nie\u017ale spe\u0142nia wymagania Redakcji. Nie jest doskona\u0142y, ale\u2026<\/p>\n<p>Pozwalam sobie udost\u0119pni\u0107 go tu \u2014 by\u0107 mo\u017ce komu\u015b si\u0119 przyda:\u00a0<a href=\"http:\/\/kmim.wm.pwr.edu.pl\/myszka\/wp-content\/uploads\/sites\/2\/2014\/12\/oficyna.bst\">Szablon bibliografii (Oficyna Wydawnicza PWr)<\/a>.<\/p>\n<p>Kilka uwag:<\/p>\n<ol>\n<li>Niestety BibTeX nie rozpoznaje unicode (utf8). W szczeg\u00f3lno\u015bci nie potrafi sortowa\u0107 nazwisk w kolejno\u015bci alfabetycznej.<\/li>\n<li>Szablon zast\u0119puje imi\u0119 pierwsz\u0105 jego liter\u0105 (i dodaje kropk\u0119). W przypadku, gdy bibliografia zakodowana jest jako utf8, b\u0119dzie powodowa\u0142o to powa\u017cne problemy. Do zapisania znaku \u0141 \u00a0(z imienia \u0141ukasz lub \u0141ucja) potrzeba dwu bajt\u00f3w. Natomiast algorytm skracania nazwiska bierze tylko pierwszy z nich i dodaje kropk\u0119. Znak przestaje mie\u0107 sens. Rozwi\u0105zaniem jest zapis imion zaczynaj\u0105cych si\u0119 od litery akcentowanej z u\u017cyciem polece\u0144 LaTeXa, czyli tak: <code>{\\L}ukasz {\\L}ucja<\/code>. BibTeX prawid\u0142owo rozpoznaje <code>{\\L}<\/code> jako jeden znak.<\/li>\n<li>Je\u017celi chodzi o sortowanie, to jest z tym k\u0142opot. Prawid\u0142owe rozwi\u0105zanie to u\u017cycie BibLaTeXa (wraz z programem biber). Niestety, jak na razie, brakuje szablon\u00f3w zgodnych z polskimi obyczajami.<\/li>\n<\/ol>\n<p>(W razie potrzeb mog\u0119 go modyfikowa\u0107\/ulepsza\u0107.)<\/p>\n","protected":false},"excerpt":{"rendered":"<p>Na potrzeby publikacji sk\u0142adanych dla Oficyny Wydawniczej Politechniki Wroc\u0142awskiej opracowa\u0142em szablon bibliografii (tworzonej przy pomocy BibTeXa), kt\u00f3ry nie\u017ale spe\u0142nia wymagania Redakcji. Nie jest doskona\u0142y, ale\u2026 Pozwalam sobie udost\u0119pni\u0107 go tu \u2014 by\u0107 mo\u017ce komu\u015b si\u0119 przyda:\u00a0Szablon bibliografii (Oficyna Wydawnicza PWr). Kilka uwag: Niestety BibTeX nie rozpoznaje unicode (utf8). W szczeg\u00f3lno\u015bci nie potrafi sortowa\u0107 nazwisk w &hellip; <a href=\"https:\/\/kmim.wm.pwr.edu.pl\/myszka\/projekty\/rozne-dodatki-do-latexa\/szablon-bibliografii\/\" class=\"more-link\">Czytaj dalej <span class=\"screen-reader-text\">Szablon bibliografii<\/span> <span class=\"meta-nav\">&rarr;<\/span><\/a><\/p>\n","protected":false},"author":1,"featured_media":0,"parent":1604,"menu_order":0,"comment_status":"closed","ping_status":"open","template":"","meta":{"ngg_post_thumbnail":0,"footnotes":""},"class_list":["post-1747","page","type-page","status-publish","hentry"],"publishpress_future_action":{"enabled":false,"date":"2026-04-19 22:42:19","action":"change-status","newStatus":"draft","terms":[],"taxonomy":"language","extraData":[]},"publishpress_future_workflow_manual_trigger":{"enabledWorkflows":[]},"_links":{"self":[{"href":"https:\/\/kmim.wm.pwr.edu.pl\/myszka\/wp-json\/wp\/v2\/pages\/1747","targetHints":{"allow":["GET"]}}],"collection":[{"href":"https:\/\/kmim.wm.pwr.edu.pl\/myszka\/wp-json\/wp\/v2\/pages"}],"about":[{"href":"https:\/\/kmim.wm.pwr.edu.pl\/myszka\/wp-json\/wp\/v2\/types\/page"}],"author":[{"embeddable":true,"href":"https:\/\/kmim.wm.pwr.edu.pl\/myszka\/wp-json\/wp\/v2\/users\/1"}],"replies":[{"embeddable":true,"href":"https:\/\/kmim.wm.pwr.edu.pl\/myszka\/wp-json\/wp\/v2\/comments?post=1747"}],"version-history":[{"count":4,"href":"https:\/\/kmim.wm.pwr.edu.pl\/myszka\/wp-json\/wp\/v2\/pages\/1747\/revisions"}],"predecessor-version":[{"id":1755,"href":"https:\/\/kmim.wm.pwr.edu.pl\/myszka\/wp-json\/wp\/v2\/pages\/1747\/revisions\/1755"}],"up":[{"embeddable":true,"href":"https:\/\/kmim.wm.pwr.edu.pl\/myszka\/wp-json\/wp\/v2\/pages\/1604"}],"wp:attachment":[{"href":"https:\/\/kmim.wm.pwr.edu.pl\/myszka\/wp-json\/wp\/v2\/media?parent=1747"}],"curies":[{"name":"wp","href":"https:\/\/api.w.org\/{rel}","templated":true}]}}