{"id":19516,"date":"2015-08-22T17:21:01","date_gmt":"2015-08-22T15:21:01","guid":{"rendered":"http:\/\/kmim.wm.pwr.edu.pl\/myszka\/?page_id=19516"},"modified":"2025-05-13T09:41:36","modified_gmt":"2025-05-13T07:41:36","slug":"dydaktyka","status":"publish","type":"page","link":"https:\/\/kmim.wm.pwr.edu.pl\/myszka\/dydaktyka\/","title":{"rendered":"Dydaktyka"},"content":{"rendered":"<p>\t\t<meta http-equiv=\"refresh\" content=\"5; url=https:\/\/myszka.kmim.wm.pwr.edu.pl\/dydaktyka\">\r\n\t\tPlease wait while you are redirected...or <a href=\"https:\/\/myszka.kmim.wm.pwr.edu.pl\/dydaktyka\">Click Here<\/a> if you do not want to wait.\r\n<br \/>\nProwadz\u0119 zaj\u0119cia dydaktyczne w trzech grupach tematycznych:<\/p>\n<ol>\n<li><a href=\"http:\/\/kmim.wm.pwr.edu.pl\/myszka\/dydaktyka\/technologie-informacyjne\/\">Technologie Informacyjne<\/a>. W r\u00f3\u017cnych latach na r\u00f3\u017cnych kierunkach Wydzia\u0142u Mechanicznego. Obecnie cz\u0119\u015b\u0107 tych zaj\u0119\u0107 prowadz\u0105 r\u00f3wnie\u017c: dr Jakub S\u0142owi\u0144ski, dr Maciej Panek i czasami dr Justyna Krzak oraz dr Miros\u0142aw Bocian i dr Mariusz Hasiak. R\u00f3wnie\u017c w j\u0119zyku angielskim.<\/li>\n<li><a href=\"http:\/\/kmim.wm.pwr.edu.pl\/myszka\/dydaktyka\/informatyka-i\/\">Informatyka I<\/a> czyli programowanie w &nbsp;j\u0119zyku C. Zaj\u0119cia (wyk\u0142ad i cz\u0119\u015b\u0107 laboratori\u00f3w) prowadz\u0119 na kierunku Automatyka i Robotyka oraz Mechatronika Wydzia\u0142u Mechanicznego.<\/li>\n<li><a href=\"http:\/\/kmim.wm.pwr.edu.pl\/myszka\/dydaktyka\/metody-numeryczne\/\">Metody numeryczne<\/a>, na 7. semestrze kierunku Mechatronika na Wydziale Mechanicznym.<\/li>\n<li><a href=\"http:\/\/kmim.wm.pwr.edu.pl\/myszka\/dydaktyka\/sieci-komunikacyjne-mcm041007\/\">Sieci komunikacyjne<\/a> na 1. semestrze kierunku Mechatronika (studia II stopnia) na Wydziale Mechanicznym.&nbsp;<\/li>\n<\/ol>\n<p>Swojego czasu prowadzi\u0142em r\u00f3wnie\u017c zaj\u0119cia<\/p>\n<ul>\n<li>Administracja systemem Unix (semestr zimowy, 2006\/2007, 2007\/2008, 2008\/2009, 2009\/2010, 2010\/2011) i Laboratorium z metod numerycznych (dla Wydzia\u0142u Elektroniki Politechniki Wroc\u0142awskiej).<\/li>\n<li>Publikacja techniczna (eksperymentalny kurs dla IPS Wydzia\u0142u Mechanicznego, semestr letni 2008\/2009).<\/li>\n<li>Projektowanie i&nbsp;analiza wynik\u00f3w eksperymentu (dla IPS Wydzia\u0142u Mechanicznego) \u2014 semestr zimowy 2009\/2010.<\/li>\n<\/ul>\n","protected":false},"excerpt":{"rendered":"<p>Prowadz\u0119 zaj\u0119cia dydaktyczne w trzech grupach tematycznych: Technologie Informacyjne. W r\u00f3\u017cnych latach na r\u00f3\u017cnych kierunkach Wydzia\u0142u Mechanicznego. Obecnie cz\u0119\u015b\u0107 tych zaj\u0119\u0107 prowadz\u0105 r\u00f3wnie\u017c: dr Jakub S\u0142owi\u0144ski, dr Maciej Panek i czasami dr Justyna Krzak oraz dr Miros\u0142aw Bocian i dr Mariusz Hasiak. R\u00f3wnie\u017c w j\u0119zyku angielskim. Informatyka I czyli programowanie w &nbsp;j\u0119zyku C. Zaj\u0119cia (wyk\u0142ad &hellip; <a href=\"https:\/\/kmim.wm.pwr.edu.pl\/myszka\/dydaktyka\/\" class=\"more-link\">Czytaj dalej <span class=\"screen-reader-text\">Dydaktyka<\/span> <span class=\"meta-nav\">&rarr;<\/span><\/a><\/p>\n","protected":false},"author":1,"featured_media":0,"parent":0,"menu_order":0,"comment_status":"closed","ping_status":"open","template":"","meta":{"ngg_post_thumbnail":0,"footnotes":""},"class_list":["post-19516","page","type-page","status-publish","hentry"],"publishpress_future_action":{"enabled":false,"date":"2026-04-23 12:10:52","action":"change-status","newStatus":"draft","terms":[],"taxonomy":"language","extraData":[]},"publishpress_future_workflow_manual_trigger":{"enabledWorkflows":[]},"_links":{"self":[{"href":"https:\/\/kmim.wm.pwr.edu.pl\/myszka\/wp-json\/wp\/v2\/pages\/19516","targetHints":{"allow":["GET"]}}],"collection":[{"href":"https:\/\/kmim.wm.pwr.edu.pl\/myszka\/wp-json\/wp\/v2\/pages"}],"about":[{"href":"https:\/\/kmim.wm.pwr.edu.pl\/myszka\/wp-json\/wp\/v2\/types\/page"}],"author":[{"embeddable":true,"href":"https:\/\/kmim.wm.pwr.edu.pl\/myszka\/wp-json\/wp\/v2\/users\/1"}],"replies":[{"embeddable":true,"href":"https:\/\/kmim.wm.pwr.edu.pl\/myszka\/wp-json\/wp\/v2\/comments?post=19516"}],"version-history":[{"count":9,"href":"https:\/\/kmim.wm.pwr.edu.pl\/myszka\/wp-json\/wp\/v2\/pages\/19516\/revisions"}],"predecessor-version":[{"id":27947,"href":"https:\/\/kmim.wm.pwr.edu.pl\/myszka\/wp-json\/wp\/v2\/pages\/19516\/revisions\/27947"}],"wp:attachment":[{"href":"https:\/\/kmim.wm.pwr.edu.pl\/myszka\/wp-json\/wp\/v2\/media?parent=19516"}],"curies":[{"name":"wp","href":"https:\/\/api.w.org\/{rel}","templated":true}]}}