{"id":19533,"date":"2015-10-07T17:23:34","date_gmt":"2015-08-22T11:47:34","guid":{"rendered":"http:\/\/kmim.wm.pwr.edu.pl\/myszka\/?page_id=19533"},"modified":"2021-09-22T09:51:16","modified_gmt":"2021-09-22T07:51:16","slug":"technologie-informacyjne","status":"publish","type":"page","link":"https:\/\/kmim.wm.pwr.edu.pl\/myszka\/dydaktyka\/technologie-informacyjne\/","title":{"rendered":"Technologie Informacyjne"},"content":{"rendered":"\n<h1 id=\"informacje-og\u00f3lne\">Informacje og\u00f3lne<\/h1>\n<p>Technologie Informacyjne (TI) to og\u00f3lna nazwa zestawu przedmiot\u00f3w wyk\u0142adanych na I semestrze (zimowym) na Wydziale Mechanicznym.<\/p>\n<p>Przedmiot wyst\u0119puje w kilku r\u00f3\u017cnych wariantach w zale\u017cno\u015bci od kierunku i trybu zaj\u0119\u0107:<\/p>\n<ol>\n<li>W j\u0119zyku polskim:\n<ol>\n<li>Studia stacjonarne\n<ol>\n<li>Mechanika i Budowa Maszyn (MMM031003\/MMM031303): 30W<\/li>\n<li>Robotyka i Automatyzacja Proces\u00f3w (<a href=\"http:\/\/kmim.wm.pwr.edu.pl\/myszka\/dydaktyka\/technologie-informacyjne\/automatyka-i-robotyka-technologie-informacyjne-arm031003w\/\">RAM031003W<\/a>): 30W<\/li>\n<li>Zarz\u0105dzanie i In\u017cynieria Produkcji (ZPM031003): 30W15P<\/li>\n<li>Mechtronika (<a href=\"http:\/\/kmim.wm.pwr.edu.pl\/myszka\/dydaktyka\/technologie-informacyjne\/mechatronika-mcm031003\/\">MCM031003<\/a>): 15W15P<\/li>\n<li>Transport (<a href=\"http:\/\/kmim.wm.pwr.edu.pl\/myszka\/dydaktyka\/technologie-informacyjne\/transport-technologie-informacyjne-trm031003w\/\">TRM031003<\/a>): 30W<\/li>\n<\/ol>\n<\/li>\n<li>Studia niestacjonarne\n<ol>\n<li>Mechanika i Budowa Maszyn (<a href=\"https:\/\/kmim.wm.pwr.edu.pl\/myszka\/dydaktyka\/technologie-informacyjne\/mechanika-i-budowa-maszyn-mmm032003\/\">MMM032003<\/a>): 20W<\/li>\n<li>Zarz\u0105dzanie i In\u017cynieria Produkcji (<a href=\"https:\/\/kmim.wm.pwr.edu.pl\/myszka\/dydaktyka\/technologie-informacyjne\/zip-zpm032003\/\">ZPM032003<\/a>): 20W10P<\/li>\n<\/ol>\n<\/li>\n<\/ol>\n<\/li>\n<li>W j\u0119zyku angielskim\n<ol>\n<li>Information Technology: 30W<\/li>\n<\/ol>\n<\/li>\n<\/ol>\n<p>(<span class=\"math\">\\(xx\\)<\/span>W \u2014 <span class=\"math\">\\(xx\\)<\/span> godzin wyk\u0142adu, <span class=\"math\">\\(xx\\)<\/span>P \u2014 <span class=\"math\">\\(xx\\)<\/span> godzin projektu).<\/p>\n<p>Zaj\u0119cia projektowe odbywaj\u0105 si\u0119 w laboratorium, w znacznej cz\u0119\u015bci w sali 604B1 na poddaszu budynku B1.<\/p>\n<h1 id=\"prowadzone-zaj\u0119cia\">Prowadzone zaj\u0119cia<\/h1>\n<p>W semestrze zimowym roku akademickiego 2020\/2021 prowadz\u0119 zaj\u0119cia z TI na kierunkach:<\/p>\n<ol>\n<li style=\"list-style-type: none;\">\n<ol>\n<li><a href=\"http:\/\/kmim.wm.pwr.edu.pl\/myszka\/dydaktyka\/technologie-informacyjne\/automatyka-i-robotyka-technologie-informacyjne-arm031003w\/\">Robotyka i Automatyzacja Proces\u00f3w<\/a> na Wydziale Mechanicznym.<\/li>\n<li><a href=\"http:\/\/kmim.wm.pwr.edu.pl\/myszka\/dydaktyka\/technologie-informacyjne\/transport-technologie-informacyjne-trm031003w\/\">Transport<\/a> na Wydziale Mechanicznym<\/li>\n<\/ol>\n<\/li>\n<\/ol>\n<h1 id=\"cele\">Cele<\/h1>\n<p>Podstawowym celem zaj\u0119\u0107 mog\u0105 by\u0107 sformu\u0142owane w nast\u0119puj\u0105cy spos\u00f3b:<\/p>\n<ol>\n<li>Ujednolicenie terminologii z zakresu informatyki.<\/li>\n<li>Zwi\u0119z\u0142e przedstawienie historii i wewn\u0119trznej organizacji komputer\u00f3w.<\/li>\n<li>Podstawowe informacje o j\u0119zykach programowania.<\/li>\n<li>Poj\u0119cie algorytmu<\/li>\n<li>Podstawowe informacje o typach i powodach b\u0142\u0119d\u00f3w podczas oblicze\u0144 komputerowych.<\/li>\n<li>Poj\u0119cie algorytmu i podstawowe informacje o sposobach projektowania (konstruowania) algorytm\u00f3w.<\/li>\n<li>Podstawowe informacje o Internecie i prywatno\u015bci.<\/li>\n<li>Podstawowe informacje o przestrzeganiu praw autorskich (zw\u0142aszcza w Internecie).<\/li>\n<\/ol>\n<p>&nbsp;<\/p>\n","protected":false},"excerpt":{"rendered":"<p>Informacje og\u00f3lne Technologie Informacyjne (TI) to og\u00f3lna nazwa zestawu przedmiot\u00f3w wyk\u0142adanych na I semestrze (zimowym) na Wydziale Mechanicznym. Przedmiot wyst\u0119puje w kilku r\u00f3\u017cnych wariantach w zale\u017cno\u015bci od kierunku i trybu zaj\u0119\u0107: W j\u0119zyku polskim: Studia stacjonarne Mechanika i Budowa Maszyn (MMM031003\/MMM031303): 30W Robotyka i Automatyzacja Proces\u00f3w (RAM031003W): 30W Zarz\u0105dzanie i In\u017cynieria Produkcji (ZPM031003): 30W15P Mechtronika &hellip; <a href=\"https:\/\/kmim.wm.pwr.edu.pl\/myszka\/dydaktyka\/technologie-informacyjne\/\" class=\"more-link\">Czytaj dalej <span class=\"screen-reader-text\">Technologie Informacyjne<\/span> <span class=\"meta-nav\">&rarr;<\/span><\/a><\/p>\n","protected":false},"author":1,"featured_media":19538,"parent":19516,"menu_order":0,"comment_status":"closed","ping_status":"open","template":"","meta":{"ngg_post_thumbnail":0,"footnotes":""},"class_list":["post-19533","page","type-page","status-publish","has-post-thumbnail","hentry"],"publishpress_future_action":{"enabled":false,"date":"2026-04-26 06:19:18","action":"change-status","newStatus":"draft","terms":[],"taxonomy":"language","extraData":[]},"publishpress_future_workflow_manual_trigger":{"enabledWorkflows":[]},"_links":{"self":[{"href":"https:\/\/kmim.wm.pwr.edu.pl\/myszka\/wp-json\/wp\/v2\/pages\/19533","targetHints":{"allow":["GET"]}}],"collection":[{"href":"https:\/\/kmim.wm.pwr.edu.pl\/myszka\/wp-json\/wp\/v2\/pages"}],"about":[{"href":"https:\/\/kmim.wm.pwr.edu.pl\/myszka\/wp-json\/wp\/v2\/types\/page"}],"author":[{"embeddable":true,"href":"https:\/\/kmim.wm.pwr.edu.pl\/myszka\/wp-json\/wp\/v2\/users\/1"}],"replies":[{"embeddable":true,"href":"https:\/\/kmim.wm.pwr.edu.pl\/myszka\/wp-json\/wp\/v2\/comments?post=19533"}],"version-history":[{"count":22,"href":"https:\/\/kmim.wm.pwr.edu.pl\/myszka\/wp-json\/wp\/v2\/pages\/19533\/revisions"}],"predecessor-version":[{"id":26760,"href":"https:\/\/kmim.wm.pwr.edu.pl\/myszka\/wp-json\/wp\/v2\/pages\/19533\/revisions\/26760"}],"up":[{"embeddable":true,"href":"https:\/\/kmim.wm.pwr.edu.pl\/myszka\/wp-json\/wp\/v2\/pages\/19516"}],"wp:featuredmedia":[{"embeddable":true,"href":"https:\/\/kmim.wm.pwr.edu.pl\/myszka\/wp-json\/wp\/v2\/media\/19538"}],"wp:attachment":[{"href":"https:\/\/kmim.wm.pwr.edu.pl\/myszka\/wp-json\/wp\/v2\/media?parent=19533"}],"curies":[{"name":"wp","href":"https:\/\/api.w.org\/{rel}","templated":true}]}}