{"id":21678,"date":"2015-10-25T20:11:56","date_gmt":"2015-10-25T20:11:56","guid":{"rendered":"http:\/\/kmim.wm.pwr.edu.pl\/myszka\/?page_id=21678"},"modified":"2015-10-25T21:39:20","modified_gmt":"2015-10-25T20:39:20","slug":"laboratorium-3-zip-formatowanie-dokumentu","status":"publish","type":"page","link":"https:\/\/kmim.wm.pwr.edu.pl\/myszka\/dydaktyka\/technologie-informacyjne\/zip-zpm032003\/projekt\/laboratorium-3-zip-formatowanie-dokumentu\/","title":{"rendered":"Laboratorium 3 (ZIP): Formatowanie dokumentu"},"content":{"rendered":"<br \/>\n<h3 class=\"sectionHead\"><span class=\"titlemark\">1<\/span> <a id=\"x1-10001\" name=\"x1-10001\"><\/a>Wst\u0119p<\/h3>\n<p class=\"noindent\">Bardzo cz\u0119sto PT Wydawnictwo definiuje zbi\u00f3r wymaga\u0144 (technicznych), jakie powinna spe\u0142nia\u0107 praca (referat na konferencj\u0119, ksi\u0105\u017cka) \u017ceby mog\u0142a by\u0107 wydrukowana na podstawie materia\u0142u przedstawionego przez Autora z pomini\u0119ciem procesu redakcji.<\/p>\n<p class=\"indent\">Zazwyczaj zak\u0142ada si\u0119 referat b\u0119dzie przygotowany z wykorzystanie Programu MS Word. Po przes\u0142\u0105niu do Redakcji bardzo cz\u0119sto nie podlkega ju\u017c \u017cadnej dalszej obr\u00f3bce \u2013 od Autora zale\u017cy czy b\u0119dzie si\u0119 prezentowa\u0142 godnie w materia\u0142ach konferencyjnych.<\/p>\n<h4 class=\"subsectionHead\"><span class=\"titlemark\">1.1<\/span> <a id=\"x1-20001.1\" name=\"x1-20001.1\"><\/a>Cel laboratorium<\/h4>\n<p class=\"noindent\">Celem laboratorium jest sformatowanie przygotowanego tekstu zgodnie z\u00a0wymaganiami zaprezentowanymi w\u00a0rozdziale\u00a0<a href=\"#x1-70003\">3<\/a>.<\/p>\n<h4 class=\"subsectionHead\"><span class=\"titlemark\">1.2<\/span> <a id=\"x1-30001.2\" name=\"x1-30001.2\"><\/a>Wymagania<\/h4>\n<h4 class=\"subsectionHead\"><span class=\"titlemark\">1.3<\/span> <a id=\"x1-40001.3\" name=\"x1-40001.3\"><\/a>Pytania<\/h4>\n<h4 class=\"subsectionHead\"><span class=\"titlemark\">1.4<\/span> <a id=\"x1-50001.4\" name=\"x1-50001.4\"><\/a>Materia\u0142y<\/h4>\n<p class=\"noindent\">Instrukcja pochodzi ze strony 7 Krajowej konferencji \u201eIn\u017cynieria Wiedzy i Systemy Ekspertowe\u201d (<a href=\"http:\/\/www.iwse.pwr.wroc.pl\/\" class=\"url\"><span class=\"rm-lmtt-10x-x-109\">http:\/\/www.iwse.pwr.wroc.pl\/<\/span><\/a>).<\/p>\n<h3 class=\"sectionHead\"><span class=\"titlemark\">2<\/span> <a id=\"x1-60002\" name=\"x1-60002\"><\/a>Zadania do wykonania<\/h3>\n<ol class=\"enumerate1\">\n<li class=\"enumerate\" id=\"x1-6002x1\">Zmodyfikowa\u0107 tak styl dokumentu \u017ceby spe\u0142ni\u0107 wszystkie (jak najwi\u0119cej?) wymagania przedstawione w\u00a0rozdziale\u00a0<a href=\"#x1-70003\">3<\/a>.<\/li>\n<\/ol>\n<h3 class=\"sectionHead\"><span class=\"titlemark\">3<\/span> <a id=\"x1-70003\" name=\"x1-70003\"><\/a>Materia\u0142y pomocnicze<\/h3>\n<p class=\"noindent\">Bardzo cz\u0119sto PT Wydawnictwo definiuje zbi\u00f3r wymaga\u0144 (technicznych), jakie powinna spe\u0142nia\u0107 praca (referat na konferencj\u0119, ksi\u0105\u017cka) \u017ceby mog\u0142a by\u0107 wydrukowana na podstawie materia\u0142u przedstawionego przez Autora z pomini\u0119ciem procesu redakcji.<\/p>\n<p class=\"indent\">W dalszej cz\u0119\u015bci cytujemy (pierwsz\u0105 lepsz\u0105) tak\u0105 instrukcj\u0119.<\/p>\n<p class=\"indent\"><span class=\"rm-lmbx-10x-x-109\">Uwaga:<\/span> Wsz\u0119dzie tam gdzie w instrukcji wyst\u0119puje odwo\u0142anie do czcionki Times New Roman mo\u017cna zast\u0105pi\u0107 j\u0105 dowoln\u0105 inn\u0105 czcionk\u0105, na przyk\u0142ad podobn\u0105 Liberation Serif.<\/p>\n<h4 class=\"subsectionHead\"><span class=\"titlemark\">3.1<\/span> <a id=\"x1-80003.1\" name=\"x1-80003.1\"><\/a>In\u017cynieria Wiedzy i Systemy Ekspertowe 2009 \u2013 Instrukcje dla Autor\u00f3w<\/h4>\n<p class=\"noindent\"><a href=\"http:\/\/kmim.wm.pwr.edu.pl\/myszka\/wp-content\/uploads\/sites\/2\/2015\/10\/IWSE2009instrukcje.pdf\">Instrukcja dla Autor\u00f3w<\/a><\/p>\n<h4 class=\"subsectionHead\"><span class=\"titlemark\">3.2<\/span> <a id=\"x1-90003.2\" name=\"x1-90003.2\"><\/a>Modyfikacja styl\u00f3w<\/h4>\n<p class=\"noindent\">Najpro\u015bciej style modyfikowa\u0107 po otworzeniu okienka \u201eStyle i Formatowanie\u201d (z menu g\u0142\u00f3wnego wybieramy Format <img decoding=\"async\" src=\"http:\/\/kmim.wm.pwr.edu.pl\/myszka\/wp-content\/uploads\/sites\/2\/2015\/10\/zipl030x.svg\" alt=\"\u2192 \" class=\"math\" \/> Style i formatowanie).<\/p>\n<h5 class=\"subsubsectionHead\"><span class=\"titlemark\">3.2.1<\/span> <a id=\"x1-100003.2.1\" name=\"x1-100003.2.1\"><\/a>Strona<\/h5>\n<p class=\"noindent\">Wszystko to co dotyczy rozmieszczenia tekstu na stronie modyfikujemy na stylach strony (rysunek\u00a0<a href=\"#x1-100011\">1<\/a>).<\/p>\n<hr class=\"figure\" \/>\n<div class=\"figure\">\n    <a id=\"x1-100011\" name=\"x1-100011\"><\/a> <\/p>\n<p class=\"noindent\"><img decoding=\"async\" src=\"http:\/\/kmim.wm.pwr.edu.pl\/myszka\/wp-content\/uploads\/sites\/2\/2015\/10\/StyleStrony1.png\" alt=\"PIC\" \/><\/p>\n<div class=\"caption\">\n      <span class=\"id\">Rysunek\u00a01:<\/span> <span class=\"content\">Style strony<\/span>\n    <\/div>\n<\/p><\/div>\n<hr class=\"endfigure\" \/>\n<p class=\"indent\">Styl \u201eDomy\u015blnie\u201d zawiera podstawowe ustawieni. Mo\u017cna je modyfikowa\u0107 wskazuj\u0105c mysz\u0105 i naciskaj\u0105c prawy klawisz oraz wybieraj\u0105c \u201eModyfikuj\u201d. Dodatkowo mo\u017cna zdefiniowa\u0107 inny styl dla strony prawej (zazwyczaj karta tytu\u0142owa) oraz dla stron parzystych i nieparzystych<span class=\"footnote-mark\"><a href=\"#fn1x0\" id=\"fn1x0-bk\" name=\"fn1x0-bk\"><sup class=\"textsuperscript\">1<\/sup><\/a><\/span><a id=\"x1-10002f1\" name=\"x1-10002f1\"><\/a>.<\/p>\n<h5 class=\"subsubsectionHead\"><span class=\"titlemark\">3.2.2<\/span> <a id=\"x1-110003.2.2\" name=\"x1-110003.2.2\"><\/a>Nag\u0142\u00f3wki (tytu\u0142y (pod-)rozdzia\u0142\u00f3w<\/h5>\n<p class=\"noindent\">Wygl\u0105d tytu\u0142\u00f3w rozdzia\u0142\u00f3w modyfikujemy w cz\u0119\u015bci nazwanej \u201eStyle akapit\u00f3w\u201d. Wybieramy nag\u0142\u00f3wek odpowiedniego poziomu i rozpoczynamy jego modyfikacj\u0119 wybieraj\u0105c z menu podr\u0119cznego tak jak poprzednio \u201eModyfikuj\u201d (patrz rysunek\u00a0<a href=\"#x1-110012\">2<\/a>).<\/p>\n<hr class=\"figure\" \/>\n<div class=\"figure\">\n    <a id=\"x1-110012\" name=\"x1-110012\"><\/a> <\/p>\n<p class=\"noindent\"><img decoding=\"async\" src=\"http:\/\/kmim.wm.pwr.edu.pl\/myszka\/wp-content\/uploads\/sites\/2\/2015\/10\/StylNaglowek1.png\" alt=\"PIC\" \/><\/p>\n<div class=\"caption\">\n      <span class=\"id\">Rysunek\u00a02:<\/span> <span class=\"content\">Styl nag\u0142\u00f3wka<\/span>\n    <\/div>\n<\/p><\/div>\n<hr class=\"endfigure\" \/>\n<p class=\"indent\">Na pierwszej stronie (\u201eOrganizator\u201d) wy\u015bwietlane jest podsumowanie ustalonych parametr\u00f3w. Zwracam uwag\u0119, \u017ce na tej zak\u0142adce mo\u017cna te\u017c zdefiniowa\u0107 jaki styl zostanie automatycznie ustawiony do tekstu wpisywanego po wpisaniu tytu\u0142u. Zwracam uwag\u0119, \u017ce w przypadku wszystkich nag\u0142\u00f3wk\u00f3w jest to \u201eTre\u015b\u0107 tekstu\u201d.<\/p>\n<p class=\"indent\">Na zak\u0142adce \u201eWci\u0119cia i odst\u0119py\u201d ustawiamy wielko\u015b\u0107 \u201e\u015bwiat\u0142a\u201d powy\u017cej (przed) tytu\u0142u i poni\u017cej (po). Zazwyczaj odst\u0119p przed jest dwa razy wi\u0119kszy ni\u017c po. Im ni\u017csza hierarchia nag\u0142\u00f3wka \u2013 tym odst\u0119py mniejsze. Na zak\u0142adce \u201ePrzep\u0142yw tekstu\u201d mo\u017cna ustali\u0107 \u017ceby przed ka\u017cdym rozdzia\u0142em wstawiany by\u0142 znak podzia\u0142u strony. Wymaga si\u0119 tego jedynie dla poziomu rozdzia\u0142\u00f3w pracy.<\/p>\n<h5 class=\"subsubsectionHead\"><span class=\"titlemark\">3.2.3<\/span> <a id=\"x1-120003.2.3\" name=\"x1-120003.2.3\"><\/a>Tekst<\/h5>\n<p class=\"noindent\">W przypadku tekstu nale\u017cy si\u0119 zdecydowa\u0107 jaki styl b\u0119dzie u\u017cywany do wpisywanego \u201ezwyk\u0142ego\u201d tekstu. Czy korzysta\u0107 ze stylu \u201eDomy\u015blny\u201d, czy mo\u017ce ze stylu \u201eTre\u015b\u0107 tekstu\u201d. Zalecam korzystanie ze stylu \u201eTre\u015b\u0107 tekstu\u201d (gdy\u017c taki styl zostanie ustawiony automatycznie po ka\u017cdym (pod)rozdziale.)<\/p>\n<p class=\"indent\">Zazwyczaj teksty pisane po polsku rozpoczynaj\u0105 si\u0119 od wci\u0119cia akapitowego.<span class=\"footnote-mark\"><a href=\"#fn2x0\" id=\"fn2x0-bk\" name=\"fn2x0-bk\"><sup class=\"textsuperscript\">2<\/sup><\/a><\/span><a id=\"x1-12001f2\" name=\"x1-12001f2\"><\/a> Mo\u017cna to ustali\u0107 na zak\u0142adce \u201eWci\u0119cia i odst\u0119py\u201d. Najcz\u0119\u015bciej nie u\u017cywa si\u0119 odst\u0119pu pionowego pomi\u0119dzy ust\u0119pami tekstu (przed i po ust\u0119pie powinien wynosi\u0107 on 0cm).<\/p>\n<h3 class=\"sectionHead\"><span class=\"titlemark\">4<\/span> <a id=\"x1-130004\" name=\"x1-130004\"><\/a>Instrukcja w formacie PDF<\/h3>\n<p class=\"noindent\"><a href=\"http:\/\/kmim.wm.pwr.edu.pl\/myszka\/wp-content\/uploads\/sites\/2\/2015\/10\/zipl03.pdf\">Instrukcja w formie PDF<\/a>.<\/p>\n<p class=\"indent\"><span class=\"rm-lmr-9\">Wersja: 5<\/span><span class=\"rm-lmr-9\">\u00a0<\/span><span id=\"textcolor1\"><span class=\"rm-lmr-9\">z drobnymi modyfikacjami!<\/span><\/span><span class=\"rm-lmr-9\">z dnia 2015-10-25 09:53:20 +0100<\/span><\/p>\n<div class=\"footnotes\">\n<p class=\"indent\"><span class=\"footnote-mark\"><a href=\"#fn1x0-bk\" id=\"fn1x0\" name=\"fn1x0\"><sup class=\"textsuperscript\">1<\/sup><\/a><\/span><span class=\"rm-lmr-9\">Takich zmian dokonujemy gdy zale\u017cy nam, na przyk\u0142ad, aby numer strony zawsze znajdowa\u0142 si\u0119 bli\u017cej<\/span> <span class=\"rm-lmr-9\">kraw\u0119dzi zewn\u0119trznej. Ma to sens tylko w przypadku druku dwustronnego dokumentu.<\/span><\/p>\n<p class=\"indent\"><span class=\"footnote-mark\"><a href=\"#fn2x0-bk\" id=\"fn2x0\" name=\"fn2x0\"><sup class=\"textsuperscript\">2<\/sup><\/a><\/span><span class=\"rm-lmr-9\">Wci\u0119cie akapitowe nazywane tu jest jako \u201eWci\u0119cie pierwszego wiersza\u201d.<\/span><\/p>\n<\/p><\/div>\n","protected":false},"excerpt":{"rendered":"<p>1 Wst\u0119p Bardzo cz\u0119sto PT Wydawnictwo definiuje zbi\u00f3r wymaga\u0144 (technicznych), jakie powinna spe\u0142nia\u0107 praca (referat na konferencj\u0119, ksi\u0105\u017cka) \u017ceby mog\u0142a by\u0107 wydrukowana na podstawie materia\u0142u przedstawionego przez Autora z pomini\u0119ciem procesu redakcji. Zazwyczaj zak\u0142ada si\u0119 referat b\u0119dzie przygotowany z wykorzystanie Programu MS Word. Po przes\u0142\u0105niu do Redakcji bardzo cz\u0119sto nie podlkega ju\u017c \u017cadnej dalszej obr\u00f3bce &hellip; <a href=\"https:\/\/kmim.wm.pwr.edu.pl\/myszka\/dydaktyka\/technologie-informacyjne\/zip-zpm032003\/projekt\/laboratorium-3-zip-formatowanie-dokumentu\/\" class=\"more-link\">Czytaj dalej <span class=\"screen-reader-text\">Laboratorium 3 (ZIP): Formatowanie dokumentu<\/span> <span class=\"meta-nav\">&rarr;<\/span><\/a><\/p>\n","protected":false},"author":1,"featured_media":0,"parent":21674,"menu_order":0,"comment_status":"closed","ping_status":"closed","template":"","meta":{"ngg_post_thumbnail":0,"footnotes":""},"class_list":["post-21678","page","type-page","status-publish","hentry"],"publishpress_future_action":{"enabled":false,"date":"2026-04-22 22:42:26","action":"change-status","newStatus":"draft","terms":[],"taxonomy":"language","extraData":[]},"publishpress_future_workflow_manual_trigger":{"enabledWorkflows":[]},"_links":{"self":[{"href":"https:\/\/kmim.wm.pwr.edu.pl\/myszka\/wp-json\/wp\/v2\/pages\/21678","targetHints":{"allow":["GET"]}}],"collection":[{"href":"https:\/\/kmim.wm.pwr.edu.pl\/myszka\/wp-json\/wp\/v2\/pages"}],"about":[{"href":"https:\/\/kmim.wm.pwr.edu.pl\/myszka\/wp-json\/wp\/v2\/types\/page"}],"author":[{"embeddable":true,"href":"https:\/\/kmim.wm.pwr.edu.pl\/myszka\/wp-json\/wp\/v2\/users\/1"}],"replies":[{"embeddable":true,"href":"https:\/\/kmim.wm.pwr.edu.pl\/myszka\/wp-json\/wp\/v2\/comments?post=21678"}],"version-history":[{"count":3,"href":"https:\/\/kmim.wm.pwr.edu.pl\/myszka\/wp-json\/wp\/v2\/pages\/21678\/revisions"}],"predecessor-version":[{"id":21855,"href":"https:\/\/kmim.wm.pwr.edu.pl\/myszka\/wp-json\/wp\/v2\/pages\/21678\/revisions\/21855"}],"up":[{"embeddable":true,"href":"https:\/\/kmim.wm.pwr.edu.pl\/myszka\/wp-json\/wp\/v2\/pages\/21674"}],"wp:attachment":[{"href":"https:\/\/kmim.wm.pwr.edu.pl\/myszka\/wp-json\/wp\/v2\/media?parent=21678"}],"curies":[{"name":"wp","href":"https:\/\/api.w.org\/{rel}","templated":true}]}}