{"id":22126,"date":"2015-11-26T07:43:13","date_gmt":"2015-11-26T06:43:13","guid":{"rendered":"http:\/\/kmim.wm.pwr.edu.pl\/myszka\/?page_id=22126"},"modified":"2015-11-26T07:43:13","modified_gmt":"2015-11-26T06:43:13","slug":"kompresja","status":"publish","type":"page","link":"https:\/\/kmim.wm.pwr.edu.pl\/myszka\/dydaktyka\/technologie-informacyjne\/kompresja\/","title":{"rendered":"Kompresja"},"content":{"rendered":"<p>Jest to ilustracja do pierwszego wyk\u0142adu z <a href=\"http:\/\/kmim.wm.pwr.edu.pl\/myszka\/dydaktyka\/technologie-informacyjne\/\">Technologii informacyjnych <\/a>po\u015bwi\u0119conego <a href=\"http:\/\/kmim.wm.pwr.edu.pl\/myszka\/wp-content\/uploads\/sites\/2\/2015\/10\/ti_baza.pdf\" target=\"_blank\">informacji<\/a>.<\/p>\n<p>Poni\u017cszy przyk\u0142ad pokazuje efekt kompresji. Wida\u0107 \u201eoryginalne zdj\u0119cie\u201d, przesuwaj\u0105c suwak poni\u017cej zdj\u0119cia zobaczymy zdj\u0119cie skompresowane.<\/p>\n<div class=\"image-slider\">\n<div><img decoding=\"async\" src=\"http:\/\/kmim.wm.pwr.edu.pl\/myszka\/wp-content\/uploads\/sites\/2\/2015\/11\/a.jpg\" alt=\"\" \/><\/div>\n<p><img decoding=\"async\" src=\"http:\/\/kmim.wm.pwr.edu.pl\/myszka\/wp-content\/uploads\/sites\/2\/2015\/11\/A.jpg\" alt=\"\" \/><\/p>\n<\/div>\n<p>Rozmiar orygina\u0142u to 2,3 M, a wersja skompresowana ma zaledwie 100K.<\/p>\n","protected":false},"excerpt":{"rendered":"<p>Jest to ilustracja do pierwszego wyk\u0142adu z Technologii informacyjnych po\u015bwi\u0119conego informacji. Poni\u017cszy przyk\u0142ad pokazuje efekt kompresji. Wida\u0107 \u201eoryginalne zdj\u0119cie\u201d, przesuwaj\u0105c suwak poni\u017cej zdj\u0119cia zobaczymy zdj\u0119cie skompresowane. Rozmiar orygina\u0142u to 2,3 M, a wersja skompresowana ma zaledwie 100K.<\/p>\n","protected":false},"author":1,"featured_media":0,"parent":19533,"menu_order":0,"comment_status":"closed","ping_status":"closed","template":"page-templates\/full-width.php","meta":{"ngg_post_thumbnail":0,"footnotes":""},"class_list":["post-22126","page","type-page","status-publish","hentry"],"publishpress_future_action":{"enabled":false,"date":"2026-04-15 08:36:35","action":"change-status","newStatus":"draft","terms":[],"taxonomy":"language","extraData":[]},"publishpress_future_workflow_manual_trigger":{"enabledWorkflows":[]},"_links":{"self":[{"href":"https:\/\/kmim.wm.pwr.edu.pl\/myszka\/wp-json\/wp\/v2\/pages\/22126","targetHints":{"allow":["GET"]}}],"collection":[{"href":"https:\/\/kmim.wm.pwr.edu.pl\/myszka\/wp-json\/wp\/v2\/pages"}],"about":[{"href":"https:\/\/kmim.wm.pwr.edu.pl\/myszka\/wp-json\/wp\/v2\/types\/page"}],"author":[{"embeddable":true,"href":"https:\/\/kmim.wm.pwr.edu.pl\/myszka\/wp-json\/wp\/v2\/users\/1"}],"replies":[{"embeddable":true,"href":"https:\/\/kmim.wm.pwr.edu.pl\/myszka\/wp-json\/wp\/v2\/comments?post=22126"}],"version-history":[{"count":7,"href":"https:\/\/kmim.wm.pwr.edu.pl\/myszka\/wp-json\/wp\/v2\/pages\/22126\/revisions"}],"predecessor-version":[{"id":22135,"href":"https:\/\/kmim.wm.pwr.edu.pl\/myszka\/wp-json\/wp\/v2\/pages\/22126\/revisions\/22135"}],"up":[{"embeddable":true,"href":"https:\/\/kmim.wm.pwr.edu.pl\/myszka\/wp-json\/wp\/v2\/pages\/19533"}],"wp:attachment":[{"href":"https:\/\/kmim.wm.pwr.edu.pl\/myszka\/wp-json\/wp\/v2\/media?parent=22126"}],"curies":[{"name":"wp","href":"https:\/\/api.w.org\/{rel}","templated":true}]}}