{"id":23900,"date":"2017-12-14T12:36:24","date_gmt":"2017-12-14T11:36:24","guid":{"rendered":"http:\/\/kmim.wm.pwr.edu.pl\/myszka\/?page_id=23900"},"modified":"2018-01-05T13:18:16","modified_gmt":"2018-01-05T12:18:16","slug":"szablon-prezentacji-zgodny-z-ksiega-logotypu-politechniki-wroclawskiej","status":"publish","type":"page","link":"https:\/\/kmim.wm.pwr.edu.pl\/myszka\/projekty\/szablon-prezentacji-zgodny-z-ksiega-logotypu-politechniki-wroclawskiej\/","title":{"rendered":"Szablon prezentacji zgodny z Ksi\u0119g\u0105 Logotypu Politechniki Wroc\u0142awskiej"},"content":{"rendered":"<ul class=\"list-pages-shortcode child-pages\"><li class=\"page_item page-item-23958\"><a href=\"https:\/\/kmim.wm.pwr.edu.pl\/myszka\/projekty\/szablon-prezentacji-zgodny-z-ksiega-logotypu-politechniki-wroclawskiej\/szablon-prezentacji-beamer-zgodny-z-ksiega-logotypu-politechniki-wroclawskiej\/\">Szablon prezentacji beamer zgodny z ksi\u0119g\u0105 logotypu Politechniki Wroc\u0142awskiej 2016<\/a><\/li>\n<li class=\"page_item page-item-1168 page_item_has_children\"><a href=\"https:\/\/kmim.wm.pwr.edu.pl\/myszka\/projekty\/szablon-prezentacji-zgodny-z-ksiega-logotypu-politechniki-wroclawskiej\/szablon-prezentacji-zgodny-z-ksiega-logotypu\/\">Szablon prezentacji zgodny z ksi\u0119g\u0105 logotypu<\/a>\n<ul class='children'>\n\t<li class=\"page_item page-item-1172\"><a href=\"https:\/\/kmim.wm.pwr.edu.pl\/myszka\/projekty\/szablon-prezentacji-zgodny-z-ksiega-logotypu-politechniki-wroclawskiej\/szablon-prezentacji-zgodny-z-ksiega-logotypu\/instalacja-fontu-trebuchet-ms-i-innych-z-pakietu-ms-core-fonts\/\">Instalacja fontu Trebuchet MS (i innych z pakietu \u201eMS Core Fonts\u201d)<\/a><\/li>\n\t<li class=\"page_item page-item-1185\"><a href=\"https:\/\/kmim.wm.pwr.edu.pl\/myszka\/projekty\/szablon-prezentacji-zgodny-z-ksiega-logotypu-politechniki-wroclawskiej\/szablon-prezentacji-zgodny-z-ksiega-logotypu\/instalacja-szblonu\/\">Instalacja szblonu<\/a><\/li>\n\t<li class=\"page_item page-item-19174\"><a href=\"https:\/\/kmim.wm.pwr.edu.pl\/myszka\/projekty\/szablon-prezentacji-zgodny-z-ksiega-logotypu-politechniki-wroclawskiej\/szablon-prezentacji-zgodny-z-ksiega-logotypu\/wersja-light-szablonu-prezentacji\/\">Wersja light szablonu prezentacji<\/a><\/li>\n<\/ul>\n<\/li>\n<\/ul>\n","protected":false},"excerpt":{"rendered":"","protected":false},"author":1,"featured_media":23901,"parent":90,"menu_order":0,"comment_status":"closed","ping_status":"closed","template":"","meta":{"ngg_post_thumbnail":0,"footnotes":""},"class_list":["post-23900","page","type-page","status-publish","has-post-thumbnail","hentry"],"publishpress_future_action":{"enabled":false,"date":"2026-04-19 13:53:47","action":"change-status","newStatus":"draft","terms":[],"taxonomy":"language","extraData":[]},"publishpress_future_workflow_manual_trigger":{"enabledWorkflows":[]},"_links":{"self":[{"href":"https:\/\/kmim.wm.pwr.edu.pl\/myszka\/wp-json\/wp\/v2\/pages\/23900","targetHints":{"allow":["GET"]}}],"collection":[{"href":"https:\/\/kmim.wm.pwr.edu.pl\/myszka\/wp-json\/wp\/v2\/pages"}],"about":[{"href":"https:\/\/kmim.wm.pwr.edu.pl\/myszka\/wp-json\/wp\/v2\/types\/page"}],"author":[{"embeddable":true,"href":"https:\/\/kmim.wm.pwr.edu.pl\/myszka\/wp-json\/wp\/v2\/users\/1"}],"replies":[{"embeddable":true,"href":"https:\/\/kmim.wm.pwr.edu.pl\/myszka\/wp-json\/wp\/v2\/comments?post=23900"}],"version-history":[{"count":3,"href":"https:\/\/kmim.wm.pwr.edu.pl\/myszka\/wp-json\/wp\/v2\/pages\/23900\/revisions"}],"predecessor-version":[{"id":23986,"href":"https:\/\/kmim.wm.pwr.edu.pl\/myszka\/wp-json\/wp\/v2\/pages\/23900\/revisions\/23986"}],"up":[{"embeddable":true,"href":"https:\/\/kmim.wm.pwr.edu.pl\/myszka\/wp-json\/wp\/v2\/pages\/90"}],"wp:featuredmedia":[{"embeddable":true,"href":"https:\/\/kmim.wm.pwr.edu.pl\/myszka\/wp-json\/wp\/v2\/media\/23901"}],"wp:attachment":[{"href":"https:\/\/kmim.wm.pwr.edu.pl\/myszka\/wp-json\/wp\/v2\/media?parent=23900"}],"curies":[{"name":"wp","href":"https:\/\/api.w.org\/{rel}","templated":true}]}}