{"id":3322,"date":"2022-10-26T09:32:57","date_gmt":"2022-10-26T07:32:57","guid":{"rendered":"https:\/\/kmim.wm.pwr.edu.pl\/sduda\/?page_id=3322"},"modified":"2022-10-26T10:57:05","modified_gmt":"2022-10-26T08:57:05","slug":"dydaktyka","status":"publish","type":"page","link":"https:\/\/kmim.wm.pwr.edu.pl\/sduda\/dydaktyka\/","title":{"rendered":"Dydaktyka"},"content":{"rendered":"<ol>\n<li><strong>Wytrzyma\u0142o\u015b\u0107 materia\u0142\u00f3w &#8211; rozci\u0105ganie\/\u015bciskanie<\/strong><\/li>\n<\/ol>\n<a href=\"https:\/\/kmim.wm.pwr.edu.pl\/sduda\/wp-content\/uploads\/sites\/105\/2022\/10\/ZadaniaWM_tension.pdf\" class=\"pdfemb-viewer\" style=\"\" data-width=\"max\" data-height=\"max\" data-toolbar=\"bottom\" data-toolbar-fixed=\"off\">ZadaniaWM_tension<\/a>\n","protected":false},"excerpt":{"rendered":"<p>Wytrzyma\u0142o\u015b\u0107 materia\u0142\u00f3w &#8211; rozci\u0105ganie\/\u015bciskanie<\/p>\n","protected":false},"author":95,"featured_media":0,"parent":0,"menu_order":0,"comment_status":"closed","ping_status":"closed","template":"","meta":{"ngg_post_thumbnail":0,"footnotes":""},"class_list":["post-3322","page","type-page","status-publish","hentry"],"publishpress_future_action":{"enabled":false,"date":"2026-05-01 12:27:38","action":"change-status","newStatus":"draft","terms":[],"taxonomy":"language","extraData":[]},"publishpress_future_workflow_manual_trigger":{"enabledWorkflows":[]},"_links":{"self":[{"href":"https:\/\/kmim.wm.pwr.edu.pl\/sduda\/wp-json\/wp\/v2\/pages\/3322","targetHints":{"allow":["GET"]}}],"collection":[{"href":"https:\/\/kmim.wm.pwr.edu.pl\/sduda\/wp-json\/wp\/v2\/pages"}],"about":[{"href":"https:\/\/kmim.wm.pwr.edu.pl\/sduda\/wp-json\/wp\/v2\/types\/page"}],"author":[{"embeddable":true,"href":"https:\/\/kmim.wm.pwr.edu.pl\/sduda\/wp-json\/wp\/v2\/users\/95"}],"replies":[{"embeddable":true,"href":"https:\/\/kmim.wm.pwr.edu.pl\/sduda\/wp-json\/wp\/v2\/comments?post=3322"}],"version-history":[{"count":3,"href":"https:\/\/kmim.wm.pwr.edu.pl\/sduda\/wp-json\/wp\/v2\/pages\/3322\/revisions"}],"predecessor-version":[{"id":3326,"href":"https:\/\/kmim.wm.pwr.edu.pl\/sduda\/wp-json\/wp\/v2\/pages\/3322\/revisions\/3326"}],"wp:attachment":[{"href":"https:\/\/kmim.wm.pwr.edu.pl\/sduda\/wp-json\/wp\/v2\/media?parent=3322"}],"curies":[{"name":"wp","href":"https:\/\/api.w.org\/{rel}","templated":true}]}}