{"id":5001,"date":"2023-01-01T23:10:49","date_gmt":"2023-01-01T22:10:49","guid":{"rendered":"https:\/\/kmim.wm.pwr.edu.pl\/smolnicki\/?page_id=5001"},"modified":"2024-01-17T12:32:33","modified_gmt":"2024-01-17T11:32:33","slug":"wytrzymalosc-materialow","status":"publish","type":"page","link":"https:\/\/kmim.wm.pwr.edu.pl\/smolnicki\/dydaktyka\/wytrzymalosc-materialow\/","title":{"rendered":"Wytrzyma\u0142o\u015b\u0107 Materia\u0142\u00f3w"},"content":{"rendered":"<h5>&nbsp;<\/h5>\n<h5>Rok akademicki 2023\/2024<\/h5>\n<p>Link do&nbsp; ko\u0144cowej wersji listy zada\u0144 na ten rok&nbsp; &#8211; <a href=\"https:\/\/politechnikawroclawska-my.sharepoint.com\/:b:\/g\/personal\/michal_smolnicki_pwr_edu_pl\/EZ99dwAf8sxAu50oJskTepkBL80tG1TMAkQ3ywqxvgL4Ig?e=3qIgg1\" target=\"_blank\" rel=\"noopener\">[KLIK]<\/a> &#8211; has\u0142o zosta\u0142o podane na zaj\u0119ciach<\/p>\n<p>Przygotowuj\u0105c si\u0119 do kolokwium w pierwszej kolejno\u015bci nale\u017cy przypomnie\u0107 sobie zadania z zaj\u0119\u0107 oraz zada\u0144 domowych, nast\u0119pnie po\u0107wiczy\u0107 przyk\u0142adowe zadania i ewentualnie si\u0119ga\u0107 po dalsze materia\u0142y.&nbsp;<\/p>\n<h5>Rok akademicki 2022\/2023<\/h5>\n<p>Wytrzyma\u0142o\u015b\u0107 Materia\u0142\u00f3w &#8211; kurs 15h &#8211; propozycje zada\u0144 do po\u0107wiczenia przed kolokwium ze zbioru zada\u0144 autorstwa Niezgodzi\u0144skich:<\/p>\n<ul>\n<li>z wytrzyma\u0142o\u015bci z\u0142o\u017conej od 9.1 do 9.4 oraz 9.7<\/li>\n<li>rozci\u0105ganie i \u015bciskanie: 1.1, 1.2, 1.6, 1.7, 1.9, 1.10, 2.4, 2.7, 2.17, 2.27<\/li>\n<li>ko\u0142o Mohra zad 3.1, 3.2, 3.3, 3.4<\/li>\n<li>skr\u0119canie 5.2, 5.3, 5.6, 5.8, 5.10, 5.12<\/li>\n<li>zginanie 8.3 + 8.4, 8.5 + 8.6, 8.7 (+obliczenie napr\u0119\u017cenia w tych belkach dla zadanego przekroju np. ko\u0142owego\/prostok\u0105tnego).<\/li>\n<\/ul>\n<p>Kurs 30h:<\/p>\n<ul>\n<li dir=\"auto\">zginanie 8.3 + 8.4, 8.5 + 8.6, 8.7 (+obliczenie napr\u0119\u017cenia w tych belkach dla zadanego przekroju np. ko\u0142owego\/prostok\u0105tnego<\/li>\n<li dir=\"auto\">Linie ugi\u0119cia belek: 10.1, 10.2, 10.7, 10.8<\/li>\n<li dir=\"auto\">Linia ugi\u0119cia belek statycznie niewyznaczalna: warto powt\u00f3rzy\u0107 przyk\u0142ady z zaj\u0119\u0107 &#8211; tu g\u0142\u00f3wna umiej\u0119tno\u015b\u0107 polega na sformu\u0142owaniu w\u0142a\u015bciwych warunk\u00f3w brzegowych i umiej\u0119tno\u015bci przypisania ich do poszczeg\u00f3lnych r\u00f3wna\u0144&nbsp;<\/li>\n<li dir=\"auto\">Wyboczenie: 11.1, 11.2, 11.3, 11.4, 11.5<\/li>\n<li dir=\"auto\">Metody energetyczne (* w pewnych grupach mogli\u015bmy nie zd\u0105\u017cy\u0107 przerobi\u0107 &#8211; wtedy nie obowi\u0105zuje, w pozosta\u0142ych jako jedna z opcji rozwi\u0105zania belek): mo\u017cna po\u0107wiczy\u0107 rozwi\u0105zuj\u0105c zadania 10.7 i 10.8 u\u017cywaj\u0105c poznanych metod energetycznych, 15.1, 15.3, 16.7<\/li>\n<\/ul>\n<div dir=\"auto\">Warto zajrze\u0107 do tablicy 21.2&nbsp;<\/div>\n<div dir=\"auto\">&nbsp;<\/div>\n<p>Oczywi\u015bcie przede wszystkim warto wr\u00f3ci\u0107 do przyk\u0142ad\u00f3w przerobionych na zaj\u0119ciach.<\/p>\n","protected":false},"excerpt":{"rendered":"<p>&nbsp; Rok akademicki 2023\/2024 Link do&nbsp; ko\u0144cowej wersji listy zada\u0144 na ten rok&nbsp; &#8211; [KLIK] &#8211; has\u0142o zosta\u0142o podane na zaj\u0119ciach Przygotowuj\u0105c si\u0119 do kolokwium w pierwszej kolejno\u015bci nale\u017cy przypomnie\u0107 sobie zadania z zaj\u0119\u0107 oraz zada\u0144 domowych, nast\u0119pnie po\u0107wiczy\u0107 przyk\u0142adowe zadania i ewentualnie si\u0119ga\u0107 po dalsze materia\u0142y.&nbsp; Rok akademicki 2022\/2023 Wytrzyma\u0142o\u015b\u0107 Materia\u0142\u00f3w &#8211; kurs 15h &hellip; <a href=\"https:\/\/kmim.wm.pwr.edu.pl\/smolnicki\/dydaktyka\/wytrzymalosc-materialow\/\" class=\"more-link\">Czytaj dalej <span class=\"screen-reader-text\">Wytrzyma\u0142o\u015b\u0107 Materia\u0142\u00f3w<\/span> <span class=\"meta-nav\">&rarr;<\/span><\/a><\/p>\n","protected":false},"author":66,"featured_media":0,"parent":4057,"menu_order":0,"comment_status":"closed","ping_status":"closed","template":"","meta":{"ngg_post_thumbnail":0,"footnotes":""},"class_list":["post-5001","page","type-page","status-publish","hentry"],"publishpress_future_action":{"enabled":false,"date":"2026-05-07 06:55:59","action":"change-status","newStatus":"draft","terms":[],"taxonomy":"language","extraData":[]},"publishpress_future_workflow_manual_trigger":{"enabledWorkflows":[]},"_links":{"self":[{"href":"https:\/\/kmim.wm.pwr.edu.pl\/smolnicki\/wp-json\/wp\/v2\/pages\/5001","targetHints":{"allow":["GET"]}}],"collection":[{"href":"https:\/\/kmim.wm.pwr.edu.pl\/smolnicki\/wp-json\/wp\/v2\/pages"}],"about":[{"href":"https:\/\/kmim.wm.pwr.edu.pl\/smolnicki\/wp-json\/wp\/v2\/types\/page"}],"author":[{"embeddable":true,"href":"https:\/\/kmim.wm.pwr.edu.pl\/smolnicki\/wp-json\/wp\/v2\/users\/66"}],"replies":[{"embeddable":true,"href":"https:\/\/kmim.wm.pwr.edu.pl\/smolnicki\/wp-json\/wp\/v2\/comments?post=5001"}],"version-history":[{"count":10,"href":"https:\/\/kmim.wm.pwr.edu.pl\/smolnicki\/wp-json\/wp\/v2\/pages\/5001\/revisions"}],"predecessor-version":[{"id":5246,"href":"https:\/\/kmim.wm.pwr.edu.pl\/smolnicki\/wp-json\/wp\/v2\/pages\/5001\/revisions\/5246"}],"up":[{"embeddable":true,"href":"https:\/\/kmim.wm.pwr.edu.pl\/smolnicki\/wp-json\/wp\/v2\/pages\/4057"}],"wp:attachment":[{"href":"https:\/\/kmim.wm.pwr.edu.pl\/smolnicki\/wp-json\/wp\/v2\/media?parent=5001"}],"curies":[{"name":"wp","href":"https:\/\/api.w.org\/{rel}","templated":true}]}}